CREATE TABLE "failure_patterns" (
    "id" TEXT NOT NULL PRIMARY KEY,
    "code" TEXT NOT NULL,
    "name" TEXT NOT NULL,
    "nameAr" TEXT NOT NULL,
    "description" TEXT NOT NULL,
    "descriptionAr" TEXT NOT NULL,
    "eventType" TEXT NOT NULL,
    "severity" TEXT NOT NULL,
    "occurredAt" DATETIME NOT NULL,
    "regionId" TEXT,
    "assetId" TEXT,
    "assetTypeKey" TEXT NOT NULL,
    "durationMin" INTEGER NOT NULL,
    "customersAffect" INTEGER NOT NULL,
    "energyLostMwh" REAL NOT NULL,
    "outcome" TEXT NOT NULL,
    "outcomeAr" TEXT NOT NULL,
    "createdAt" DATETIME NOT NULL DEFAULT CURRENT_TIMESTAMP,
    CONSTRAINT "failure_patterns_regionId_fkey" FOREIGN KEY ("regionId") REFERENCES "regions" ("id") ON DELETE SET NULL ON UPDATE CASCADE,
    CONSTRAINT "failure_patterns_assetId_fkey" FOREIGN KEY ("assetId") REFERENCES "assets" ("id") ON DELETE SET NULL ON UPDATE CASCADE
);
INSERT INTO "failure_patterns" VALUES('cmtenmcy500kwn3mkmvn4ku28','FP-387','Summer peak thermal overload — Riyadh bulk transformer','حمل حراري زائد في ذروة الصيف — محول رئيسي بالرياض','A transformer already carrying a high summer base load absorbed an unplanned industrial block. Top-oil temperature crossed the emergency limit 41 minutes later and the unit tripped on Buchholz.','محول يحمل أساسًا حملًا صيفيًا مرتفعًا استقبل كتلة أحمال صناعية غير مخططة، فتجاوزت حرارة الزيت العلوي الحد الطارئ بعد ٤١ دقيقة وفصلت الوحدة على مرحّل بوخهولتز.','transformer_overload','critical',1692638893612,'cmtenmb9e00bcn3mkvbn5m7pe',NULL,'transformer',214,131400,186.4,'Unit tripped; load restored in 3h34m after transfer to the adjacent feeder.','فصلت الوحدة، وأُعيد التيار خلال ٣ ساعات و٣٤ دقيقة بعد التحويل إلى المغذي المجاور.',1788024498702);
INSERT INTO "failure_patterns" VALUES('cmtenmcyp00l0n3mk6qxklpyd','FP-102','Cascading feeder overload after unplanned outage — Dammam','تحميل زائد متتابع على المغذيات بعد انقطاع غير مخطط — الدمام','Loss of one bulk transformer pushed its load onto two neighbours that were already above 80 % loading, producing a second overload within the hour.','أدى فقد محول رئيسي إلى نقل حمله إلى محولين مجاورين تجاوز تحميلهما ٨٠٪ أصلًا، مما أنتج تحميلًا زائدًا ثانيًا خلال ساعة.','cascading_outage','critical',1722187693612,'cmtenmb9e00ben3mkys8mct9f',NULL,'transformer',168,96800,142.1,'Contained after 2h48m by shedding 34 MW of interruptible industrial load.','جرت السيطرة بعد ساعتين و٤٨ دقيقة بفصل ٣٤ ميجاواط من الأحمال الصناعية القابلة للقطع.',1788024498722);
INSERT INTO "failure_patterns" VALUES('cmtenmcz500l4n3mkvttq2399','FP-221','Insulation failure under sustained high loading — Makkah','انهيار عزل تحت تحميل مرتفع مستمر — مكة المكرمة','Eleven consecutive days above 85 % loading during the pilgrimage season accelerated paper insulation ageing until a winding fault developed.','أحد عشر يومًا متتاليًا فوق ٨٥٪ من التحميل خلال موسم الحج سرّعت تقادم العزل الورقي حتى تطور عطل في الملف.','insulation_failure','high',1660325293612,'cmtenmb9e00bfn3mk3huq703f',NULL,'transformer',402,58200,96.7,'Unit replaced; root cause traced to deferred oil reclamation.','استُبدلت الوحدة، وأُرجع السبب الجذري إلى تأجيل معالجة الزيت.',1788024498737);
INSERT INTO "failure_patterns" VALUES('cmtenmczm00l8n3mkn6nu5gx9','FP-190','Bushing failure after thermal cycling — Riyadh','عطل عازل طرفي بعد دورات حرارية — الرياض','Repeated daily thermal cycling degraded a condenser bushing until partial discharge escalated to flashover.','أدت الدورات الحرارية اليومية المتكررة إلى تدهور العازل الطرفي حتى تطور التفريغ الجزئي إلى قوس كهربائي.','insulation_failure','high',1734197293612,'cmtenmb9e00bcn3mkvbn5m7pe',NULL,'transformer',288,41300,61.9,'Bushing replaced; online partial-discharge monitoring retrofitted.','استُبدل العازل الطرفي وأُضيفت مراقبة التفريغ الجزئي المباشرة.',1788024498755);
INSERT INTO "failure_patterns" VALUES('cmtenmd0500lcn3mk6yvdil6j','FP-501','Cooling fan bank failure — Abha','عطل مجموعة مراوح التبريد — أبها','Loss of one forced-cooling stage removed roughly 20 % of the unit thermal margin, unnoticed until a mild load rise pushed temperature past the alarm.','أدى فقد إحدى مراحل التبريد القسري إلى فقدان نحو ٢٠٪ من الهامش الحراري دون ملاحظة، حتى دفع ارتفاع بسيط في الحمل الحرارة فوق حد الإنذار.','thermal_runaway','medium',1758562093612,'cmtenmb9e00bkn3mkbi9fv0v5',NULL,'transformer',96,12700,14.2,'Derated for 4 days pending fan replacement; no customer interruption.','خُفضت القدرة أربعة أيام بانتظار استبدال المراوح دون انقطاع عن المشتركين.',1788024498773);
INSERT INTO "failure_patterns" VALUES('cmtenmd0l00lgn3mkgdnug9uq','FP-333','Industrial process spike — Jubail corridor','ارتفاع مفاجئ في حمل عملية صناعية — ممر الجبيل','A simultaneous restart of two electric arc furnaces produced a 190 MW step change inside four minutes.','أنتج التشغيل المتزامن لفرنين قوسيين كهربائيين قفزة قدرها ١٩٠ ميجاواط خلال أربع دقائق.','transformer_overload','high',1770053293612,'cmtenmb9e00ben3mkys8mct9f',NULL,'industrial_load',74,8900,22.8,'Managed by demand-response call-off; no equipment damage.','عولج عبر تفعيل الاستجابة للطلب دون أي ضرر بالمعدات.',1788024498790);
INSERT INTO "failure_patterns" VALUES('cmtenmd1500lkn3mksld8hup9','FP-045','Voltage collapse during evening ramp — Jeddah','انهيار جهد أثناء الصعود المسائي — جدة','Reactive power shortfall as solar output fell away and air-conditioning demand persisted drove voltage below the statutory band.','أدى نقص القدرة غير الفعّالة مع تراجع إنتاج الطاقة الشمسية واستمرار أحمال التكييف إلى هبوط الجهد دون النطاق النظامي.','voltage_collapse','high',1743787693612,'cmtenmb9e00bdn3mk9y6raloy',NULL,'substation',52,74500,38.3,'Recovered by capacitor bank switching and 40 MVAr from the STATCOM.','استُعيد الوضع بتشغيل مكثفات و٤٠ ميجافار من محطة التعويض الساكنة.',1788024498809);
INSERT INTO "failure_patterns" VALUES('cmtenmd2200lon3mkkuifn9d9','FP-522','Pilgrimage season demand surge — Makkah','ارتفاع الطلب في موسم الحج — مكة المكرمة','Seasonal population influx lifted the regional peak 34 % above the annual average for eleven consecutive days.','رفع التدفق السكاني الموسمي الذروة الإقليمية بنسبة ٣٤٪ فوق المتوسط السنوي لمدة أحد عشر يومًا متتاليًا.','transformer_overload','medium',1751650093612,'cmtenmb9e00bfn3mk3huq703f',NULL,'transformer',0,0,0.0,'No failure; managed with pre-positioned mobile substations.','لم يقع عطل، وأُدير الموقف بمحطات تحويل متنقلة موضوعة مسبقًا.',1788024498842);
INSERT INTO "failure_patterns" VALUES('cmtenmd2n00lsn3mkky2t7hhg','FP-412','N-1 contingency line overload — Madinah','تحميل زائد على خط عند حالة الطوارئ N-1 — المدينة المنورة','Planned outage of one 380 kV circuit left the parallel path above its continuous rating during the afternoon peak.','ترك الفصل المخطط لدائرة ٣٨٠ ك.ف المسار الموازي فوق حده المستمر أثناء ذروة بعد الظهر.','line_overload','high',1763054893612,'cmtenmb9e00bgn3mk735rmi2y',NULL,'transmission_line',143,0,0.0,'Outage rescheduled to the night window after the overload was detected.','أُعيدت جدولة الفصل إلى النافذة الليلية بعد اكتشاف التحميل الزائد.',1788024498864);
INSERT INTO "failure_patterns" VALUES('cmtenmd3400lwn3mkjkx8rtht','FP-118','Frequency deviation after generation trip','انحراف التردد بعد فصل وحدة توليد','Sudden loss of 1 180 MW of generation produced a 0.31 Hz excursion arrested by primary reserve.','أنتج الفقد المفاجئ لـ١١٨٠ ميجاواط من التوليد انحرافًا قدره ٠٫٣١ هرتز أوقفه الاحتياطي الأولي.','frequency_deviation','high',1710005293612,NULL,NULL,'power_plant',18,0,0.0,'Frequency restored in 4m12s; no load shedding required.','استُعيد التردد خلال ٤ دقائق و١٢ ثانية دون الحاجة لفصل أحمال.',1788024498880);
INSERT INTO "failure_patterns" VALUES('cmtenmd3l00m0n3mkruiruyto','FP-274','Evening EV charging surge — Riyadh','ارتفاع شحن المركبات الكهربائية المسائي — الرياض','Uncoordinated fast-charging demand coincided with the residential evening peak at a distribution hub.','تزامن طلب الشحن السريع غير المنسق مع ذروة الأحمال السكنية المسائية في أحد مراكز التوزيع.','transformer_overload','medium',1776619693612,'cmtenmb9e00bcn3mkvbn5m7pe',NULL,'ev_hub',61,4100,6.2,'Resolved by dynamic charge-rate limiting; tariff signal introduced.','عولج بتحديد معدل الشحن ديناميكيًا مع إدخال إشارة تعرفة.',1788024498897);
INSERT INTO "failure_patterns" VALUES('cmtenmd4300m4n3mk1l4sgq0p','FP-256','Dust storm photovoltaic shortfall — Qassim','نقص إنتاج الطاقة الشمسية بسبب عاصفة غبارية — القصيم','A regional dust event cut irradiance by 62 % over three hours, removing 780 MW of expected solar output.','خفّض حدث غباري إقليمي الإشعاع بنسبة ٦٢٪ خلال ثلاث ساعات، مما أزال ٧٨٠ ميجاواط من الإنتاج الشمسي المتوقع.','renewable_ramp_shortfall','medium',1771867693612,'cmtenmb9e00bln3mk5zzb69av',NULL,'solar_farm',194,0,0.0,'Covered by gas turbine redispatch; forecast model retrained on dust index.','عُوّض عبر إعادة توزيع التوربينات الغازية، وأُعيد تدريب نموذج التوقع على مؤشر الغبار.',1788024498915);
INSERT INTO "failure_patterns" VALUES('cmtenmd4k00m8n3mkh6jze2i3','FP-309','Wind ramp shortfall — NEOM corridor','نقص في صعود إنتاج الرياح — ممر نيوم','Wind speed fell below cut-in three hours earlier than forecast, removing 410 MW during the evening ramp.','انخفضت سرعة الرياح دون حد بدء التشغيل قبل ثلاث ساعات من المتوقع، مما أزال ٤١٠ ميجاواط أثناء الصعود المسائي.','renewable_ramp_shortfall','medium',1779730093612,'cmtenmb9e00bin3mk71ynl44h',NULL,'wind_farm',168,0,0.0,'Battery fleet covered the ramp; forecast horizon shortened to 15 minutes.','غطّى أسطول البطاريات فترة الصعود، وقُصّر أفق التوقع إلى ١٥ دقيقة.',1788024498933);
INSERT INTO "failure_patterns" VALUES('cmtenmd4z00mcn3mkwuhos461','FP-073','Battery derate at high ambient — Dammam','خفض قدرة البطاريات في حرارة محيطة مرتفعة — الدمام','Thermal management reached its limit at 47 °C ambient, derating the storage fleet to 68 % of rated power.','بلغت إدارة الحرارة حدها عند درجة حرارة محيطة ٤٧ مئوية، فخُفضت قدرة أسطول التخزين إلى ٦٨٪ من قدرته الاسمية.','battery_derate','low',1783358893612,'cmtenmb9e00ben3mkys8mct9f',NULL,'battery_storage',231,0,0.0,'Available reserve recalculated; chiller capacity upgrade scheduled.','أُعيد احتساب الاحتياطي المتاح وجُدولت ترقية سعة التبريد.',1788024498947);
CREATE TABLE "grid_edges" (
    "id" TEXT NOT NULL PRIMARY KEY,
    "code" TEXT NOT NULL,
    "fromNodeId" TEXT NOT NULL,
    "toNodeId" TEXT NOT NULL,
    "kind" TEXT NOT NULL,
    "capacityMw" REAL NOT NULL,
    "lengthKm" REAL NOT NULL DEFAULT 0,
    "impedance" REAL NOT NULL DEFAULT 1,
    "shareOfFlow" REAL NOT NULL DEFAULT 0,
    "isRedundant" BOOLEAN NOT NULL DEFAULT false,
    "createdAt" DATETIME NOT NULL DEFAULT CURRENT_TIMESTAMP,
    CONSTRAINT "grid_edges_fromNodeId_fkey" FOREIGN KEY ("fromNodeId") REFERENCES "grid_nodes" ("id") ON DELETE CASCADE ON UPDATE CASCADE,
    CONSTRAINT "grid_edges_toNodeId_fkey" FOREIGN KEY ("toNodeId") REFERENCES "grid_nodes" ("id") ON DELETE CASCADE ON UPDATE CASCADE
);
INSERT INTO "grid_edges" VALUES('cmtenmlxd2gs7n3mkh407jgd7','BS-501>SUB-RYD-01','cmtenmlwl2gl7n3mkuzt4jnzu','cmtenmlwn2gnon3mkdnatb568','supply',1090.0,4.5,0.0487,1.0,1,1788024510337);
INSERT INTO "grid_edges" VALUES('cmtenmlxd2gs8n3mkt9a5t0kl','PP-301>SUB-RYD-02','cmtenmlwm2gm5n3mkb6wc2204','cmtenmlwn2gnpn3mkkefn5bje','supply',5741.0,0.0,0.0422,1.0,1,1788024510337);
INSERT INTO "grid_edges" VALUES('cmtenmlxd2gs9n3mkzw4e4m3t','PP-302>SUB-RYD-03','cmtenmlwm2gm6n3mk6t2ekd5r','cmtenmlwn2gnqn3mkzyyu8j3y','supply',5741.0,0.0,0.35,1.0,1,1788024510337);
INSERT INTO "grid_edges" VALUES('cmtenmlxd2gsan3mkqlrl8ufn','PP-303>SUB-RYD-04','cmtenmlwm2gm7n3mkzhd3n96d','cmtenmlwn2gnrn3mk7l6pyo3s','supply',5741.0,0.0,0.0422,1.0,1,1788024510337);
INSERT INTO "grid_edges" VALUES('cmtenmlxd2gsbn3mkemcmz4o8','SF-401>SUB-RYD-05','cmtenmlwm2gmln3mk13cxzhy3','cmtenmlwn2gnsn3mk7sn6nup0','supply',1744.0,39.9,0.1,1.0,1,1788024510337);
INSERT INTO "grid_edges" VALUES('cmtenmlxd2gscn3mkzba7w8dm','SF-402>SUB-RYD-06','cmtenmlwm2gmmn3mkjllkgl1y','cmtenmlwn2gntn3mkwil5bzeu','supply',1744.0,17.1,0.5552,1.0,1,1788024510337);
INSERT INTO "grid_edges" VALUES('cmtenmlxd2gsdn3mkui116i9r','SUB-RYD-01>TL-201','cmtenmlwn2gnon3mkdnatb568','cmtenmlwp2grgn3mkeoaencxs','transmission',1681.0,43.6,0.1054,0.4888,1,1788024510337);
INSERT INTO "grid_edges" VALUES('cmtenmlxd2gsen3mkekdc0vo4','TL-201>SUB-RYD-02','cmtenmlwp2grgn3mkeoaencxs','cmtenmlwn2gnpn3mkkefn5bje','transmission',1681.0,43.6,0.1054,1.0,1,1788024510337);
INSERT INTO "grid_edges" VALUES('cmtenmlxd2gsfn3mk3sl1rjv6','SUB-RYD-02>TL-202','cmtenmlwn2gnpn3mkkefn5bje','cmtenmlwp2grhn3mkpbo6zlqw','transmission',1018.0,21.9,0.0739,0.3765,1,1788024510337);
INSERT INTO "grid_edges" VALUES('cmtenmlxd2gsgn3mkbrwe8k9f','TL-202>SUB-RYD-03','cmtenmlwp2grhn3mkpbo6zlqw','cmtenmlwn2gnqn3mkzyyu8j3y','transmission',1018.0,21.9,0.6128,1.0,1,1788024510337);
INSERT INTO "grid_edges" VALUES('cmtenmlxe2gshn3mkfks78tkk','SUB-RYD-03>TL-203','cmtenmlwn2gnqn3mkzyyu8j3y','cmtenmlwp2grin3mktcwd3cao','transmission',1138.0,7.0,0.0524,0.4193,1,1788024510337);
INSERT INTO "grid_edges" VALUES('cmtenmlxe2gsin3mk2vh7mhfl','TL-203>SUB-RYD-04','cmtenmlwp2grin3mktcwd3cao','cmtenmlwn2gnrn3mk7l6pyo3s','transmission',1138.0,7.0,0.0524,1.0,1,1788024510337);
INSERT INTO "grid_edges" VALUES('cmtenmlxe2gsjn3mk50ajwx6j','SUB-RYD-01>T-108','cmtenmlwn2gnon3mkdnatb568','cmtenmlwn2go7n3mkw33b02sd','distribution',63.0,1.4,0.3668,0.0183,1,1788024510337);
INSERT INTO "grid_edges" VALUES('cmtenmlxe2gskn3mkml34mhol','SUB-RYD-01>T-113','cmtenmlwn2gnon3mkdnatb568','cmtenmlwn2gocn3mkyynd4zgc','distribution',606.0,1.1,0.3632,0.1762,1,1788024510337);
INSERT INTO "grid_edges" VALUES('cmtenmlxe2gsln3mky6nh8fqk','SUB-RYD-01>T-124','cmtenmlwn2gnon3mkdnatb568','cmtenmlwn2gonn3mk7bhrdc1h','distribution',601.0,0.9,0.3608,0.1748,1,1788024510337);
INSERT INTO "grid_edges" VALUES('cmtenmlxe2gsmn3mkuj5p042u','SUB-RYD-01>T-135','cmtenmlwn2gnon3mkdnatb568','cmtenmlwo2goyn3mkmy16oz2g','distribution',488.0,1.5,0.368,0.1419,1,1788024510337);
INSERT INTO "grid_edges" VALUES('cmtenmlxe2gsnn3mkhv4jmvul','T-108>EV-701','cmtenmlwn2go7n3mkw33b02sd','cmtenmlwl2glhn3mkdb0itlh9','service',1088.0,46.9,0.9128,1.0,1,1788024510337);
INSERT INTO "grid_edges" VALUES('cmtenmlxe2gson3mk32syt9a6','T-113>IL-601','cmtenmlwn2gocn3mkyynd4zgc','cmtenmlwl2glrn3mktqwrszsd','service',1959.0,48.0,0.926,1.0,1,1788024510337);
INSERT INTO "grid_edges" VALUES('cmtenmlxe2gspn3mks4o6zwov','SUB-RYD-02>T-102','cmtenmlwn2gnpn3mkkefn5bje','cmtenmlwn2go1n3mkvenrq8li','distribution',80.0,0.2,0.3524,0.0296,1,1788024510337);
INSERT INTO "grid_edges" VALUES('cmtenmlxe2gsqn3mkaqh9ymwq','SUB-RYD-02>T-114','cmtenmlwn2gnpn3mkkefn5bje','cmtenmlwn2godn3mkg7vhnb1h','distribution',539.0,1.0,0.362,0.1993,1,1788024510337);
INSERT INTO "grid_edges" VALUES('cmtenmlxe2gsrn3mkidvr2wma','SUB-RYD-02>T-125','cmtenmlwn2gnpn3mkkefn5bje','cmtenmlwn2goon3mkvxto8nff','distribution',561.0,0.2,0.3524,0.2075,1,1788024510337);
INSERT INTO "grid_edges" VALUES('cmtenmlxe2gssn3mkhhz857dv','SUB-RYD-02>T-136','cmtenmlwn2gnpn3mkkefn5bje','cmtenmlwo2gozn3mk5w2wort1','distribution',506.0,0.8,0.3596,0.1871,1,1788024510337);
INSERT INTO "grid_edges" VALUES('cmtenmlxe2gstn3mkw46ywrck','SUB-RYD-03>T-103','cmtenmlwn2gnqn3mkzyyu8j3y','cmtenmlwn2go2n3mkp25ejl9o','distribution',125.0,0.3,0.3536,0.0461,1,1788024510337);
INSERT INTO "grid_edges" VALUES('cmtenmlxe2gsun3mke2k0766b','SUB-RYD-03>T-115','cmtenmlwn2gnqn3mkzyyu8j3y','cmtenmlwn2goen3mkd6x9ge6x','distribution',484.0,1.1,0.3632,0.1783,1,1788024510337);
INSERT INTO "grid_edges" VALUES('cmtenmlxe2gsvn3mk3wptftc3','SUB-RYD-03>T-126','cmtenmlwn2gnqn3mkzyyu8j3y','cmtenmlwn2gopn3mk59hf8ogn','distribution',521.0,0.6,0.3572,0.192,1,1788024510337);
INSERT INTO "grid_edges" VALUES('cmtenmlxe2gswn3mk1qtt246x','SUB-RYD-03>T-137','cmtenmlwn2gnqn3mkzyyu8j3y','cmtenmlwo2gp0n3mkh3zq77ur','distribution',446.0,0.9,0.3608,0.1643,1,1788024510337);
INSERT INTO "grid_edges" VALUES('cmtenmlxe2gsxn3mkybz68zgi','SUB-RYD-04>T-104','cmtenmlwn2gnrn3mk7l6pyo3s','cmtenmlwn2go3n3mkmenzsnj4','distribution',489.0,1.3,0.3656,0.2885,1,1788024510337);
INSERT INTO "grid_edges" VALUES('cmtenmlxe2gsyn3mk910gajnj','SUB-RYD-04>T-116','cmtenmlwn2gnrn3mk7l6pyo3s','cmtenmlwn2gofn3mklp5dtcdt','distribution',631.0,1.1,0.3632,0.3723,1,1788024510337);
INSERT INTO "grid_edges" VALUES('cmtenmlxe2gszn3mklmslxbde','SUB-RYD-04>T-127','cmtenmlwn2gnrn3mk7l6pyo3s','cmtenmlwn2goqn3mkn3532vuk','distribution',575.0,1.6,0.3692,0.3392,1,1788024510337);
INSERT INTO "grid_edges" VALUES('cmtenmlxe2gt0n3mk2ni5g5hk','SUB-RYD-05>T-105','cmtenmlwn2gnsn3mk7sn6nup0','cmtenmlwn2go4n3mkfsbk9d2c','distribution',490.0,0.5,0.356,0.2731,1,1788024510337);
INSERT INTO "grid_edges" VALUES('cmtenmlxe2gt1n3mk0xnak066','SUB-RYD-05>T-117','cmtenmlwn2gnsn3mk7sn6nup0','cmtenmlwn2gogn3mklohtzl1g','distribution',639.0,1.2,0.3644,0.3562,1,1788024510337);
INSERT INTO "grid_edges" VALUES('cmtenmlxe2gt2n3mkxpid290w','SUB-RYD-05>T-128','cmtenmlwn2gnsn3mk7sn6nup0','cmtenmlwo2gorn3mkfav6450a','distribution',665.0,0.8,0.3596,0.3707,1,1788024510337);
INSERT INTO "grid_edges" VALUES('cmtenmlxe2gt3n3mkl2ah6e5p','SUB-RYD-06>T-106','cmtenmlwn2gntn3mkwil5bzeu','cmtenmlwn2go5n3mk34zyqgn8','distribution',644.0,1.0,0.362,0.3723,1,1788024510337);
INSERT INTO "grid_edges" VALUES('cmtenmlxe2gt4n3mkgdgpy8gi','SUB-RYD-06>T-118','cmtenmlwn2gntn3mkwil5bzeu','cmtenmlwn2gohn3mkw6g9fppn','distribution',606.0,1.7,0.3704,0.3503,1,1788024510337);
INSERT INTO "grid_edges" VALUES('cmtenmlxe2gt5n3mkta2nl15f','SUB-RYD-06>T-129','cmtenmlwn2gntn3mkwil5bzeu','cmtenmlwo2gosn3mkgxlc0p6c','distribution',480.0,0.9,0.3608,0.2775,1,1788024510337);
INSERT INTO "grid_edges" VALUES('cmtenmlxe2gt6n3mkj7lx2744','SUB-RYD-07>T-107','cmtenmlwn2gnun3mkr0y3ydm2','cmtenmlwn2go6n3mkewx6y9i1','distribution',547.0,0.9,0.3608,0.3366,1,1788024510337);
INSERT INTO "grid_edges" VALUES('cmtenmlxe2gt7n3mk9etp6lot','SUB-RYD-07>T-119','cmtenmlwn2gnun3mkr0y3ydm2','cmtenmlwn2goin3mkyt4lyocr','distribution',498.0,0.3,0.3536,0.3065,1,1788024510337);
INSERT INTO "grid_edges" VALUES('cmtenmlxe2gt8n3mkwhm6k1f6','SUB-RYD-07>T-130','cmtenmlwn2gnun3mkr0y3ydm2','cmtenmlwo2gotn3mkcq3onpeq','distribution',580.0,0.8,0.3596,0.3569,1,1788024510337);
INSERT INTO "grid_edges" VALUES('cmtenmlxe2gt9n3mk1vwkyqak','SUB-RYD-08>T-109','cmtenmlwn2gnvn3mkt483mc08','cmtenmlwn2go8n3mkcr92mp2j','distribution',567.0,1.3,0.3656,0.3117,1,1788024510337);
INSERT INTO "grid_edges" VALUES('cmtenmlxe2gtan3mkyerhxfe2','SUB-RYD-08>T-120','cmtenmlwn2gnvn3mkt483mc08','cmtenmlwn2gojn3mkdo9q2uc0','distribution',604.0,0.3,0.3536,0.3321,1,1788024510337);
INSERT INTO "grid_edges" VALUES('cmtenmlxe2gtbn3mkd3ccyubo','SUB-RYD-08>T-131','cmtenmlwn2gnvn3mkt483mc08','cmtenmlwo2goun3mkm0z1v9oa','distribution',648.0,1.2,0.3644,0.3562,1,1788024510337);
INSERT INTO "grid_edges" VALUES('cmtenmlxe2gtcn3mkar85kijc','SUB-RYD-09>T-110','cmtenmlwn2gnwn3mkj8j0urly','cmtenmlwn2go9n3mkq39omh7r','distribution',594.0,0.4,0.3548,0.3213,1,1788024510337);
INSERT INTO "grid_edges" VALUES('cmtenmlxe2gtdn3mkw7z06m03','SUB-RYD-09>T-121','cmtenmlwn2gnwn3mkj8j0urly','cmtenmlwn2gokn3mk6rkglqzv','distribution',615.0,1.0,0.362,0.3326,1,1788024510337);
INSERT INTO "grid_edges" VALUES('cmtenmlxe2gten3mki06dtma6','SUB-RYD-09>T-132','cmtenmlwn2gnwn3mkj8j0urly','cmtenmlwo2govn3mkma5glzd1','distribution',640.0,1.2,0.3644,0.3461,1,1788024510337);
INSERT INTO "grid_edges" VALUES('cmtenmlxe2gtfn3mk97bt4wdr','SUB-RYD-10>T-111','cmtenmlwn2gnxn3mkxsd00ss8','cmtenmlwn2goan3mkn0iazgcx','distribution',681.0,1.4,0.3668,0.3693,1,1788024510337);
INSERT INTO "grid_edges" VALUES('cmtenmlxe2gtgn3mkn9bjp0zc','SUB-RYD-10>T-122','cmtenmlwn2gnxn3mkxsd00ss8','cmtenmlwn2goln3mkiewri256','distribution',508.0,1.0,0.362,0.2755,1,1788024510337);
INSERT INTO "grid_edges" VALUES('cmtenmlxe2gthn3mk0sijjnap','SUB-RYD-10>T-133','cmtenmlwn2gnxn3mkxsd00ss8','cmtenmlwo2gown3mk791n3alh','distribution',655.0,1.0,0.362,0.3552,1,1788024510337);
INSERT INTO "grid_edges" VALUES('cmtenmlxe2gtin3mk81i5dv6c','SUB-RYD-11>T-112','cmtenmlwn2gnyn3mk2iyf0cej','cmtenmlwn2gobn3mkwgsqy0vl','distribution',575.0,1.2,0.3644,0.3305,1,1788024510337);
INSERT INTO "grid_edges" VALUES('cmtenmlxe2gtjn3mk3bocs0ue','SUB-RYD-11>T-123','cmtenmlwn2gnyn3mk2iyf0cej','cmtenmlwn2gomn3mkftbv0c5i','distribution',547.0,1.5,0.368,0.3144,1,1788024510337);
INSERT INTO "grid_edges" VALUES('cmtenmlxe2gtkn3mkdm3rueuk','SUB-RYD-11>T-134','cmtenmlwn2gnyn3mk2iyf0cej','cmtenmlwo2goxn3mk2l9gacez','distribution',618.0,0.1,0.3512,0.3552,1,1788024510337);
INSERT INTO "grid_edges" VALUES('cmtenmlxe2gtln3mkknqqjszh','BS-502>SUB-JED-01','cmtenmlwl2gl8n3mkjlwxtjsg','cmtenmlwm2gn7n3mk7y6gwnm3','supply',456.0,4.6,0.0489,1.0,1,1788024510337);
INSERT INTO "grid_edges" VALUES('cmtenmlxe2gtmn3mkrkxf242w','PP-304>SUB-JED-02','cmtenmlwm2gm8n3mkekxat41w','cmtenmlwm2gn8n3mk6crwzrpa','supply',4731.0,0.0,0.0422,1.0,1,1788024510337);
INSERT INTO "grid_edges" VALUES('cmtenmlxe2gtnn3mkdnihs6qf','PP-305>SUB-JED-03','cmtenmlwm2gm9n3mko54vya2a','cmtenmlwm2gn9n3mkq3fr4h3j','supply',4731.0,0.0,0.35,1.0,1,1788024510337);
INSERT INTO "grid_edges" VALUES('cmtenmlxe2gton3mkcabfc4is','SF-403>SUB-JED-04','cmtenmlwm2gmnn3mkejl5ohfb','cmtenmlwm2gnan3mk2l7mru3t','supply',1482.0,35.3,0.0933,1.0,1,1788024510337);
INSERT INTO "grid_edges" VALUES('cmtenmlxe2gtpn3mks0y1ejh8','SUB-JED-01>TL-204','cmtenmlwm2gn7n3mk7y6gwnm3','cmtenmlwp2grjn3mk74mfffnc','transmission',1499.0,13.0,0.0611,0.4756,1,1788024510337);
INSERT INTO "grid_edges" VALUES('cmtenmlxe2gtqn3mkrwln8xm8','TL-204>SUB-JED-02','cmtenmlwp2grjn3mk74mfffnc','cmtenmlwm2gn8n3mk6crwzrpa','transmission',1499.0,13.0,0.0611,1.0,1,1788024510337);
INSERT INTO "grid_edges" VALUES('cmtenmlxe2gtrn3mkppc93dzw','SUB-JED-02>TL-205','cmtenmlwm2gn8n3mk6crwzrpa','cmtenmlwp2grkn3mkc9z4c9ug','transmission',1902.0,4.2,0.0483,0.582,1,1788024510337);
INSERT INTO "grid_edges" VALUES('cmtenmlxe2gtsn3mkfht6l6pr','TL-205>SUB-JED-03','cmtenmlwp2grkn3mkc9z4c9ug','cmtenmlwm2gn9n3mkq3fr4h3j','transmission',1902.0,4.2,0.4004,1.0,1,1788024510337);
INSERT INTO "grid_edges" VALUES('cmtenmlxe2gttn3mkoqqjokwv','SUB-JED-03>TL-206','cmtenmlwm2gn9n3mkq3fr4h3j','cmtenmlwp2grln3mkcdrfq60m','transmission',2053.0,18.5,0.069,0.5365,1,1788024510337);
INSERT INTO "grid_edges" VALUES('cmtenmlxe2gtun3mk0pb9gpa2','TL-206>SUB-JED-04','cmtenmlwp2grln3mkcdrfq60m','cmtenmlwm2gnan3mk2l7mru3t','transmission',2053.0,18.5,0.069,1.0,1,1788024510337);
INSERT INTO "grid_edges" VALUES('cmtenmlxe2gtvn3mkzplxnkhx','SUB-JED-01>T-138','cmtenmlwm2gn7n3mk7y6gwnm3','cmtenmlwo2gp1n3mk5k1viukw','distribution',63.0,0.7,0.3584,0.02,1,1788024510337);
INSERT INTO "grid_edges" VALUES('cmtenmlxe2gtwn3mk5djccivi','SUB-JED-01>T-144','cmtenmlwm2gn7n3mk7y6gwnm3','cmtenmlwo2gp7n3mks45zoclk','distribution',550.0,0.9,0.3608,0.1745,1,1788024510337);
INSERT INTO "grid_edges" VALUES('cmtenmlxe2gtxn3mk8x766q6l','SUB-JED-01>T-150','cmtenmlwm2gn7n3mk7y6gwnm3','cmtenmlwo2gpdn3mk1j4eu5id','distribution',554.0,0.5,0.356,0.1758,1,1788024510337);
INSERT INTO "grid_edges" VALUES('cmtenmlxe2gtyn3mka29fsbd2','SUB-JED-01>T-156','cmtenmlwm2gn7n3mk7y6gwnm3','cmtenmlwo2gpjn3mkuxqknu21','distribution',486.0,0.5,0.356,0.1542,1,1788024510337);
INSERT INTO "grid_edges" VALUES('cmtenmlxe2gtzn3mkt63bdigf','T-138>EV-702','cmtenmlwo2gp1n3mk5k1viukw','cmtenmlwl2glin3mkd6le4jru','service',576.0,29.2,0.7004,1.0,1,1788024510337);
INSERT INTO "grid_edges" VALUES('cmtenmlxe2gu0n3mk8bptb30h','T-144>IL-602','cmtenmlwo2gp7n3mks45zoclk','cmtenmlwl2glsn3mkkim7q02k','service',1038.0,56.1,1.0232,1.0,1,1788024510337);
INSERT INTO "grid_edges" VALUES('cmtenmlxe2gu1n3mkr1esfh5i','SUB-JED-02>T-139','cmtenmlwm2gn8n3mk6crwzrpa','cmtenmlwo2gp2n3mk7hssklgi','distribution',80.0,0.9,0.3608,0.0245,1,1788024510337);
INSERT INTO "grid_edges" VALUES('cmtenmlxe2gu2n3mk30wylm2l','SUB-JED-02>T-145','cmtenmlwm2gn8n3mk6crwzrpa','cmtenmlwo2gp8n3mkkz64802x','distribution',698.0,1.5,0.368,0.2136,1,1788024510337);
INSERT INTO "grid_edges" VALUES('cmtenmlxe2gu3n3mkaezimzdy','SUB-JED-02>T-151','cmtenmlwm2gn8n3mk6crwzrpa','cmtenmlwo2gpen3mkcndci57j','distribution',588.0,1.0,0.362,0.1799,1,1788024510337);
INSERT INTO "grid_edges" VALUES('cmtenmlxe2gu4n3mkd4h7bx93','SUB-JED-03>T-140','cmtenmlwm2gn9n3mkq3fr4h3j','cmtenmlwo2gp3n3mke08a9dxy','distribution',611.0,0.6,0.3572,0.1597,1,1788024510337);
INSERT INTO "grid_edges" VALUES('cmtenmlxe2gu5n3mk4k5y5k48','SUB-JED-03>T-146','cmtenmlwm2gn9n3mkq3fr4h3j','cmtenmlwo2gp9n3mkv0cjjn5z','distribution',492.0,0.9,0.3608,0.1286,1,1788024510337);
INSERT INTO "grid_edges" VALUES('cmtenmlxe2gu6n3mkib3h1pe2','SUB-JED-03>T-152','cmtenmlwm2gn9n3mkq3fr4h3j','cmtenmlwo2gpfn3mk4sawkj7s','distribution',671.0,0.4,0.3548,0.1753,1,1788024510337);
INSERT INTO "grid_edges" VALUES('cmtenmlxe2gu7n3mkt3a1kw6m','SUB-JED-04>T-141','cmtenmlwm2gnan3mk2l7mru3t','cmtenmlwo2gp4n3mktqm9qkds','distribution',697.0,1.6,0.3692,0.3844,1,1788024510337);
INSERT INTO "grid_edges" VALUES('cmtenmlxe2gu8n3mkyaxpxhla','SUB-JED-04>T-147','cmtenmlwm2gnan3mk2l7mru3t','cmtenmlwo2gpan3mkosmfic1h','distribution',626.0,0.8,0.3596,0.3453,1,1788024510337);
INSERT INTO "grid_edges" VALUES('cmtenmlxe2gu9n3mk0v6kkg87','SUB-JED-04>T-153','cmtenmlwm2gnan3mk2l7mru3t','cmtenmlwo2gpgn3mkaqhbf6gy','distribution',490.0,1.3,0.3656,0.2703,1,1788024510337);
INSERT INTO "grid_edges" VALUES('cmtenmlxe2guan3mkqatdc855','SUB-JED-05>T-142','cmtenmlwm2gnbn3mkdosanzza','cmtenmlwo2gp5n3mk8k4dt722','distribution',512.0,1.0,0.362,0.2902,1,1788024510337);
INSERT INTO "grid_edges" VALUES('cmtenmlxe2gubn3mkt3vrjrhi','SUB-JED-05>T-148','cmtenmlwm2gnbn3mkdosanzza','cmtenmlwo2gpbn3mkphp38ijj','distribution',698.0,0.2,0.3524,0.3957,1,1788024510337);
INSERT INTO "grid_edges" VALUES('cmtenmlxe2gucn3mkrf69757c','SUB-JED-05>T-154','cmtenmlwm2gnbn3mkdosanzza','cmtenmlwo2gphn3mksw9zwjny','distribution',554.0,0.6,0.3572,0.3141,1,1788024510337);
INSERT INTO "grid_edges" VALUES('cmtenmlxe2gudn3mkbme6ggzt','SUB-JED-06>T-143','cmtenmlwm2gncn3mkkd8s554x','cmtenmlwo2gp6n3mkv0n65fo3','distribution',519.0,0.9,0.3608,0.3062,1,1788024510337);
INSERT INTO "grid_edges" VALUES('cmtenmlxe2guen3mkcl8c2g35','SUB-JED-06>T-149','cmtenmlwm2gncn3mkkd8s554x','cmtenmlwo2gpcn3mkf3zc9jzo','distribution',661.0,0.4,0.3548,0.39,1,1788024510337);
INSERT INTO "grid_edges" VALUES('cmtenmlxe2gufn3mkkc5kqvsl','SUB-JED-06>T-155','cmtenmlwm2gncn3mkkd8s554x','cmtenmlwo2gpin3mkix5xnly4','distribution',515.0,0.7,0.3584,0.3038,1,1788024510337);
INSERT INTO "grid_edges" VALUES('cmtenmlxe2gugn3mkcgiw673r','BS-503>SUB-DMM-01','cmtenmlwl2gl9n3mk3etieg8r','cmtenmlwm2gmyn3mkef91ckli','supply',730.0,4.5,0.0487,1.0,1,1788024510337);
INSERT INTO "grid_edges" VALUES('cmtenmlxe2guhn3mki0wd0q9p','PP-306>SUB-DMM-02','cmtenmlwm2gman3mkcxw7byw8','cmtenmlwm2gmzn3mkaj43iyty','supply',4088.0,0.0,0.0422,1.0,1,1788024510337);
INSERT INTO "grid_edges" VALUES('cmtenmlxe2guin3mk7wwkxolf','PP-307>SUB-DMM-03','cmtenmlwm2gmbn3mkqpvz4ffm','cmtenmlwm2gn0n3mkoisu4lmb','supply',4088.0,0.0,0.35,1.0,1,1788024510337);
INSERT INTO "grid_edges" VALUES('cmtenmlxe2gujn3mk27wyg0ml','PP-308>SUB-DMM-04','cmtenmlwm2gmcn3mks4xr5741','cmtenmlwm2gn1n3mkm2lkptna','supply',4088.0,0.0,0.0422,1.0,1,1788024510337);
INSERT INTO "grid_edges" VALUES('cmtenmlxe2gukn3mkntbar7f3','SF-404>SUB-DMM-05','cmtenmlwm2gmon3mkw1fy2vn9','cmtenmlwm2gn2n3mkly29du2v','supply',1606.0,37.4,0.0964,1.0,1,1788024510337);
INSERT INTO "grid_edges" VALUES('cmtenmlxe2guln3mkqxg524kk','SUB-DMM-01>TL-207','cmtenmlwm2gmyn3mkef91ckli','cmtenmlwp2grmn3mk5eve1t92','transmission',1118.0,28.6,0.0836,0.3824,1,1788024510337);
INSERT INTO "grid_edges" VALUES('cmtenmlxe2gumn3mknrd5nly1','TL-207>SUB-DMM-02','cmtenmlwp2grmn3mk5eve1t92','cmtenmlwm2gmzn3mkaj43iyty','transmission',1118.0,28.6,0.0836,1.0,1,1788024510337);
INSERT INTO "grid_edges" VALUES('cmtenmlxf2gunn3mksfewcasg','SUB-DMM-02>TL-208','cmtenmlwm2gmzn3mkaj43iyty','cmtenmlwp2grnn3mkh38jnod6','transmission',1141.0,17.4,0.0674,0.3983,1,1788024510337);
INSERT INTO "grid_edges" VALUES('cmtenmlxf2guon3mk6976moua','TL-208>SUB-DMM-03','cmtenmlwp2grnn3mkh38jnod6','cmtenmlwm2gn0n3mkoisu4lmb','transmission',1141.0,17.5,0.56,1.0,1,1788024510337);
INSERT INTO "grid_edges" VALUES('cmtenmlxf2gupn3mkyas7hoef','SUB-DMM-03>TL-209','cmtenmlwm2gn0n3mkoisu4lmb','cmtenmlwp2gron3mkw9wwvpwk','transmission',1049.0,3.3,0.047,0.3115,1,1788024510337);
INSERT INTO "grid_edges" VALUES('cmtenmlxf2guqn3mkcm53fgt0','TL-209>SUB-DMM-04','cmtenmlwp2gron3mkw9wwvpwk','cmtenmlwm2gn1n3mkm2lkptna','transmission',1049.0,3.3,0.047,1.0,1,1788024510337);
INSERT INTO "grid_edges" VALUES('cmtenmlxf2gurn3mkqe53uts3','SUB-DMM-01>T-157','cmtenmlwm2gmyn3mkef91ckli','cmtenmlwo2gpkn3mkev3crucb','distribution',63.0,1.0,0.362,0.0215,1,1788024510337);
INSERT INTO "grid_edges" VALUES('cmtenmlxf2gusn3mkjsyu1iat','SUB-DMM-01>T-164','cmtenmlwm2gmyn3mkef91ckli','cmtenmlwo2gprn3mkv6thv1a4','distribution',590.0,1.3,0.3656,0.2018,1,1788024510337);
INSERT INTO "grid_edges" VALUES('cmtenmlxf2gutn3mkp1m8go4v','SUB-DMM-01>T-171','cmtenmlwm2gmyn3mkef91ckli','cmtenmlwo2gpyn3mkkkouufji','distribution',631.0,0.6,0.3572,0.2158,1,1788024510337);
INSERT INTO "grid_edges" VALUES('cmtenmlxf2guun3mkjr0seu9s','SUB-DMM-01>T-178','cmtenmlwm2gmyn3mkef91ckli','cmtenmlwp2gq5n3mkrp7gtmp9','distribution',522.0,1.0,0.362,0.1785,1,1788024510337);
INSERT INTO "grid_edges" VALUES('cmtenmlxf2guvn3mk1k1dea4i','T-157>EV-703','cmtenmlwo2gpkn3mkev3crucb','cmtenmlwl2gljn3mk59uej26j','service',729.0,91.1,1.4432,1.0,1,1788024510337);
INSERT INTO "grid_edges" VALUES('cmtenmlxf2guwn3mk9ivk8bz5','T-164>IL-603','cmtenmlwo2gprn3mkv6thv1a4','cmtenmlwl2gltn3mktdur1s5w','service',656.0,86.0,1.382,1.0,1,1788024510337);
INSERT INTO "grid_edges" VALUES('cmtenmlxf2guxn3mkgsjj3jpt','SUB-DMM-02>T-158','cmtenmlwm2gmzn3mkaj43iyty','cmtenmlwo2gpln3mkxjpi8acm','distribution',80.0,0.7,0.3584,0.0279,1,1788024510337);
INSERT INTO "grid_edges" VALUES('cmtenmlxf2guyn3mkinpjqjtw','SUB-DMM-02>T-165','cmtenmlwm2gmzn3mkaj43iyty','cmtenmlwo2gpsn3mka5nue1tr','distribution',584.0,1.3,0.3656,0.2038,1,1788024510337);
INSERT INTO "grid_edges" VALUES('cmtenmlxf2guzn3mkmdwnneeb','SUB-DMM-02>T-172','cmtenmlwm2gmzn3mkaj43iyty','cmtenmlwo2gpzn3mkq82uyetd','distribution',592.0,1.0,0.362,0.2066,1,1788024510337);
INSERT INTO "grid_edges" VALUES('cmtenmlxf2gv0n3mkjyfo51nx','SUB-DMM-02>T-179','cmtenmlwm2gmzn3mkaj43iyty','cmtenmlwp2gq6n3mk82w08sxz','distribution',468.0,1.2,0.3644,0.1634,1,1788024510337);
INSERT INTO "grid_edges" VALUES('cmtenmlxf2gv1n3mkr8c67duq','T-158>IL-604','cmtenmlwo2gpln3mkxjpi8acm','cmtenmlwl2glun3mkw96hvk6g','service',656.0,15.1,0.5312,1.0,1,1788024510337);
INSERT INTO "grid_edges" VALUES('cmtenmlxf2gv2n3mkhi365dya','SUB-DMM-03>T-159','cmtenmlwm2gn0n3mkoisu4lmb','cmtenmlwo2gpmn3mk9ud0m2ks','distribution',524.0,0.8,0.3596,0.1556,1,1788024510337);
INSERT INTO "grid_edges" VALUES('cmtenmlxf2gv3n3mkuyfbowhb','SUB-DMM-03>T-166','cmtenmlwm2gn0n3mkoisu4lmb','cmtenmlwo2gptn3mka34qmibp','distribution',625.0,1.1,0.3632,0.1856,1,1788024510337);
INSERT INTO "grid_edges" VALUES('cmtenmlxf2gv4n3mkdjjimg2t','SUB-DMM-03>T-173','cmtenmlwm2gn0n3mkoisu4lmb','cmtenmlwo2gq0n3mkgw2719a2','distribution',497.0,1.2,0.3644,0.1476,1,1788024510337);
INSERT INTO "grid_edges" VALUES('cmtenmlxf2gv5n3mknd6twl29','SUB-DMM-03>T-180','cmtenmlwm2gn0n3mkoisu4lmb','cmtenmlwp2gq7n3mkaw12m06r','distribution',673.0,1.2,0.3644,0.1998,1,1788024510337);
INSERT INTO "grid_edges" VALUES('cmtenmlxf2gv6n3mkblhek2dp','SUB-DMM-04>T-160','cmtenmlwm2gn1n3mkm2lkptna','cmtenmlwo2gpnn3mkcecn48xo','distribution',570.0,1.1,0.3632,0.3146,1,1788024510337);
INSERT INTO "grid_edges" VALUES('cmtenmlxf2gv7n3mk97wpujbe','SUB-DMM-04>T-167','cmtenmlwm2gn1n3mkm2lkptna','cmtenmlwo2gpun3mk3t0req8q','distribution',663.0,1.8,0.3716,0.3659,1,1788024510337);
INSERT INTO "grid_edges" VALUES('cmtenmlxf2gv8n3mk23td9dyj','SUB-DMM-04>T-174','cmtenmlwm2gn1n3mkm2lkptna','cmtenmlwo2gq1n3mksl5rwrxa','distribution',579.0,1.5,0.368,0.3195,1,1788024510337);
INSERT INTO "grid_edges" VALUES('cmtenmlxf2gv9n3mk6dv2gn8h','SUB-DMM-05>T-161','cmtenmlwm2gn2n3mkly29du2v','cmtenmlwo2gpon3mk4scvjhtn','distribution',492.0,0.6,0.3572,0.317,1,1788024510337);
INSERT INTO "grid_edges" VALUES('cmtenmlxf2gvan3mkizo936au','SUB-DMM-05>T-168','cmtenmlwm2gn2n3mkly29du2v','cmtenmlwo2gpvn3mk7ssvf1jl','distribution',569.0,0.9,0.3608,0.3666,1,1788024510337);
INSERT INTO "grid_edges" VALUES('cmtenmlxf2gvbn3mkchtjnh5e','SUB-DMM-05>T-175','cmtenmlwm2gn2n3mkly29du2v','cmtenmlwo2gq2n3mkircmo3yo','distribution',491.0,0.7,0.3584,0.3164,1,1788024510337);
INSERT INTO "grid_edges" VALUES('cmtenmlxf2gvcn3mkat8kjel6','SUB-DMM-06>T-162','cmtenmlwm2gn3n3mkrk28qorq','cmtenmlwo2gppn3mka4lu0glm','distribution',663.0,0.8,0.3596,0.3657,1,1788024510337);
INSERT INTO "grid_edges" VALUES('cmtenmlxf2gvdn3mkb5fyqa6r','SUB-DMM-06>T-169','cmtenmlwm2gn3n3mkrk28qorq','cmtenmlwo2gpwn3mkjeknqrhg','distribution',527.0,1.5,0.368,0.2907,1,1788024510337);
INSERT INTO "grid_edges" VALUES('cmtenmlxf2gven3mkf0g3d45p','SUB-DMM-06>T-176','cmtenmlwm2gn3n3mkrk28qorq','cmtenmlwo2gq3n3mkr7qytbxs','distribution',623.0,1.0,0.362,0.3436,1,1788024510337);
INSERT INTO "grid_edges" VALUES('cmtenmlxf2gvfn3mkg7lggf5z','SUB-DMM-07>T-163','cmtenmlwm2gn4n3mksyvfoel4','cmtenmlwo2gpqn3mkjyuodx0c','distribution',557.0,0.7,0.3584,0.3065,1,1788024510337);
INSERT INTO "grid_edges" VALUES('cmtenmlxf2gvgn3mk6vaqcgb4','SUB-DMM-07>T-170','cmtenmlwm2gn4n3mksyvfoel4','cmtenmlwo2gpxn3mkadqxom81','distribution',685.0,0.8,0.3596,0.377,1,1788024510337);
INSERT INTO "grid_edges" VALUES('cmtenmlxf2gvhn3mkqb8cq0u8','SUB-DMM-07>T-177','cmtenmlwm2gn4n3mksyvfoel4','cmtenmlwp2gq4n3mkm3xt6hhg','distribution',575.0,0.7,0.3584,0.3165,1,1788024510337);
INSERT INTO "grid_edges" VALUES('cmtenmlxf2gvin3mkk6arwu97','BS-504>SUB-MAK-01','cmtenmlwl2glan3mk74xgwved','cmtenmlwm2gndn3mk419nml57','supply',222.0,4.6,0.0489,1.0,1,1788024510337);
INSERT INTO "grid_edges" VALUES('cmtenmlxf2gvjn3mkms8fbxei','PP-309>SUB-MAK-02','cmtenmlwm2gmdn3mkfeafyywy','cmtenmlwm2gnen3mk71w7k4hc','supply',3145.0,0.0,0.0422,1.0,1,1788024510337);
INSERT INTO "grid_edges" VALUES('cmtenmlxf2gvkn3mk1mcsbcpl','PP-310>SUB-MAK-03','cmtenmlwm2gmen3mkefrzxwiv','cmtenmlwm2gnfn3mk8bocre5l','supply',3145.0,0.0,0.35,1.0,1,1788024510337);
INSERT INTO "grid_edges" VALUES('cmtenmlxf2gvln3mkqmtob1l6','SF-405>SUB-MAK-04','cmtenmlwm2gmpn3mkaexqnfgu','cmtenmlwm2gngn3mkgb3u6w1v','supply',888.0,41.8,0.1028,1.0,1,1788024510337);
INSERT INTO "grid_edges" VALUES('cmtenmlxf2gvmn3mkvlj2kkl9','SUB-MAK-01>TL-210','cmtenmlwm2gndn3mk419nml57','cmtenmlwp2grpn3mk3ivv78a1','transmission',1341.0,8.1,0.054,0.5313,1,1788024510337);
INSERT INTO "grid_edges" VALUES('cmtenmlxf2gvnn3mkrk77z05t','TL-210>SUB-MAK-02','cmtenmlwp2grpn3mk3ivv78a1','cmtenmlwm2gnen3mk71w7k4hc','transmission',1341.0,8.1,0.054,1.0,1,1788024510337);
INSERT INTO "grid_edges" VALUES('cmtenmlxf2gvon3mkkdqd54ez','SUB-MAK-02>TL-211','cmtenmlwm2gnen3mk71w7k4hc','cmtenmlwq2grqn3mkuo2xr5oj','transmission',2337.0,3.6,0.0474,0.6272,1,1788024510337);
INSERT INTO "grid_edges" VALUES('cmtenmlxf2gvpn3mkobfx1bu1','TL-211>SUB-MAK-03','cmtenmlwq2grqn3mkuo2xr5oj','cmtenmlwm2gnfn3mk8bocre5l','transmission',2337.0,3.6,0.3932,1.0,1,1788024510337);
INSERT INTO "grid_edges" VALUES('cmtenmlxf2gvqn3mkutm3yu87','SUB-MAK-01>T-181','cmtenmlwm2gndn3mk419nml57','cmtenmlwp2gq8n3mkaox3n3u6','distribution',63.0,0.4,0.3548,0.025,1,1788024510337);
INSERT INTO "grid_edges" VALUES('cmtenmlxf2gvrn3mkgvipx9al','SUB-MAK-01>T-185','cmtenmlwm2gndn3mk419nml57','cmtenmlwp2gqcn3mkmxgcn4fk','distribution',600.0,1.3,0.3656,0.2377,1,1788024510337);
INSERT INTO "grid_edges" VALUES('cmtenmlxf2gvsn3mk8azi0b6a','SUB-MAK-01>T-189','cmtenmlwm2gndn3mk419nml57','cmtenmlwp2gqgn3mkx92mcmws','distribution',520.0,0.9,0.3608,0.206,1,1788024510337);
INSERT INTO "grid_edges" VALUES('cmtenmlxf2gvtn3mk9lsk7auk','T-181>EV-704','cmtenmlwp2gq8n3mkaox3n3u6','cmtenmlwl2glkn3mkz8408b9n','service',365.0,9.5,0.464,1.0,1,1788024510337);
INSERT INTO "grid_edges" VALUES('cmtenmlxf2gvun3mksrp99dy3','T-185>IL-605','cmtenmlwp2gqcn3mkmxgcn4fk','cmtenmlwl2glvn3mksu3dqrvi','service',656.0,10.5,0.476,1.0,1,1788024510337);
INSERT INTO "grid_edges" VALUES('cmtenmlxf2gvvn3mk7evl4ddm','SUB-MAK-02>T-182','cmtenmlwm2gnen3mk71w7k4hc','cmtenmlwp2gq9n3mk00mn8hdi','distribution',80.0,0.1,0.3512,0.0215,1,1788024510337);
INSERT INTO "grid_edges" VALUES('cmtenmlxf2gvwn3mki4paiypz','SUB-MAK-02>T-186','cmtenmlwm2gnen3mk71w7k4hc','cmtenmlwp2gqdn3mk6bnxqeqg','distribution',592.0,1.0,0.362,0.1589,1,1788024510337);
INSERT INTO "grid_edges" VALUES('cmtenmlxf2gvxn3mkoa23quzy','SUB-MAK-02>T-190','cmtenmlwm2gnen3mk71w7k4hc','cmtenmlwp2gqhn3mkl3zea3yg','distribution',717.0,0.4,0.3548,0.1924,1,1788024510337);
INSERT INTO "grid_edges" VALUES('cmtenmlxf2gvyn3mkg09mrew5','SUB-MAK-03>T-183','cmtenmlwm2gnfn3mk8bocre5l','cmtenmlwp2gqan3mk8d2ufh5r','distribution',670.0,1.0,0.362,0.3712,1,1788024510337);
INSERT INTO "grid_edges" VALUES('cmtenmlxf2gvzn3mkdhdlz8vw','SUB-MAK-03>T-187','cmtenmlwm2gnfn3mk8bocre5l','cmtenmlwp2gqen3mkw6lymwus','distribution',611.0,0.8,0.3596,0.3385,1,1788024510337);
INSERT INTO "grid_edges" VALUES('cmtenmlxf2gw0n3mk31gsuly8','SUB-MAK-03>T-191','cmtenmlwm2gnfn3mk8bocre5l','cmtenmlwp2gqin3mk1ypg4hhq','distribution',524.0,0.4,0.3548,0.2903,1,1788024510337);
INSERT INTO "grid_edges" VALUES('cmtenmlxf2gw1n3mkd9ec7ill','SUB-MAK-04>T-184','cmtenmlwm2gngn3mkgb3u6w1v','cmtenmlwp2gqbn3mktmrh3kar','distribution',612.0,0.6,0.3572,0.3214,1,1788024510337);
INSERT INTO "grid_edges" VALUES('cmtenmlxf2gw2n3mkhtlr66nk','SUB-MAK-04>T-188','cmtenmlwm2gngn3mkgb3u6w1v','cmtenmlwp2gqfn3mkzceafi1h','distribution',637.0,1.4,0.3668,0.3346,1,1788024510337);
INSERT INTO "grid_edges" VALUES('cmtenmlxf2gw3n3mk7oo9l0yg','SUB-MAK-04>T-192','cmtenmlwm2gngn3mkgb3u6w1v','cmtenmlwp2gqjn3mkbkoaqxs1','distribution',655.0,1.4,0.3668,0.344,1,1788024510337);
INSERT INTO "grid_edges" VALUES('cmtenmlxf2gw4n3mkl2wbm5fd','BS-505>SUB-MED-01','cmtenmlwl2glbn3mk5ji9nr67','cmtenmlwm2gnhn3mkfzgsuesg','supply',198.0,4.5,0.0487,1.0,1,1788024510337);
INSERT INTO "grid_edges" VALUES('cmtenmlxf2gw5n3mkps98uym9','PP-311>SUB-MED-02','cmtenmlwm2gmfn3mk1a7vap7z','cmtenmlwm2gnin3mkmoru8t27','supply',3861.0,0.0,0.0422,1.0,1,1788024510337);
INSERT INTO "grid_edges" VALUES('cmtenmlxf2gw6n3mk7ubsosce','SF-406>SUB-MED-03','cmtenmlwm2gmqn3mk4tu6kb3g','cmtenmlwm2gnjn3mkv5o7yqx0','supply',891.0,28.4,0.6908,1.0,1,1788024510337);
INSERT INTO "grid_edges" VALUES('cmtenmlxf2gw7n3mkz00rh3gd','SUB-MED-01>TL-212','cmtenmlwm2gnhn3mkfzgsuesg','cmtenmlwq2grrn3mkyih9ewxv','transmission',1923.0,6.0,0.0509,0.5624,1,1788024510337);
INSERT INTO "grid_edges" VALUES('cmtenmlxf2gw8n3mkipq2brsk','TL-212>SUB-MED-02','cmtenmlwq2grrn3mkyih9ewxv','cmtenmlwm2gnin3mkmoru8t27','transmission',1923.0,6.0,0.0509,1.0,1,1788024510337);
INSERT INTO "grid_edges" VALUES('cmtenmlxf2gw9n3mk2t3v6e7r','SUB-MED-02>TL-213','cmtenmlwm2gnin3mkmoru8t27','cmtenmlwq2grsn3mkrb4rhpne','transmission',1595.0,6.6,0.0518,0.5182,1,1788024510337);
INSERT INTO "grid_edges" VALUES('cmtenmlxf2gwan3mkrcwm6lk8','TL-213>SUB-MED-03','cmtenmlwq2grsn3mkrb4rhpne','cmtenmlwm2gnjn3mkv5o7yqx0','transmission',1595.0,6.6,0.4292,1.0,1,1788024510337);
INSERT INTO "grid_edges" VALUES('cmtenmlxf2gwbn3mkceu1nl9b','SUB-MED-01>T-193','cmtenmlwm2gnhn3mkfzgsuesg','cmtenmlwp2gqkn3mk2uuz7upz','distribution',63.0,1.5,0.368,0.0184,1,1788024510337);
INSERT INTO "grid_edges" VALUES('cmtenmlxf2gwcn3mk9yi30xsq','SUB-MED-01>T-196','cmtenmlwm2gnhn3mkfzgsuesg','cmtenmlwp2gqnn3mkbjuiv1rp','distribution',628.0,1.4,0.3668,0.1837,1,1788024510337);
INSERT INTO "grid_edges" VALUES('cmtenmlxf2gwdn3mkhcrqxi19','SUB-MED-01>T-199','cmtenmlwm2gnhn3mkfzgsuesg','cmtenmlwp2gqqn3mkthz3p0tq','distribution',805.0,1.1,0.3632,0.2354,1,1788024510337);
INSERT INTO "grid_edges" VALUES('cmtenmlxf2gwen3mkljras8y7','T-193>EV-705','cmtenmlwp2gqkn3mk2uuz7upz','cmtenmlwl2glln3mkbh5c8t6v','service',241.0,17.3,0.5576,1.0,1,1788024510337);
INSERT INTO "grid_edges" VALUES('cmtenmlxf2gwfn3mkod01ogmf','T-196>IL-606','cmtenmlwp2gqnn3mkbjuiv1rp','cmtenmlwl2glwn3mkmhlv1qit','service',434.0,78.6,1.2932,1.0,1,1788024510337);
INSERT INTO "grid_edges" VALUES('cmtenmlxf2gwgn3mkb0clbzht','SUB-MED-02>T-194','cmtenmlwm2gnin3mkmoru8t27','cmtenmlwp2gqln3mka2p2gf17','distribution',80.0,1.2,0.3644,0.026,1,1788024510337);
INSERT INTO "grid_edges" VALUES('cmtenmlxf2gwhn3mk4ukgivfj','SUB-MED-02>T-197','cmtenmlwm2gnin3mkmoru8t27','cmtenmlwp2gqon3mkbyub5wi6','distribution',594.0,0.4,0.3548,0.193,1,1788024510337);
INSERT INTO "grid_edges" VALUES('cmtenmlxf2gwin3mk5y7v2zg0','SUB-MED-02>T-200','cmtenmlwm2gnin3mkmoru8t27','cmtenmlwp2gqrn3mk5tw6tkg5','distribution',809.0,1.0,0.362,0.2628,1,1788024510337);
INSERT INTO "grid_edges" VALUES('cmtenmlxf2gwjn3mkeklwsa9b','SUB-MED-03>T-195','cmtenmlwm2gnjn3mkv5o7yqx0','cmtenmlwp2gqmn3mk0zo0tg61','distribution',635.0,0.7,0.3584,0.4757,1,1788024510337);
INSERT INTO "grid_edges" VALUES('cmtenmlxf2gwkn3mko74dp6en','SUB-MED-03>T-198','cmtenmlwm2gnjn3mkv5o7yqx0','cmtenmlwp2gqpn3mkhppc2dao','distribution',700.0,1.3,0.3656,0.5243,1,1788024510337);
INSERT INTO "grid_edges" VALUES('cmtenmlxf2gwln3mkuhcz2js9','BS-506>SUB-TUU-01','cmtenmlwl2glcn3mktk5pj83m','cmtenmlwn2gnzn3mkyw6duooy','supply',248.0,4.4,0.0486,1.0,1,1788024510337);
INSERT INTO "grid_edges" VALUES('cmtenmlxf2gwmn3mky5pmr2oi','PP-312>SUB-TUU-02','cmtenmlwm2gmgn3mkef4cd6vz','cmtenmlwn2go0n3mk70dptnyv','supply',1457.0,0.0,0.0422,1.0,1,1788024510337);
INSERT INTO "grid_edges" VALUES('cmtenmlxf2gwnn3mkf0lgetuh','SF-407>SUB-TUU-01','cmtenmlwm2gmrn3mkwvye8ch1','cmtenmlwn2gnzn3mkyw6duooy','supply',961.0,93.1,0.177,1.0,1,1788024510337);
INSERT INTO "grid_edges" VALUES('cmtenmlxf2gwon3mketf07fl8','WF-451>SUB-TUU-02','cmtenmlwq2gs3n3mkg5kh9i53','cmtenmlwn2go0n3mk70dptnyv','supply',434.0,29.0,0.0842,1.0,1,1788024510337);
INSERT INTO "grid_edges" VALUES('cmtenmlxf2gwpn3mkpk4bzfy6','SUB-TUU-01>TL-214','cmtenmlwn2gnzn3mkyw6duooy','cmtenmlwq2grtn3mk8eov9cis','transmission',2233.0,94.4,0.1789,0.7203,0,1788024510337);
INSERT INTO "grid_edges" VALUES('cmtenmlxf2gwqn3mk0umu7wb2','TL-214>SUB-TUU-02','cmtenmlwq2grtn3mk8eov9cis','cmtenmlwn2go0n3mk70dptnyv','transmission',2233.0,94.1,0.1785,1.0,0,1788024510337);
INSERT INTO "grid_edges" VALUES('cmtenmlxf2gwrn3mkd6htyeoc','SUB-TUU-02>TL-215','cmtenmlwn2go0n3mk70dptnyv','cmtenmlwq2grun3mk8mmtfqd5','transmission',1931.0,94.1,0.1785,0.5554,0,1788024510337);
INSERT INTO "grid_edges" VALUES('cmtenmlxf2gwsn3mkchw322hk','TL-215>SUB-TUU-01','cmtenmlwq2grun3mk8mmtfqd5','cmtenmlwn2gnzn3mkyw6duooy','transmission',1931.0,94.4,0.1789,1.0,0,1788024510337);
INSERT INTO "grid_edges" VALUES('cmtenmlxf2gwtn3mkvhglg2mf','SUB-TUU-01>T-201','cmtenmlwn2gnzn3mkyw6duooy','cmtenmlwp2gqsn3mk12cfm77h','distribution',63.0,1.2,0.3644,0.0203,1,1788024510337);
INSERT INTO "grid_edges" VALUES('cmtenmlxf2gwun3mk8jaui319','SUB-TUU-01>T-203','cmtenmlwn2gnzn3mkyw6duooy','cmtenmlwp2gqun3mk77zehwjh','distribution',804.0,1.0,0.362,0.2594,1,1788024510337);
INSERT INTO "grid_edges" VALUES('cmtenmlxg2gwvn3mk99vfzzbv','T-201>EV-706','cmtenmlwp2gqsn3mk12cfm77h','cmtenmlwl2glmn3mkw05m3th3','service',135.0,118.8,1.7756,1.0,1,1788024510337);
INSERT INTO "grid_edges" VALUES('cmtenmlxg2gwwn3mkcpsa3783','T-203>IL-607','cmtenmlwp2gqun3mk77zehwjh','cmtenmlwl2glxn3mklg9ers6d','service',244.0,2.8,0.3836,1.0,1,1788024510337);
INSERT INTO "grid_edges" VALUES('cmtenmlxg2gwxn3mkm72xw9vq','SUB-TUU-02>T-202','cmtenmlwn2go0n3mk70dptnyv','cmtenmlwp2gqtn3mk98na3s7o','distribution',630.0,1.4,0.3668,0.1812,1,1788024510337);
INSERT INTO "grid_edges" VALUES('cmtenmlxg2gwyn3mk86zgaqa7','SUB-TUU-02>T-204','cmtenmlwn2go0n3mk70dptnyv','cmtenmlwp2gqvn3mk8i7mwnc4','distribution',916.0,0.7,0.3584,0.2634,1,1788024510337);
INSERT INTO "grid_edges" VALUES('cmtenmlxg2gwzn3mkydj2cn44','BS-507>SUB-NEO-01','cmtenmlwl2gldn3mkr0rrbt9z','cmtenmlwn2gnkn3mkw7ldxwws','supply',504.0,4.5,0.0487,1.0,1,1788024510337);
INSERT INTO "grid_edges" VALUES('cmtenmlxg2gx0n3mk4f1jdmek','PP-313>SUB-NEO-02','cmtenmlwm2gmhn3mktqnaqgw7','cmtenmlwn2gnln3mkuf5czuds','supply',864.0,0.0,0.0422,1.0,1,1788024510337);
INSERT INTO "grid_edges" VALUES('cmtenmlxg2gx1n3mkichcitbx','SF-408>SUB-NEO-01','cmtenmlwm2gmsn3mkw51ip6su','cmtenmlwn2gnkn3mkw7ldxwws','supply',1008.0,49.7,0.1142,1.0,1,1788024510337);
INSERT INTO "grid_edges" VALUES('cmtenmlxg2gx2n3mkoturvbol','WF-452>SUB-NEO-02','cmtenmlwq2gs4n3mklt2y3ieo','cmtenmlwn2gnln3mkuf5czuds','supply',1224.0,29.1,0.0844,1.0,1,1788024510337);
INSERT INTO "grid_edges" VALUES('cmtenmlxg2gx3n3mkny9g3jgj','SUB-NEO-01>TL-216','cmtenmlwn2gnkn3mkw7ldxwws','cmtenmlwq2grvn3mkwqs3abq4','transmission',2229.0,38.9,0.0986,0.7548,0,1788024510337);
INSERT INTO "grid_edges" VALUES('cmtenmlxg2gx4n3mk9bab2bux','TL-216>SUB-NEO-02','cmtenmlwq2grvn3mkwqs3abq4','cmtenmlwn2gnln3mkuf5czuds','transmission',2229.0,38.9,0.0986,1.0,0,1788024510337);
INSERT INTO "grid_edges" VALUES('cmtenmlxg2gx5n3mk6e0av98a','SUB-NEO-02>TL-217','cmtenmlwn2gnln3mkuf5czuds','cmtenmlwq2grwn3mkb5cbi4vg','transmission',1300.0,38.9,0.0986,0.5167,0,1788024510337);
INSERT INTO "grid_edges" VALUES('cmtenmlxg2gx6n3mk9vxuyco6','TL-217>SUB-NEO-01','cmtenmlwq2grwn3mkb5cbi4vg','cmtenmlwn2gnkn3mkw7ldxwws','transmission',1300.0,38.9,0.0986,1.0,0,1788024510337);
INSERT INTO "grid_edges" VALUES('cmtenmlxg2gx7n3mkvognuri4','SUB-NEO-01>T-205','cmtenmlwn2gnkn3mkw7ldxwws','cmtenmlwp2gqwn3mkmlc0f8kt','distribution',63.0,1.2,0.3644,0.0213,1,1788024510337);
INSERT INTO "grid_edges" VALUES('cmtenmlxg2gx8n3mki6q4ccqt','SUB-NEO-01>T-207','cmtenmlwn2gnkn3mkw7ldxwws','cmtenmlwp2gqyn3mkqtdu7bqf','distribution',661.0,0.6,0.3572,0.2238,1,1788024510337);
INSERT INTO "grid_edges" VALUES('cmtenmlxg2gx9n3mk1r5ms640','T-205>EV-707','cmtenmlwp2gqwn3mkmlc0f8kt','cmtenmlwl2glnn3mk8qskxf6o','service',112.0,44.6,0.8852,1.0,1,1788024510337);
INSERT INTO "grid_edges" VALUES('cmtenmlxg2gxan3mkyhyfqvm4','T-207>IL-608','cmtenmlwp2gqyn3mkqtdu7bqf','cmtenmlwl2glyn3mks9p6p5s3','service',101.0,2.1,0.3752,1.0,1,1788024510337);
INSERT INTO "grid_edges" VALUES('cmtenmlxg2gxbn3mkqy78iakr','SUB-NEO-02>T-206','cmtenmlwn2gnln3mkuf5czuds','cmtenmlwp2gqxn3mks6y9jlc8','distribution',593.0,1.3,0.3656,0.2357,1,1788024510337);
INSERT INTO "grid_edges" VALUES('cmtenmlxg2gxcn3mkq8wcyfk0','SUB-NEO-02>T-208','cmtenmlwn2gnln3mkuf5czuds','cmtenmlwp2gqzn3mkp6eptlyk','distribution',623.0,1.1,0.3632,0.2476,1,1788024510337);
INSERT INTO "grid_edges" VALUES('cmtenmlxg2gxdn3mkuje9aaiq','T-206>IL-609','cmtenmlwp2gqxn3mks6y9jlc8','cmtenmlwl2glzn3mknyng82pj','service',101.0,4.9,0.4088,1.0,1,1788024510337);
INSERT INTO "grid_edges" VALUES('cmtenmlxg2gxen3mkkdtr28tz','BS-508>SUB-JAZ-01','cmtenmlwl2glen3mku8so2d2t','cmtenmlwm2gn5n3mkfpjv5s5j','supply',122.0,4.6,0.0489,1.0,1,1788024510337);
INSERT INTO "grid_edges" VALUES('cmtenmlxg2gxfn3mkw1pjumi1','PP-314>SUB-JAZ-02','cmtenmlwm2gmin3mkzmstzca7','cmtenmlwm2gn6n3mkghpattit','supply',2257.0,0.0,0.0422,1.0,1,1788024510337);
INSERT INTO "grid_edges" VALUES('cmtenmlxg2gxgn3mkyr0my5cz','SF-409>SUB-JAZ-01','cmtenmlwm2gmtn3mk5b7al7z7','cmtenmlwm2gn5n3mkfpjv5s5j','supply',427.0,48.6,0.1126,1.0,1,1788024510337);
INSERT INTO "grid_edges" VALUES('cmtenmlxg2gxhn3mkp4tyixy8','WF-453>SUB-JAZ-02','cmtenmlwq2gs5n3mkyek95360','cmtenmlwm2gn6n3mkghpattit','supply',244.0,29.8,0.0854,1.0,1,1788024510337);
INSERT INTO "grid_edges" VALUES('cmtenmlxg2gxin3mkl8l1j5a2','SUB-JAZ-01>TL-218','cmtenmlwm2gn5n3mkfpjv5s5j','cmtenmlwq2grxn3mkm6f2r2gg','transmission',1514.0,16.0,0.0654,0.5074,0,1788024510337);
INSERT INTO "grid_edges" VALUES('cmtenmlxg2gxjn3mka4t1zscg','TL-218>SUB-JAZ-02','cmtenmlwq2grxn3mkm6f2r2gg','cmtenmlwm2gn6n3mkghpattit','transmission',1514.0,16.0,0.0654,1.0,0,1788024510337);
INSERT INTO "grid_edges" VALUES('cmtenmlxg2gxkn3mkexztjnj3','SUB-JAZ-02>TL-219','cmtenmlwm2gn6n3mkghpattit','cmtenmlwq2gryn3mkvlvtc9g7','transmission',1524.0,16.0,0.0654,0.5556,0,1788024510337);
INSERT INTO "grid_edges" VALUES('cmtenmlxg2gxln3mkm1kcuv7c','TL-219>SUB-JAZ-01','cmtenmlwq2gryn3mkvlvtc9g7','cmtenmlwm2gn5n3mkfpjv5s5j','transmission',1524.0,16.0,0.0654,1.0,0,1788024510337);
INSERT INTO "grid_edges" VALUES('cmtenmlxg2gxmn3mkfcdzef72','SUB-JAZ-01>T-209','cmtenmlwm2gn5n3mkfpjv5s5j','cmtenmlwp2gr0n3mktj5jvta8','distribution',63.0,1.1,0.3632,0.0211,1,1788024510337);
INSERT INTO "grid_edges" VALUES('cmtenmlxg2gxnn3mktguldrp6','SUB-JAZ-01>T-211','cmtenmlwm2gn5n3mkfpjv5s5j','cmtenmlwp2gr2n3mkrt51f77t','distribution',636.0,1.0,0.362,0.2131,1,1788024510337);
INSERT INTO "grid_edges" VALUES('cmtenmlxg2gxon3mkalqqxmzu','SUB-JAZ-01>T-213','cmtenmlwm2gn5n3mkfpjv5s5j','cmtenmlwp2gr4n3mkraxzuapc','distribution',771.0,1.4,0.3668,0.2584,1,1788024510337);
INSERT INTO "grid_edges" VALUES('cmtenmlxg2gxpn3mka0ybfoqh','T-209>EV-708','cmtenmlwp2gr0n3mktj5jvta8','cmtenmlwl2glon3mkf1ksrh2x','service',153.0,19.8,0.5876,1.0,1,1788024510337);
INSERT INTO "grid_edges" VALUES('cmtenmlxg2gxqn3mkznvorw9a','T-211>IL-610','cmtenmlwp2gr2n3mkrt51f77t','cmtenmlwl2gm0n3mkzmjg2bkt','service',138.0,1.5,0.368,1.0,1,1788024510337);
INSERT INTO "grid_edges" VALUES('cmtenmlxg2gxrn3mk7ytv2168','SUB-JAZ-02>T-210','cmtenmlwm2gn6n3mkghpattit','cmtenmlwp2gr1n3mkodqixg39','distribution',559.0,1.0,0.362,0.2038,1,1788024510337);
INSERT INTO "grid_edges" VALUES('cmtenmlxg2gxsn3mkhyp6okj4','SUB-JAZ-02>T-212','cmtenmlwm2gn6n3mkghpattit','cmtenmlwp2gr3n3mkj6j93if1','distribution',660.0,0.4,0.3548,0.2406,1,1788024510337);
INSERT INTO "grid_edges" VALUES('cmtenmlxg2gxtn3mk48xeeky0','T-210>IL-611','cmtenmlwp2gr1n3mkodqixg39','cmtenmlwl2gm1n3mk4jz9b8aa','service',138.0,3.2,0.3884,1.0,1,1788024510337);
INSERT INTO "grid_edges" VALUES('cmtenmlxg2gxun3mkaldo3p0y','BS-509>SUB-ABT-01','cmtenmlwl2glfn3mksfmx96e2','cmtenmlwm2gmwn3mkqoxag686','supply',108.0,4.6,0.0489,1.0,1,1788024510337);
INSERT INTO "grid_edges" VALUES('cmtenmlxg2gxvn3mk5f51syoq','PP-315>SUB-ABT-02','cmtenmlwm2gmjn3mkpfg4k5w7','cmtenmlwm2gmxn3mksrjwvjlc','supply',1917.0,0.0,0.0422,1.0,1,1788024510337);
INSERT INTO "grid_edges" VALUES('cmtenmlxg2gxwn3mk2dibykmq','SF-410>SUB-ABT-01','cmtenmlwm2gmun3mktxm8w1tr','cmtenmlwm2gmwn3mkqoxag686','supply',513.0,35.7,0.0939,1.0,1,1788024510337);
INSERT INTO "grid_edges" VALUES('cmtenmlxg2gxxn3mkqsge2ld0','WF-454>SUB-ABT-02','cmtenmlwq2gs6n3mkd7ysq5w3','cmtenmlwm2gmxn3mksrjwvjlc','supply',162.0,29.7,0.0852,1.0,1,1788024510337);
INSERT INTO "grid_edges" VALUES('cmtenmlxg2gxyn3mkch5wcmo9','SUB-ABT-01>TL-220','cmtenmlwm2gmwn3mkqoxag686','cmtenmlwq2grzn3mk0bmjxhln','transmission',1361.0,11.3,0.0586,0.6195,0,1788024510337);
INSERT INTO "grid_edges" VALUES('cmtenmlxg2gxzn3mkuxnp5zk3','TL-220>SUB-ABT-02','cmtenmlwq2grzn3mk0bmjxhln','cmtenmlwm2gmxn3mksrjwvjlc','transmission',1361.0,11.3,0.0586,1.0,0,1788024510337);
INSERT INTO "grid_edges" VALUES('cmtenmlxg2gy0n3mkbsh8ubfk','SUB-ABT-02>TL-221','cmtenmlwm2gmxn3mksrjwvjlc','cmtenmlwq2gs0n3mk3pxjx5nu','transmission',1892.0,11.3,0.0586,0.5692,0,1788024510337);
INSERT INTO "grid_edges" VALUES('cmtenmlxg2gy1n3mkiujb2rz9','TL-221>SUB-ABT-01','cmtenmlwq2gs0n3mk3pxjx5nu','cmtenmlwm2gmwn3mkqoxag686','transmission',1892.0,11.3,0.0586,1.0,0,1788024510337);
INSERT INTO "grid_edges" VALUES('cmtenmlxg2gy2n3mkk4gfj4dq','SUB-ABT-01>T-214','cmtenmlwm2gmwn3mkqoxag686','cmtenmlwp2gr5n3mk169j9zi6','distribution',63.0,0.7,0.3584,0.0287,1,1788024510337);
INSERT INTO "grid_edges" VALUES('cmtenmlxg2gy3n3mkcv1yze1e','SUB-ABT-01>T-216','cmtenmlwm2gmwn3mkqoxag686','cmtenmlwp2gr7n3mkjmpw25gn','distribution',773.0,1.2,0.3644,0.3518,1,1788024510337);
INSERT INTO "grid_edges" VALUES('cmtenmlxg2gy4n3mksp7cfjbr','T-214>EV-709','cmtenmlwp2gr5n3mk169j9zi6','cmtenmlwl2glpn3mk71ef9fxt','service',129.0,21.6,0.6092,1.0,1,1788024510337);
INSERT INTO "grid_edges" VALUES('cmtenmlxg2gy5n3mklf5y0ywq','T-216>IL-612','cmtenmlwp2gr7n3mkjmpw25gn','cmtenmlwm2gm2n3mkw8f1mz7k','service',233.0,1.5,0.368,1.0,1,1788024510337);
INSERT INTO "grid_edges" VALUES('cmtenmlxg2gy6n3mkt51733xe','SUB-ABT-02>T-215','cmtenmlwm2gmxn3mksrjwvjlc','cmtenmlwp2gr6n3mki9cw2clf','distribution',577.0,1.2,0.3644,0.1736,1,1788024510337);
INSERT INTO "grid_edges" VALUES('cmtenmlxg2gy7n3mk7yzfu7ox','SUB-ABT-02>T-217','cmtenmlwm2gmxn3mksrjwvjlc','cmtenmlwp2gr8n3mkzyebc6q9','distribution',855.0,1.0,0.362,0.2572,1,1788024510337);
INSERT INTO "grid_edges" VALUES('cmtenmlxg2gy8n3mkutqmp538','BS-510>SUB-QSM-01','cmtenmlwl2glgn3mkrk49k723','cmtenmlwn2gnmn3mkh9h7n5d2','supply',208.0,4.5,0.0487,1.0,1,1788024510337);
INSERT INTO "grid_edges" VALUES('cmtenmlxg2gy9n3mk62prfbp5','PP-316>SUB-QSM-02','cmtenmlwm2gmkn3mkf0pxb31m','cmtenmlwn2gnnn3mk3r1k62l0','supply',2864.0,0.0,0.0422,1.0,1,1788024510337);
INSERT INTO "grid_edges" VALUES('cmtenmlxg2gyan3mk6fss2o3f','SF-411>SUB-QSM-01','cmtenmlwm2gmvn3mkeoe61s82','cmtenmlwn2gnmn3mkh9h7n5d2','supply',1079.0,36.6,0.0952,1.0,1,1788024510337);
INSERT INTO "grid_edges" VALUES('cmtenmlxg2gybn3mktedxlcq0','SUB-QSM-01>TL-222','cmtenmlwn2gnmn3mkh9h7n5d2','cmtenmlwq2gs1n3mke7obpbwl','transmission',1604.0,14.6,0.0634,0.4492,0,1788024510337);
INSERT INTO "grid_edges" VALUES('cmtenmlxg2gycn3mks48pzqqn','TL-222>SUB-QSM-02','cmtenmlwq2gs1n3mke7obpbwl','cmtenmlwn2gnnn3mk3r1k62l0','transmission',1604.0,14.6,0.0634,1.0,0,1788024510337);
INSERT INTO "grid_edges" VALUES('cmtenmlxg2gydn3mkg0vg3m55','SUB-QSM-02>TL-223','cmtenmlwn2gnnn3mk3r1k62l0','cmtenmlwq2gs2n3mkxki0mzqq','transmission',1494.0,14.6,0.0634,0.5042,0,1788024510337);
INSERT INTO "grid_edges" VALUES('cmtenmlxg2gyen3mkmph1sny1','TL-223>SUB-QSM-01','cmtenmlwq2gs2n3mkxki0mzqq','cmtenmlwn2gnmn3mkh9h7n5d2','transmission',1494.0,14.6,0.0634,1.0,0,1788024510337);
INSERT INTO "grid_edges" VALUES('cmtenmlxg2gyfn3mkp6dzd6h4','SUB-QSM-01>T-218','cmtenmlwn2gnmn3mkh9h7n5d2','cmtenmlwp2gr9n3mkmem2k3tr','distribution',63.0,1.0,0.362,0.0176,1,1788024510337);
INSERT INTO "grid_edges" VALUES('cmtenmlxg2gygn3mk5tkbikco','SUB-QSM-01>T-220','cmtenmlwn2gnmn3mkh9h7n5d2','cmtenmlwp2grbn3mk7ehcgj7x','distribution',658.0,1.1,0.3632,0.1843,1,1788024510337);
INSERT INTO "grid_edges" VALUES('cmtenmlxg2gyhn3mk0p038q35','SUB-QSM-01>T-222','cmtenmlwn2gnmn3mkh9h7n5d2','cmtenmlwp2grdn3mkk1swjdjq','distribution',621.0,1.3,0.3656,0.1739,1,1788024510337);
INSERT INTO "grid_edges" VALUES('cmtenmlxg2gyin3mkbqc0nncp','SUB-QSM-01>T-224','cmtenmlwn2gnmn3mkh9h7n5d2','cmtenmlwp2grfn3mkg8ndvov6','distribution',625.0,1.4,0.3668,0.175,1,1788024510337);
INSERT INTO "grid_edges" VALUES('cmtenmlxg2gyjn3mky7hruimo','T-218>EV-710','cmtenmlwp2gr9n3mkmem2k3tr','cmtenmlwl2glqn3mk306u6clf','service',200.0,64.6,1.1252,1.0,1,1788024510337);
INSERT INTO "grid_edges" VALUES('cmtenmlxg2gykn3mkn3296xgi','T-220>IL-613','cmtenmlwp2grbn3mk7ehcgj7x','cmtenmlwm2gm3n3mkxe7yklrs','service',180.0,32.8,0.7436,1.0,1,1788024510337);
INSERT INTO "grid_edges" VALUES('cmtenmlxg2gyln3mk5s2xutru','SUB-QSM-02>T-219','cmtenmlwn2gnnn3mk3r1k62l0','cmtenmlwp2gran3mk08d98qvu','distribution',535.0,1.3,0.3656,0.1806,1,1788024510337);
INSERT INTO "grid_edges" VALUES('cmtenmlxg2gymn3mkelj60uc1','SUB-QSM-02>T-221','cmtenmlwn2gnnn3mk3r1k62l0','cmtenmlwp2grcn3mk2vrvm2a0','distribution',493.0,1.0,0.362,0.1664,1,1788024510337);
INSERT INTO "grid_edges" VALUES('cmtenmlxg2gynn3mkfamebbwd','SUB-QSM-02>T-223','cmtenmlwn2gnnn3mk3r1k62l0','cmtenmlwp2gren3mk7ln7dgph','distribution',441.0,1.2,0.3644,0.1488,1,1788024510337);
INSERT INTO "grid_edges" VALUES('cmtenmlxg2gyon3mkbk8vb8zl','T-219>IL-614','cmtenmlwp2gran3mk08d98qvu','cmtenmlwm2gm4n3mk7ly00tf9','service',180.0,34.0,0.758,1.0,1,1788024510337);
CREATE TABLE "grid_nodes" (
    "id" TEXT NOT NULL PRIMARY KEY,
    "code" TEXT NOT NULL,
    "assetId" TEXT,
    "regionCode" TEXT NOT NULL,
    "kind" TEXT NOT NULL,
    "name" TEXT NOT NULL,
    "nameAr" TEXT NOT NULL,
    "lat" REAL NOT NULL,
    "lon" REAL NOT NULL,
    "capacityMw" REAL NOT NULL DEFAULT 0,
    "voltageKv" REAL NOT NULL DEFAULT 0,
    "centrality" REAL NOT NULL DEFAULT 0,
    "customers" INTEGER NOT NULL DEFAULT 0,
    "isSupply" BOOLEAN NOT NULL DEFAULT false,
    "isLoad" BOOLEAN NOT NULL DEFAULT false,
    "createdAt" DATETIME NOT NULL DEFAULT CURRENT_TIMESTAMP,
    CONSTRAINT "grid_nodes_assetId_fkey" FOREIGN KEY ("assetId") REFERENCES "assets" ("id") ON DELETE SET NULL ON UPDATE CASCADE
);
INSERT INTO "grid_nodes" VALUES('cmtenmlwl2gl7n3mkuzt4jnzu','BS-501','cmtenmbf300fen3mk008uqc51','RYD','battery_storage','Al Hair BESS','نظام تخزين بطاريات الحائر',24.390354192998629,46.807581121974813,1090.0,132.0,0.12304,0,1,0,1788024510308);
INSERT INTO "grid_nodes" VALUES('cmtenmlwl2gl8n3mkjlwxtjsg','BS-502','cmtenmbf500gcn3mkf2w1p5vg','JED','battery_storage','Obhur BESS','نظام تخزين بطاريات أبحر',21.791900296285011,39.187779652057223,456.0,132.0,0.12248,0,1,0,1788024510308);
INSERT INTO "grid_nodes" VALUES('cmtenmlwl2gl9n3mk3etieg8r','BS-503','cmtenmbf600hhn3mktexdea1v','DMM','battery_storage','Jubail BESS','نظام تخزين بطاريات الجبيل',27.055664448772369,49.820067587607717,730.0,132.0,0.09174,0,1,0,1788024510308);
INSERT INTO "grid_nodes" VALUES('cmtenmlwl2glan3mk74xgwved','BS-504','cmtenmbf700i6n3mk6x9g4x0m','MAK','battery_storage','Al Aziziyah BESS','نظام تخزين بطاريات العزيزية',21.369173108477519,39.924238171074173,222.0,132.0,0.06657,0,1,0,1788024510308);
INSERT INTO "grid_nodes" VALUES('cmtenmlwl2glbn3mk5ji9nr67','BS-505','cmtenmbf800ion3mkdogxvux1','MED','battery_storage','Quba BESS','نظام تخزين بطاريات قباء',24.504773108477519,39.625538171074183,198.0,132.0,0.0691,0,1,0,1788024510308);
INSERT INTO "grid_nodes" VALUES('cmtenmlwl2glcn3mktk5pj83m','BS-506','cmtenmbf800j2n3mkde225pjc','TUU','battery_storage','Tabuk North BESS','نظام تخزين بطاريات تبوك الشمالية',28.5164483517047,36.629785553887487,248.0,132.0,0.03707,0,1,0,1788024510308);
INSERT INTO "grid_nodes" VALUES('cmtenmlwl2gldn3mkr0rrbt9z','BS-507','cmtenmbf900jgn3mkcv6g73o0','NEO','battery_storage','Oxagon BESS','نظام تخزين بطاريات أوكساجون',27.83013396442831,35.545071655166517,504.0,132.0,0.02244,0,1,0,1788024510308);
INSERT INTO "grid_nodes" VALUES('cmtenmlwl2glen3mku8so2d2t','BS-508','cmtenmbf900jwn3mkkli208kc','JAZ','battery_storage','Jazan City BESS','نظام تخزين بطاريات مدينة جازان',16.935500296285,42.63587965205722,122.0,132.0,0.03135,0,1,0,1788024510308);
INSERT INTO "grid_nodes" VALUES('cmtenmlwl2glfn3mksfmx96e2','BS-509','cmtenmbfa00kbn3mknqd1k2ae','ABT','battery_storage','Abha North BESS','نظام تخزين بطاريات أبها الشمالية',18.35259158574604,42.548041456361119,108.0,132.0,0.02938,0,1,0,1788024510308);
INSERT INTO "grid_nodes" VALUES('cmtenmlwl2glgn3mkrk49k723','BS-510','cmtenmbfa00krn3mkz5uho0rg','QSM','battery_storage','Buraydah BESS','نظام تخزين بطاريات بريدة',26.36005826971866,44.016001434857017,208.0,132.0,0.04929,0,1,0,1788024510308);
INSERT INTO "grid_nodes" VALUES('cmtenmlwl2glhn3mkdb0itlh9','EV-701','cmtenmbf300fgn3mk9tman5vy','RYD','ev_hub','Al Faisaliyah EV Charging Hub','مركز شحن المركبات الكهربائية الفيصلية',24.763797088019921,46.691235043543578,1088.0,13.8,0.00031,7766,0,1,1788024510308);
INSERT INTO "grid_nodes" VALUES('cmtenmlwl2glin3mkd6le4jru','EV-702','cmtenmbf500gen3mkqt9qwyp4','JED','ev_hub','Al Hamra EV Charging Hub','مركز شحن المركبات الكهربائية الحمراء',21.494512381515651,39.167571000289172,576.0,13.8,0.00033,8205,0,1,1788024510308);
INSERT INTO "grid_nodes" VALUES('cmtenmlwl2gljn3mk59uej26j','EV-703','cmtenmbf600hkn3mkypa5ulww','DMM','ev_hub','Al Khobar EV Charging Hub','مركز شحن المركبات الكهربائية الخبر',26.274423563095549,50.179464481390269,729.0,13.8,0.0004,9986,0,1,1788024510308);
INSERT INTO "grid_nodes" VALUES('cmtenmlwl2glkn3mkz8408b9n','EV-704','cmtenmbf700i8n3mkqir58aad','MAK','ev_hub','Mina EV Charging Hub','مركز شحن المركبات الكهربائية منى',21.423511173081021,39.915821381210911,365.0,13.8,0.00016,3906,0,1,1788024510308);
INSERT INTO "grid_nodes" VALUES('cmtenmlwl2glln3mkbh5c8t6v','EV-705','cmtenmbf800iqn3mk6p7zex2n','MED','ev_hub','Al Hijrah EV Charging Hub','مركز شحن المركبات الكهربائية الهجرة',24.61911117308102,39.607121381210909,241.0,13.8,0.00041,10355,0,1,1788024510308);
INSERT INTO "grid_nodes" VALUES('cmtenmlwl2glmn3mkw05m3th3','EV-706','cmtenmbf800j4n3mknna7f5o0','TUU','ev_hub','Duba EV Charging Hub','مركز شحن المركبات الكهربائية ضبا',27.487409806792812,36.203730390435077,135.0,13.8,0.00044,11087,0,1,1788024510308);
INSERT INTO "grid_nodes" VALUES('cmtenmlwl2glnn3mk8qskxf6o','EV-707','cmtenmbf900jjn3mkh1nk8ot5','NEO','ev_hub','Sindalah EV Charging Hub','مركز شحن المركبات الكهربائية سندالة',28.049872000040111,35.175755721376461,112.0,13.8,0.00047,11851,0,1,1788024510308);
INSERT INTO "grid_nodes" VALUES('cmtenmlwl2glon3mkf1ksrh2x','EV-708','cmtenmbf900jzn3mk4g8pypgl','JAZ','ev_hub','Abu Arish EV Charging Hub','مركز شحن المركبات الكهربائية أبو عريش',16.968112381515649,42.78567100028917,153.0,13.8,0.00042,10550,0,1,1788024510308);
INSERT INTO "grid_nodes" VALUES('cmtenmlwl2glpn3mk71ef9fxt','EV-709','cmtenmbfa00kdn3mk71rpa4n7','ABT','ev_hub','Ahad Rufaidah EV Charging Hub','مركز شحن المركبات الكهربائية أحد رفيدة',18.170453594313941,42.654924295061079,129.0,13.8,0.00022,5483,0,1,1788024510308);
INSERT INTO "grid_nodes" VALUES('cmtenmlwl2glqn3mk306u6clf','EV-710','cmtenmbfa00kun3mk1xfdt5vo','QSM','ev_hub','Al Rass EV Charging Hub','مركز شحن المركبات الكهربائية الرس',26.014748779017481,43.451332052610823,200.0,13.8,0.00024,5911,0,1,1788024510308);
INSERT INTO "grid_nodes" VALUES('cmtenmlwl2glrn3mktqwrszsd','IL-601','cmtenmbf300ffn3mks0ok9n4d','RYD','industrial_load','Al Naseem Industrial Complex 1','المجمع الصناعي النسيم 1',24.79935381778181,46.824838046475499,1959.0,132.0,0.0,76,0,1,1788024510308);
INSERT INTO "grid_nodes" VALUES('cmtenmlwl2glsn3mkkim7q02k','IL-602','cmtenmbf500gdn3mkg7qf7dgz','JED','industrial_load','Bahrah Industrial Complex 1','المجمع الصناعي بحرة 1',21.384173428275808,39.505693344967447,1038.0,132.0,0.0,53,0,1,1788024510308);
INSERT INTO "grid_nodes" VALUES('cmtenmlwl2gltn3mktdur1s5w','IL-603','cmtenmbf600hin3mk1rik0rom','DMM','industrial_load','Dhahran Industrial Complex 1','المجمع الصناعي الظهران 1',26.309818797611449,50.127482403536519,656.0,132.0,0.0,83,0,1,1788024510308);
INSERT INTO "grid_nodes" VALUES('cmtenmlwl2glun3mkw96hvk6g','IL-604','cmtenmbf600hjn3mkhvvwz3on','DMM','industrial_load','Ras Tanura Industrial Complex 2','المجمع الصناعي رأس تنورة 2',26.67742044498846,50.098144983939093,656.0,132.0,0.0,79,0,1,1788024510308);
INSERT INTO "grid_nodes" VALUES('cmtenmlwl2glvn3mksu3dqrvi','IL-605','cmtenmbf700i7n3mkerrno8d6','MAK','industrial_load','Al Kakiyah Industrial Complex 1','المجمع الصناعي الككية 1',21.362933642909301,39.805949143068503,656.0,132.0,0.0,66,0,1,1788024510308);
INSERT INTO "grid_nodes" VALUES('cmtenmlwl2glwn3mkmhlv1qit','IL-606','cmtenmbf800ipn3mkn2l7gnbr','MED','industrial_load','Badr Industrial Complex 1','المجمع الصناعي بدر 1',24.078533642909299,38.937249143068499,434.0,132.0,0.0,25,0,1,1788024510308);
INSERT INTO "grid_nodes" VALUES('cmtenmlwl2glxn3mklg9ers6d','IL-607','cmtenmbf800j3n3mk1eiawh7q','TUU','industrial_load','Tabuk North Industrial Complex 1','المجمع الصناعي تبوك الشمالية 1',28.496533901971951,36.577957006134092,244.0,132.0,0.0,62,0,1,1788024510308);
INSERT INTO "grid_nodes" VALUES('cmtenmlwl2glyn3mks9p6p5s3','IL-608','cmtenmbf900jhn3mke56rw1x3','NEO','industrial_load','Oxagon Industrial Complex 1','المجمع الصناعي أوكساجون 1',27.791306018093231,35.503367909434438,101.0,132.0,0.0,68,0,1,1788024510308);
INSERT INTO "grid_nodes" VALUES('cmtenmlwl2glzn3mknyng82pj','IL-609','cmtenmbf900jin3mkymjt6u7j','NEO','industrial_load','Trojena Industrial Complex 2','المجمع الصناعي تروجينا 2',28.287001439444349,36.050931919933483,101.0,132.0,0.0,54,0,1,1788024510308);
INSERT INTO "grid_nodes" VALUES('cmtenmlwl2gm0n3mkzmjg2bkt','IL-610','cmtenmbf900jxn3mkaiths4fs','JAZ','industrial_load','Jazan City Industrial Complex 1','المجمع الصناعي مدينة جازان 1',16.92777342827581,42.603793344967443,138.0,132.0,0.0,53,0,1,1788024510308);
INSERT INTO "grid_nodes" VALUES('cmtenmlwl2gm1n3mk4jz9b8aa','IL-611','cmtenmbf900jyn3mkds6zf7ub','JAZ','industrial_load','Sabya Industrial Complex 2','المجمع الصناعي صبيا 2',17.17127867308967,42.767913132639983,138.0,132.0,0.0,28,0,1,1788024510308);
INSERT INTO "grid_nodes" VALUES('cmtenmlwm2gm2n3mkw8f1mz7k','IL-612','cmtenmbfa00kcn3mklfb5j4gp','ABT','industrial_load','Abha North Industrial Complex 1','المجمع الصناعي أبها الشمالية 1',18.318081441638991,42.519717606055373,233.0,132.0,0.0,81,0,1,1788024510308);
INSERT INTO "grid_nodes" VALUES('cmtenmlwm2gm3n3mkxe7yklrs','IL-613','cmtenmbfa00ksn3mkh6ubdip7','QSM','industrial_load','Al Bukayriyah Industrial Complex 1','المجمع الصناعي البكيرية 1',26.24752652334422,43.675800564112137,180.0,132.0,0.0,85,0,1,1788024510308);
INSERT INTO "grid_nodes" VALUES('cmtenmlwm2gm4n3mk7ly00tf9','IL-614','cmtenmbfa00ktn3mkdm3vb6qr','QSM','industrial_load','Buraydah Industrial Complex 2','المجمع الصناعي بريدة 2',26.36237675821781,43.995787101294837,180.0,132.0,0.0,22,0,1,1788024510308);
INSERT INTO "grid_nodes" VALUES('cmtenmlwm2gm5n3mkb6wc2204','PP-301','cmtenmbf300f9n3mkw3ur28e8','RYD','power_plant','Salboukh Combined Cycle Plant 1','محطة السلبوخ للدورة المركبة 1',25.07672242038548,46.426969385572903,5741.0,380.0,0.08641,0,1,0,1788024510308);
INSERT INTO "grid_nodes" VALUES('cmtenmlwm2gm6n3mk6t2ekd5r','PP-302','cmtenmbf300fan3mknizhxrb2','RYD','power_plant','Al Faisaliyah Combined Cycle Plant 2','محطة الفيصلية للدورة المركبة 2',24.763797088019921,46.691235043543578,5741.0,380.0,0.05872,0,1,0,1788024510308);
INSERT INTO "grid_nodes" VALUES('cmtenmlwm2gm7n3mkzhd3n96d','PP-303','cmtenmbf300fbn3mk33ffkjhi','RYD','power_plant','Al Naseem Combined Cycle Plant 3','محطة النسيم للدورة المركبة 3',24.79935381778181,46.824838046475499,5741.0,380.0,0.03041,0,1,0,1788024510308);
INSERT INTO "grid_nodes" VALUES('cmtenmlwm2gm8n3mkekxat41w','PP-304','cmtenmbf400g9n3mkouoiocc7','JED','power_plant','Al Rehab Combined Cycle Plant 1','محطة الرحاب للدورة المركبة 1',21.539013615827269,39.233156503830102,4731.0,380.0,0.09143,0,1,0,1788024510308);
INSERT INTO "grid_nodes" VALUES('cmtenmlwm2gm9n3mko54vya2a','PP-305','cmtenmbf400gan3mkip8rgw0y','JED','power_plant','Al Hamra Combined Cycle Plant 2','محطة الحمراء للدورة المركبة 2',21.494512381515651,39.167571000289172,4731.0,380.0,0.06432,0,1,0,1788024510308);
INSERT INTO "grid_nodes" VALUES('cmtenmlwm2gman3mkcxw7byw8','PP-306','cmtenmbf600hdn3mkh1ssddn8','DMM','power_plant','Qatif Combined Cycle Plant 1','محطة القطيف للدورة المركبة 1',26.558295300804819,50.029953622074054,4088.0,380.0,0.06891,0,1,0,1788024510308);
INSERT INTO "grid_nodes" VALUES('cmtenmlwm2gmbn3mkqpvz4ffm','PP-307','cmtenmbf600hen3mkr4w7bjls','DMM','power_plant','Al Khobar Combined Cycle Plant 2','محطة الخبر للدورة المركبة 2',26.274423563095549,50.179464481390269,4088.0,380.0,0.04769,0,1,0,1788024510308);
INSERT INTO "grid_nodes" VALUES('cmtenmlwm2gmcn3mks4xr5741','PP-308','cmtenmbf600hfn3mknzyfw1oe','DMM','power_plant','Dhahran Combined Cycle Plant 3','محطة الظهران للدورة المركبة 3',26.309818797611449,50.127482403536519,4088.0,380.0,0.02255,0,1,0,1788024510308);
INSERT INTO "grid_nodes" VALUES('cmtenmlwm2gmdn3mkfeafyywy','PP-309','cmtenmbf700i3n3mkaw1p966k','MAK','power_plant','Al Sharai Combined Cycle Plant 1','محطة الشرائع للدورة المركبة 1',21.469599836690719,39.96456876940988,3145.0,380.0,0.04586,0,1,0,1788024510308);
INSERT INTO "grid_nodes" VALUES('cmtenmlwm2gmen3mkefrzxwiv','PP-310','cmtenmbf700i4n3mk06b8tr12','MAK','power_plant','Mina Combined Cycle Plant 2','محطة منى للدورة المركبة 2',21.423511173081021,39.915821381210911,3145.0,380.0,0.02702,0,1,0,1788024510308);
INSERT INTO "grid_nodes" VALUES('cmtenmlwm2gmfn3mk1a7vap7z','PP-311','cmtenmbf800imn3mkfin7q5dx','MED','power_plant','Al Aqiq Combined Cycle Plant 1','محطة العقيق للدورة المركبة 1',24.545199836690721,39.505868769409887,3861.0,380.0,0.04502,0,1,0,1788024510308);
INSERT INTO "grid_nodes" VALUES('cmtenmlwm2gmgn3mkef4cd6vz','PP-312','cmtenmbf800izn3mkk41gz2ox','TUU','power_plant','Haql Combined Cycle Plant 1','محطة حقل للدورة المركبة 1',29.240360950716958,34.866591279385609,1457.0,380.0,0.03707,0,1,0,1788024510308);
INSERT INTO "grid_nodes" VALUES('cmtenmlwm2gmhn3mktqnaqgw7','PP-313','cmtenmbf900jdn3mk52qe7uao','NEO','power_plant','Trojena Combined Cycle Plant 1','محطة تروجينا للدورة المركبة 1',28.31970804913863,36.045241663343447,864.0,380.0,0.02244,0,1,0,1788024510308);
INSERT INTO "grid_nodes" VALUES('cmtenmlwm2gmin3mkzmstzca7','PP-314','cmtenmbf900jtn3mk31ex0l6p','JAZ','power_plant','Sabya Combined Cycle Plant 1','محطة صبيا للدورة المركبة 1',17.162613615827262,42.741256503830101,2257.0,380.0,0.03135,0,1,0,1788024510308);
INSERT INTO "grid_nodes" VALUES('cmtenmlwm2gmjn3mkpfg4k5w7','PP-315','cmtenmbfa00k8n3mkbyx0mikm','ABT','power_plant','Khamis Mushait Combined Cycle Plant 1','محطة خميس مشيط للدورة المركبة 1',18.31076748574711,42.732318583178142,1917.0,380.0,0.02938,0,1,0,1788024510308);
INSERT INTO "grid_nodes" VALUES('cmtenmlwm2gmkn3mkf0pxb31m','PP-316','cmtenmbfa00kpn3mkjqfaif1j','QSM','power_plant','Unaizah Combined Cycle Plant 1','محطة عنيزة للدورة المركبة 1',26.068247774135319,44.000723865227783,2864.0,380.0,0.04929,0,1,0,1788024510308);
INSERT INTO "grid_nodes" VALUES('cmtenmlwm2gmln3mk13cxzhy3','SF-401','cmtenmbf300fcn3mkj7jm6iiu','RYD','solar_farm','Al Faisaliyah Solar PV 1','محطة الفيصلية الكهروضوئية 1',24.94379708801992,46.891235043543581,1744.0,132.0,0.02836,0,1,0,1788024510308);
INSERT INTO "grid_nodes" VALUES('cmtenmlwm2gmmn3mkjllkgl1y','SF-402','cmtenmbf300fdn3mkv5tovgus','RYD','solar_farm','Al Naseem Solar PV 2','محطة النسيم الكهروضوئية 2',24.97935381778181,47.024838046475502,1744.0,132.0,0.02809,0,1,0,1788024510308);
INSERT INTO "grid_nodes" VALUES('cmtenmlwm2gmnn3mkejl5ohfb','SF-403','cmtenmbf400gbn3mk15s4gda6','JED','solar_farm','Al Hamra Solar PV 1','محطة الحمراء الكهروضوئية 1',21.674512381515651,39.367571000289168,1482.0,132.0,0.03323,0,1,0,1788024510308);
INSERT INTO "grid_nodes" VALUES('cmtenmlwm2gmon3mkw1fy2vn9','SF-404','cmtenmbf600hgn3mkrijipste','DMM','solar_farm','Al Khobar Solar PV 1','محطة الخبر الكهروضوئية 1',26.454423563095549,50.379464481390272,1606.0,132.0,0.01824,0,1,0,1788024510308);
INSERT INTO "grid_nodes" VALUES('cmtenmlwm2gmpn3mkaexqnfgu','SF-405','cmtenmbf700i5n3mklg7h8die','MAK','solar_farm','Mina Solar PV 1','محطة منى الكهروضوئية 1',21.603511173081021,40.115821381210907,888.0,132.0,0.02935,0,1,0,1788024510308);
INSERT INTO "grid_nodes" VALUES('cmtenmlwm2gmqn3mk4tu6kb3g','SF-406','cmtenmbf800inn3mkck1034i8','MED','solar_farm','Al Hijrah Solar PV 1','محطة الهجرة الكهروضوئية 1',24.79911117308102,39.807121381210912,891.0,132.0,0.02177,0,1,0,1788024510308);
INSERT INTO "grid_nodes" VALUES('cmtenmlwm2gmrn3mkwvye8ch1','SF-407','cmtenmbf800j0n3mk5erbr2qc','TUU','solar_farm','Duba Solar PV 1','محطة ضبا الكهروضوئية 1',27.667409806792811,36.403730390435094,961.0,132.0,0.03707,0,1,0,1788024510308);
INSERT INTO "grid_nodes" VALUES('cmtenmlwm2gmsn3mkw51ip6su','SF-408','cmtenmbf900jen3mkh9dxt81d','NEO','solar_farm','Sindalah Solar PV 1','محطة سندالة الكهروضوئية 1',28.22987200004011,35.375755721376457,1008.0,132.0,0.02244,0,1,0,1788024510308);
INSERT INTO "grid_nodes" VALUES('cmtenmlwm2gmtn3mk5b7al7z7','SF-409','cmtenmbf900jun3mksvpgmcxs','JAZ','solar_farm','Abu Arish Solar PV 1','محطة أبو عريش الكهروضوئية 1',17.148112381515649,42.985671000289173,427.0,132.0,0.03135,0,1,0,1788024510308);
INSERT INTO "grid_nodes" VALUES('cmtenmlwm2gmun3mktxm8w1tr','SF-410','cmtenmbfa00k9n3mktb5u8xm1','ABT','solar_farm','Ahad Rufaidah Solar PV 1','محطة أحد رفيدة الكهروضوئية 1',18.35045359431394,42.854924295061082,513.0,132.0,0.02938,0,1,0,1788024510308);
INSERT INTO "grid_nodes" VALUES('cmtenmlwm2gmvn3mkeoe61s82','SF-411','cmtenmbfa00kqn3mk89mg9kp1','QSM','solar_farm','Al Rass Solar PV 1','محطة الرس الكهروضوئية 1',26.19474877901748,43.651332052610819,1079.0,132.0,0.04929,0,1,0,1788024510308);
INSERT INTO "grid_nodes" VALUES('cmtenmlwm2gmwn3mkqoxag686','SUB-ABT-01','cmtenmbf900k0n3mkztn8jy15','ABT','substation','Abha North Substation','محطة تحويل أبها الشمالية',18.322591585746039,42.518041456361118,1113.0,380.0,0.02938,76860,0,0,1788024510308);
INSERT INTO "grid_nodes" VALUES('cmtenmlwm2gmxn3mksrjwvjlc','SUB-ABT-02','cmtenmbf900k1n3mksw22koy7','ABT','substation','Khamis Mushait Substation','محطة تحويل خميس مشيط',18.31076748574711,42.732318583178142,1113.0,380.0,0.02938,76860,0,0,1788024510308);
INSERT INTO "grid_nodes" VALUES('cmtenmlwm2gmyn3mkef91ckli','SUB-DMM-01','cmtenmbf500gfn3mk2si9vvh7','DMM','substation','Jubail Substation','محطة تحويل الجبيل',27.025664448772371,49.790067587607723,1792.0,380.0,0.09174,91920,0,0,1788024510308);
INSERT INTO "grid_nodes" VALUES('cmtenmlwm2gmzn3mkaj43iyty','SUB-DMM-02','cmtenmbf500ggn3mkse53yfu5','DMM','substation','Qatif Substation','محطة تحويل القطيف',26.558295300804819,50.029953622074054,1792.0,380.0,0.06891,91920,0,0,1788024510308);
INSERT INTO "grid_nodes" VALUES('cmtenmlwm2gn0n3mkoisu4lmb','SUB-DMM-03','cmtenmbf500ghn3mk1pn7vpfl','DMM','substation','Al Khobar Substation','محطة تحويل الخبر',26.274423563095549,50.179464481390269,1792.0,132.0,0.04769,91920,0,0,1788024510308);
INSERT INTO "grid_nodes" VALUES('cmtenmlwm2gn1n3mkm2lkptna','SUB-DMM-04','cmtenmbf500gin3mko55r2a0o','DMM','substation','Dhahran Substation','محطة تحويل الظهران',26.309818797611449,50.127482403536519,1792.0,380.0,0.02255,91920,0,0,1788024510308);
INSERT INTO "grid_nodes" VALUES('cmtenmlwm2gn2n3mkly29du2v','SUB-DMM-05','cmtenmbf500gjn3mk3mj7xgkq','DMM','substation','Ras Tanura Substation','محطة تحويل رأس تنورة',26.67742044498846,50.098144983939093,1792.0,380.0,0.01824,91920,0,0,1788024510308);
INSERT INTO "grid_nodes" VALUES('cmtenmlwm2gn3n3mkrk28qorq','SUB-DMM-06','cmtenmbf500gkn3mkd31wiljy','DMM','substation','Abqaiq Substation','محطة تحويل بقيق',25.988842164293679,49.921465364975113,1792.0,132.0,0.02302,91920,0,0,1788024510308);
INSERT INTO "grid_nodes" VALUES('cmtenmlwm2gn4n3mksyvfoel4','SUB-DMM-07','cmtenmbf500gln3mkl6h2oub8','DMM','substation','Safwa Substation','محطة تحويل صفوى',26.636627062099802,49.983228164437414,1792.0,380.0,0.02134,91920,0,0,1788024510308);
INSERT INTO "grid_nodes" VALUES('cmtenmlwm2gn5n3mkfpjv5s5j','SUB-JAZ-01','cmtenmbf900jkn3mkz6fp9rlk','JAZ','substation','Jazan City Substation','محطة تحويل مدينة جازان',16.905500296285,42.605879652057219,1315.0,380.0,0.03135,41370,0,0,1788024510308);
INSERT INTO "grid_nodes" VALUES('cmtenmlwm2gn6n3mkghpattit','SUB-JAZ-02','cmtenmbf900jln3mk0y55dq89','JAZ','substation','Sabya Substation','محطة تحويل صبيا',17.162613615827262,42.741256503830101,1315.0,380.0,0.03135,41370,0,0,1788024510308);
INSERT INTO "grid_nodes" VALUES('cmtenmlwm2gn7n3mk7y6gwnm3','SUB-JED-01','cmtenmbf300fhn3mkmujznkfy','JED','substation','Obhur Substation','محطة تحويل أبحر',21.76190029628501,39.157779652057222,1653.0,380.0,0.12248,328790,0,0,1788024510308);
INSERT INTO "grid_nodes" VALUES('cmtenmlwm2gn8n3mk6crwzrpa','SUB-JED-02','cmtenmbf300fin3mk2kjjhyyx','JED','substation','Al Rehab Substation','محطة تحويل الرحاب',21.539013615827269,39.233156503830102,1653.0,380.0,0.09143,328790,0,0,1788024510308);
INSERT INTO "grid_nodes" VALUES('cmtenmlwm2gn9n3mkq3fr4h3j','SUB-JED-03','cmtenmbf300fjn3mk5ctcblye','JED','substation','Al Hamra Substation','محطة تحويل الحمراء',21.494512381515651,39.167571000289172,1653.0,132.0,0.06432,328790,0,0,1788024510308);
INSERT INTO "grid_nodes" VALUES('cmtenmlwm2gnan3mk2l7mru3t','SUB-JED-04','cmtenmbf300fkn3mkcytnrdba','JED','substation','Bahrah Substation','محطة تحويل بحرة',21.384173428275808,39.505693344967447,1653.0,380.0,0.03323,328790,0,0,1788024510308);
INSERT INTO "grid_nodes" VALUES('cmtenmlwm2gnbn3mkdosanzza','SUB-JED-05','cmtenmbf300fln3mk6dyopin3','JED','substation','Thuwal Substation','محطة تحويل ثول',22.217678673089669,39.119813132639983,1653.0,380.0,0.03048,328790,0,0,1788024510308);
INSERT INTO "grid_nodes" VALUES('cmtenmlwm2gncn3mkkd8s554x','SUB-JED-06','cmtenmbf400fmn3mkueexxrzn','JED','substation','Al Salamah Substation','محطة تحويل السلامة',21.55269103245735,39.201001708591363,1653.0,132.0,0.03131,328790,0,0,1788024510308);
INSERT INTO "grid_nodes" VALUES('cmtenmlwm2gndn3mk419nml57','SUB-MAK-01','cmtenmbf600hln3mk2od91tqt','MAK','substation','Al Aziziyah Substation','محطة تحويل العزيزية',21.339173108477521,39.894238171074171,1568.0,380.0,0.06657,214515,0,0,1788024510308);
INSERT INTO "grid_nodes" VALUES('cmtenmlwm2gnen3mk71w7k4hc','SUB-MAK-02','cmtenmbf600hmn3mk4qmjqwsj','MAK','substation','Al Sharai Substation','محطة تحويل الشرائع',21.469599836690719,39.96456876940988,1568.0,380.0,0.04586,214515,0,0,1788024510308);
INSERT INTO "grid_nodes" VALUES('cmtenmlwm2gnfn3mk8bocre5l','SUB-MAK-03','cmtenmbf600hnn3mknbrd8a1k','MAK','substation','Mina Substation','محطة تحويل منى',21.423511173081021,39.915821381210911,1568.0,132.0,0.02702,214515,0,0,1788024510308);
INSERT INTO "grid_nodes" VALUES('cmtenmlwm2gngn3mkgb3u6w1v','SUB-MAK-04','cmtenmbf600hon3mk55kzwuue','MAK','substation','Al Kakiyah Substation','محطة تحويل الككية',21.362933642909301,39.805949143068503,1568.0,380.0,0.02935,214515,0,0,1788024510308);
INSERT INTO "grid_nodes" VALUES('cmtenmlwm2gnhn3mkfzgsuesg','SUB-MED-01','cmtenmbf700i9n3mkis49pt4w','MED','substation','Quba Substation','محطة تحويل قباء',24.474773108477521,39.595538171074168,1383.0,380.0,0.0691,211680,0,0,1788024510308);
INSERT INTO "grid_nodes" VALUES('cmtenmlwm2gnin3mkmoru8t27','SUB-MED-02','cmtenmbf700ian3mk64r7o3i2','MED','substation','Al Aqiq Substation','محطة تحويل العقيق',24.545199836690721,39.505868769409887,1383.0,380.0,0.04502,211680,0,0,1788024510308);
INSERT INTO "grid_nodes" VALUES('cmtenmlwm2gnjn3mkv5o7yqx0','SUB-MED-03','cmtenmbf700ibn3mkbpxfxslc','MED','substation','Al Hijrah Substation','محطة تحويل الهجرة',24.61911117308102,39.607121381210909,1383.0,132.0,0.02177,211680,0,0,1788024510308);
INSERT INTO "grid_nodes" VALUES('cmtenmlwn2gnkn3mkw7ldxwws','SUB-NEO-01','cmtenmbf800j5n3mkv4cud574','NEO','substation','Oxagon Substation','محطة تحويل أوكساجون',27.800133964428301,35.515071655166523,961.0,380.0,0.02244,9240,0,0,1788024510308);
INSERT INTO "grid_nodes" VALUES('cmtenmlwn2gnln3mkuf5czuds','SUB-NEO-02','cmtenmbf800j6n3mkmuegb5zg','NEO','substation','Trojena Substation','محطة تحويل تروجينا',28.31970804913863,36.045241663343447,961.0,380.0,0.02244,9240,0,0,1788024510308);
INSERT INTO "grid_nodes" VALUES('cmtenmlwn2gnmn3mkh9h7n5d2','SUB-QSM-01','cmtenmbfa00ken3mk79x44o4r','QSM','substation','Buraydah Substation','محطة تحويل بريدة',26.330058269718659,43.986001434857023,1720.0,380.0,0.04929,169470,0,0,1788024510308);
INSERT INTO "grid_nodes" VALUES('cmtenmlwn2gnnn3mk3r1k62l0','SUB-QSM-02','cmtenmbfa00kfn3mktxnv4m64','QSM','substation','Unaizah Substation','محطة تحويل عنيزة',26.068247774135319,44.000723865227783,1720.0,380.0,0.04929,169470,0,0,1788024510308);
INSERT INTO "grid_nodes" VALUES('cmtenmlwn2gnon3mkdnatb568','SUB-RYD-01','cmtenmbf100dvn3mklqp65wf5','RYD','substation','Al Hair Substation','محطة تحويل الحائر',24.360354192998631,46.777581121974812,1702.0,380.0,0.12304,293084,0,0,1788024510308);
INSERT INTO "grid_nodes" VALUES('cmtenmlwn2gnpn3mkkefn5bje','SUB-RYD-02','cmtenmbf100dwn3mkc6b7jlrg','RYD','substation','Salboukh Substation','محطة تحويل السلبوخ',25.07672242038548,46.426969385572903,1702.0,380.0,0.08641,293084,0,0,1788024510308);
INSERT INTO "grid_nodes" VALUES('cmtenmlwn2gnqn3mkzyyu8j3y','SUB-RYD-03','cmtenmbf100dxn3mki79eqawq','RYD','substation','Al Faisaliyah Substation','محطة تحويل الفيصلية',24.763797088019921,46.691235043543578,1702.0,132.0,0.05872,293084,0,0,1788024510308);
INSERT INTO "grid_nodes" VALUES('cmtenmlwn2gnrn3mk7l6pyo3s','SUB-RYD-04','cmtenmbf100dyn3mkxbzl6s4z','RYD','substation','Al Naseem Substation','محطة تحويل النسيم',24.79935381778181,46.824838046475499,1702.0,380.0,0.03041,293084,0,0,1788024510308);
INSERT INTO "grid_nodes" VALUES('cmtenmlwn2gnsn3mk7sn6nup0','SUB-RYD-05','cmtenmbf100dzn3mktgndt3i1','RYD','substation','Diriyah Substation','محطة تحويل الدرعية',24.860056863870849,46.506597737089919,1702.0,380.0,0.02836,293084,0,0,1788024510308);
INSERT INTO "grid_nodes" VALUES('cmtenmlwn2gntn3mkwil5bzeu','SUB-RYD-06','cmtenmbf100e0n3mkhj3s86os','RYD','substation','Al Rimal Substation','محطة تحويل الرمال',24.834149156405029,46.970270750231293,1702.0,132.0,0.02809,293084,0,0,1788024510308);
INSERT INTO "grid_nodes" VALUES('cmtenmlwn2gnun3mkr0y3ydm2','SUB-RYD-07','cmtenmbf100e1n3mksv8v19t4','RYD','substation','Irqah Substation','محطة تحويل عرقة',24.734837689787518,46.509274529653787,1702.0,380.0,0.02897,293084,0,0,1788024510308);
INSERT INTO "grid_nodes" VALUES('cmtenmlwn2gnvn3mkt483mc08','SUB-RYD-08','cmtenmbf100e2n3mklc3jy4ky','RYD','substation','Al Malaz Substation','محطة تحويل الملز',24.682746348880599,46.737637432401257,1702.0,380.0,0.02811,293084,0,0,1788024510308);
INSERT INTO "grid_nodes" VALUES('cmtenmlwn2gnwn3mkj8j0urly','SUB-RYD-09','cmtenmbf100e3n3mkpkkkufx6','RYD','substation','Sulaymaniyah Substation','محطة تحويل السليمانية',24.76147962730974,46.660708667754378,1702.0,132.0,0.03043,293084,0,0,1788024510308);
INSERT INTO "grid_nodes" VALUES('cmtenmlwn2gnxn3mkxsd00ss8','SUB-RYD-10','cmtenmbf100e4n3mkk3a7660g','RYD','substation','Al Kharj Road Substation','محطة تحويل طريق الخرج',24.498515360324081,46.929899080905322,1702.0,380.0,0.02844,293084,0,0,1788024510308);
INSERT INTO "grid_nodes" VALUES('cmtenmlwn2gnyn3mk2iyf0cej','SUB-RYD-11','cmtenmbf100e5n3mkya3x8tac','RYD','substation','Al Hair Substation','محطة تحويل الحائر',24.3907249777358,46.786432204029708,1702.0,380.0,0.03143,293084,0,0,1788024510308);
INSERT INTO "grid_nodes" VALUES('cmtenmlwn2gnzn3mkyw6duooy','SUB-TUU-01','cmtenmbf800irn3mkvamey2tt','TUU','substation','Tabuk North Substation','محطة تحويل تبوك الشمالية',28.486448351704699,36.599785553887493,1164.0,380.0,0.03707,140070,0,0,1788024510308);
INSERT INTO "grid_nodes" VALUES('cmtenmlwn2go0n3mk70dptnyv','SUB-TUU-02','cmtenmbf800isn3mkfmjdbhzf','TUU','substation','Haql Substation','محطة تحويل حقل',29.240360950716958,34.866591279385609,1164.0,380.0,0.03707,140070,0,0,1788024510308);
INSERT INTO "grid_nodes" VALUES('cmtenmlwn2go1n3mkvenrq8li','T-102','cmtenmbf100e7n3mkitblquny','RYD','transformer','Salboukh Primary Transformer 2','محول توزيع رئيسي 2 - السلبوخ',25.076097062621638,46.42502298123501,80.0,13.8,0.00066,16371,0,0,1788024510308);
INSERT INTO "grid_nodes" VALUES('cmtenmlwn2go2n3mkp25ejl9o','T-103','cmtenmbf200e8n3mko1980kiw','RYD','transformer','Al Faisaliyah Primary Transformer 3','محول توزيع رئيسي 3 - الفيصلية',24.761771876268462,46.693345526273554,125.0,13.8,0.0012,30096,0,0,1788024510308);
INSERT INTO "grid_nodes" VALUES('cmtenmlwn2go3n3mkmenzsnj4','T-104','cmtenmbf200e9n3mknt2ulbnp','RYD','transformer','Al Naseem Bulk Transformer 4','محول نقل 4 - النسيم',24.788119209817051,46.827818277611577,489.0,132.0,0.00588,146841,0,0,1788024510308);
INSERT INTO "grid_nodes" VALUES('cmtenmlwn2go4n3mkfsbk9d2c','T-105','cmtenmbf200ean3mk67gtxphh','RYD','transformer','Diriyah Bulk Transformer 5','محول نقل 5 - الدرعية',24.861318520268799,46.50171382100806,490.0,132.0,0.00373,93171,0,0,1788024510308);
INSERT INTO "grid_nodes" VALUES('cmtenmlwn2go5n3mk34zyqgn8','T-106','cmtenmbf200ebn3mksqwnfxaw','RYD','transformer','Al Rimal Bulk Transformer 6','محول نقل 6 - الرمال',24.83590234944262,46.980415587357427,644.0,132.0,0.00635,158609,0,0,1788024510308);
INSERT INTO "grid_nodes" VALUES('cmtenmlwn2go6n3mkewx6y9i1','T-107','cmtenmbf200ecn3mkt1ujb1uo','RYD','transformer','Irqah Bulk Transformer 7','محول نقل 7 - عرقة',24.742422423363109,46.507863982324672,547.0,132.0,0.00619,154740,0,0,1788024510308);
INSERT INTO "grid_nodes" VALUES('cmtenmlwn2go7n3mkw33b02sd','T-108','cmtenmbf100e6n3mkqyewoqck','RYD','transformer','Al Hair Primary Transformer 1','محول توزيع رئيسي 1 - الحائر',24.35127009873316,46.787769692591567,63.0,13.8,0.00623,148000,0,0,1788024510308);
INSERT INTO "grid_nodes" VALUES('cmtenmlwn2go8n3mkcr92mp2j','T-109','cmtenmbf200edn3mk4157vr1s','RYD','transformer','Al Malaz Bulk Transformer 8','محول نقل 8 - الملز',24.67660136029534,46.749072519497197,567.0,132.0,0.00569,142284,0,0,1788024510308);
INSERT INTO "grid_nodes" VALUES('cmtenmlwn2go9n3mkq39omh7r','T-110','cmtenmbf200een3mk6bqb9b10','RYD','transformer','Sulaymaniyah Bulk Transformer 9','محول نقل 9 - السليمانية',24.757894086212289,46.661939537550509,594.0,132.0,0.00538,134339,0,0,1788024510308);
INSERT INTO "grid_nodes" VALUES('cmtenmlwn2goan3mkn0iazgcx','T-111','cmtenmbf200efn3mkyweh44yq','RYD','transformer','Al Kharj Road Bulk Transformer 10','محول نقل 10 - طريق الخرج',24.486634024653959,46.933270895703878,681.0,132.0,0.00652,162845,0,0,1788024510308);
INSERT INTO "grid_nodes" VALUES('cmtenmlwn2gobn3mkwgsqy0vl','T-112','cmtenmbf200egn3mkbxnsvlyi','RYD','transformer','Al Hair Bulk Transformer 11','محول نقل 11 - الحائر',24.385314009828871,46.776141978110367,575.0,132.0,0.00751,187720,0,0,1788024510308);
INSERT INTO "grid_nodes" VALUES('cmtenmlwn2gocn3mkyynd4zgc','T-113','cmtenmbf200ehn3mk67cq8art','RYD','transformer','Al Hair Bulk Transformer 12','محول نقل 12 - الحائر',24.3689371686954,46.783624618559323,606.0,132.0,0.00679,169584,0,0,1788024510308);
INSERT INTO "grid_nodes" VALUES('cmtenmlwn2godn3mkg7vhnb1h','T-114','cmtenmbf200ein3mkwak9hxcc','RYD','transformer','Salboukh Bulk Transformer 13','محول نقل 13 - السلبوخ',25.07125842366964,46.434344031104082,539.0,132.0,0.006,149854,0,0,1788024510308);
INSERT INTO "grid_nodes" VALUES('cmtenmlwn2goen3mkd6x9ge6x','T-115','cmtenmbf200ejn3mk6xn6uk0j','RYD','transformer','Al Faisaliyah Bulk Transformer 14','محول نقل 14 - الفيصلية',24.75510202674791,46.685272062911842,484.0,132.0,0.00629,157124,0,0,1788024510308);
INSERT INTO "grid_nodes" VALUES('cmtenmlwn2gofn3mklp5dtcdt','T-116','cmtenmbf200ekn3mkjy19og7r','RYD','transformer','Al Naseem Bulk Transformer 15','محول نقل 15 - النسيم',24.791815160259979,46.818229250637067,631.0,132.0,0.00546,136377,0,0,1788024510308);
INSERT INTO "grid_nodes" VALUES('cmtenmlwn2gogn3mklohtzl1g','T-117','cmtenmbf200eln3mkw5y2qqqa','RYD','transformer','Diriyah Bulk Transformer 16','محول نقل 16 - الدرعية',24.87044930086881,46.505611241580183,639.0,132.0,0.00491,122788,0,0,1788024510308);
INSERT INTO "grid_nodes" VALUES('cmtenmlwn2gohn3mkw6g9fppn','T-118','cmtenmbf200emn3mk2t1tfrny','RYD','transformer','Al Rimal Bulk Transformer 17','محول نقل 17 - الرمال',24.82215670935474,46.959304290156062,606.0,132.0,0.0058,144933,0,0,1788024510308);
INSERT INTO "grid_nodes" VALUES('cmtenmlwn2goin3mkyt4lyocr','T-119','cmtenmbf200enn3mkkh86ddi5','RYD','transformer','Irqah Bulk Transformer 18','محول نقل 18 - عرقة',24.737768891226871,46.508653139033541,498.0,132.0,0.0049,122393,0,0,1788024510308);
INSERT INTO "grid_nodes" VALUES('cmtenmlwn2gojn3mkdo9q2uc0','T-120','cmtenmbf200eon3mkj755ewjs','RYD','transformer','Al Malaz Bulk Transformer 19','محول نقل 19 - الملز',24.68206744805574,46.740106325640532,604.0,132.0,0.00439,109721,0,0,1788024510308);
INSERT INTO "grid_nodes" VALUES('cmtenmlwn2gokn3mk6rkglqzv','T-121','cmtenmbf200epn3mk1syre4ke','RYD','transformer','Sulaymaniyah Bulk Transformer 20','محول نقل 20 - السليمانية',24.763194156108789,46.670215270993488,615.0,132.0,0.00724,180835,0,0,1788024510308);
INSERT INTO "grid_nodes" VALUES('cmtenmlwn2goln3mkiewri256','T-122','cmtenmbf200eqn3mk7bztxrdo','RYD','transformer','Al Kharj Road Bulk Transformer 21','محول نقل 21 - طريق الخرج',24.503056086024639,46.93816413041688,508.0,132.0,0.00368,91986,0,0,1788024510308);
INSERT INTO "grid_nodes" VALUES('cmtenmlwn2gomn3mkftbv0c5i','T-123','cmtenmbf200ern3mk7o3b6ugn','RYD','transformer','Al Hair Bulk Transformer 22','محول نقل 22 - الحائر',24.37888520732001,46.793988815705482,547.0,132.0,0.00662,165417,0,0,1788024510308);
INSERT INTO "grid_nodes" VALUES('cmtenmlwn2gonn3mk7bhrdc1h','T-124','cmtenmbf200esn3mke3sh9min','RYD','transformer','Al Hair Bulk Transformer 23','محول نقل 23 - الحائر',24.352767699150739,46.77935678042396,601.0,132.0,0.00719,179603,0,0,1788024510308);
INSERT INTO "grid_nodes" VALUES('cmtenmlwn2goon3mkvxto8nff','T-125','cmtenmbf200etn3mklfi5q8w8','RYD','transformer','Salboukh Bulk Transformer 24','محول نقل 24 - السلبوخ',25.075160296921059,46.428210616859793,561.0,132.0,0.00408,101931,0,0,1788024510308);
INSERT INTO "grid_nodes" VALUES('cmtenmlwn2gopn3mk59hf8ogn','T-126','cmtenmbf200eun3mkjekmu6qb','RYD','transformer','Al Faisaliyah Bulk Transformer 25','محول نقل 25 - الفيصلية',24.764485361248621,46.685110247085987,521.0,132.0,0.00518,129515,0,0,1788024510308);
INSERT INTO "grid_nodes" VALUES('cmtenmlwn2goqn3mkn3532vuk','T-127','cmtenmbf200evn3mku03fsrqv','RYD','transformer','Al Naseem Bulk Transformer 26','محول نقل 26 - النسيم',24.81083325769044,46.833998064947501,575.0,132.0,0.00734,183539,0,0,1788024510308);
INSERT INTO "grid_nodes" VALUES('cmtenmlwo2gorn3mkfav6450a','T-128','cmtenmbf300ewn3mksl0sl0ud','RYD','transformer','Diriyah Bulk Transformer 27','محول نقل 27 - الدرعية',24.852981769800561,46.509217801132429,665.0,132.0,0.00798,199519,0,0,1788024510308);
INSERT INTO "grid_nodes" VALUES('cmtenmlwo2gosn3mkgxlc0p6c','T-129','cmtenmbf300exn3mklr2lcsf8','RYD','transformer','Al Rimal Bulk Transformer 28','محول نقل 28 - الرمال',24.831771284783631,46.961643310438092,480.0,132.0,0.00421,105288,0,0,1788024510308);
INSERT INTO "grid_nodes" VALUES('cmtenmlwo2gotn3mkcq3onpeq','T-130','cmtenmbf300eyn3mko37yeia2','RYD','transformer','Irqah Bulk Transformer 29','محول نقل 29 - عرقة',24.727429880194741,46.511085968402398,580.0,132.0,0.00615,153779,0,0,1788024510308);
INSERT INTO "grid_nodes" VALUES('cmtenmlwo2goun3mkm0z1v9oa','T-131','cmtenmbf300ezn3mktf8el4gl','RYD','transformer','Al Malaz Bulk Transformer 30','محول نقل 30 - الملز',24.674891922066362,46.7453828350354,648.0,132.0,0.00629,157299,0,0,1788024510308);
INSERT INTO "grid_nodes" VALUES('cmtenmlwo2govn3mkma5glzd1','T-132','cmtenmbf300f0n3mk0tx06ivo','RYD','transformer','Sulaymaniyah Bulk Transformer 31','محول نقل 31 - السليمانية',24.77005787846856,46.654074085449061,640.0,132.0,0.00609,152209,0,0,1788024510308);
INSERT INTO "grid_nodes" VALUES('cmtenmlwo2gown3mk791n3alh','T-133','cmtenmbf300f1n3mkjd0hv7ai','RYD','transformer','Al Kharj Road Bulk Transformer 32','محول نقل 32 - طريق الخرج',24.49650805107169,46.939876525183387,655.0,132.0,0.00652,162865,0,0,1788024510308);
INSERT INTO "grid_nodes" VALUES('cmtenmlwo2goxn3mk2l9gacez','T-134','cmtenmbf300f2n3mkrm3p6cmc','RYD','transformer','Al Hair Bulk Transformer 33','محول نقل 33 - الحائر',24.391462102434041,46.7859933569666,618.0,132.0,0.00557,139097,0,0,1788024510308);
INSERT INTO "grid_nodes" VALUES('cmtenmlwo2goyn3mkmy16oz2g','T-135','cmtenmbf300f3n3mkhdy12s1b','RYD','transformer','Al Hair Bulk Transformer 34','محول نقل 34 - الحائر',24.35110150174647,46.766583368019383,488.0,132.0,0.00469,117133,0,0,1788024510308);
INSERT INTO "grid_nodes" VALUES('cmtenmlwo2gozn3mk5w2wort1','T-136','cmtenmbf300f4n3mkduybx2gr','RYD','transformer','Salboukh Bulk Transformer 35','محول نقل 35 - السلبوخ',25.069368803272401,46.428090130689739,506.0,132.0,0.00523,130738,0,0,1788024510308);
INSERT INTO "grid_nodes" VALUES('cmtenmlwo2gp0n3mkh3zq77ur','T-137','cmtenmbf300f5n3mk53txa8x1','RYD','transformer','Al Faisaliyah Bulk Transformer 36','محول نقل 36 - الفيصلية',24.767840553677079,46.699410317418362,446.0,132.0,0.00391,97721,0,0,1788024510308);
INSERT INTO "grid_nodes" VALUES('cmtenmlwo2gp1n3mk5k1viukw','T-138','cmtenmbf400fnn3mkfyievrki','JED','transformer','Obhur Primary Transformer 1','محول توزيع رئيسي 1 - أبحر',21.75708583193757,39.152719364348798,63.0,13.8,0.00106,18357,0,0,1788024510308);
INSERT INTO "grid_nodes" VALUES('cmtenmlwo2gp2n3mk7hssklgi','T-139','cmtenmbf400fon3mk0fv6lkx4','JED','transformer','Al Rehab Primary Transformer 2','محول توزيع رئيسي 2 - الرحاب',21.54588402862214,39.237060317665339,80.0,13.8,0.00079,19681,0,0,1788024510308);
INSERT INTO "grid_nodes" VALUES('cmtenmlwo2gp3n3mke08a9dxy','T-140','cmtenmbf400fpn3mkdeutsrmw','JED','transformer','Al Hamra Bulk Transformer 3','محول نقل 3 - الحمراء',21.49985675786175,39.168766843441873,611.0,132.0,0.00657,164100,0,0,1788024510308);
INSERT INTO "grid_nodes" VALUES('cmtenmlwo2gp4n3mktqm9qkds','T-141','cmtenmbf400fqn3mkpkjpybxw','JED','transformer','Bahrah Bulk Transformer 4','محول نقل 4 - بحرة',21.372206437870119,39.514295908216397,697.0,132.0,0.00939,234559,0,0,1788024510308);
INSERT INTO "grid_nodes" VALUES('cmtenmlwo2gp5n3mk8k4dt722','T-142','cmtenmbf400frn3mkcdcspk1p','JED','transformer','Thuwal Bulk Transformer 5','محول نقل 5 - ثول',22.215486776207762,39.129084514915952,512.0,132.0,0.00521,130105,0,0,1788024510308);
INSERT INTO "grid_nodes" VALUES('cmtenmlwo2gp6n3mkv0n65fo3','T-143','cmtenmbf400fsn3mk476ks319','JED','transformer','Al Salamah Bulk Transformer 6','محول نقل 6 - السلامة',21.546371848332878,39.205790023138754,519.0,132.0,0.00497,124218,0,0,1788024510308);
INSERT INTO "grid_nodes" VALUES('cmtenmlwo2gp7n3mks45zoclk','T-144','cmtenmbf400ftn3mkghm02n3x','JED','transformer','Obhur Bulk Transformer 7','محول نقل 7 - أبحر',21.764814394467699,39.150025218296797,550.0,132.0,0.00745,186204,0,0,1788024510308);
INSERT INTO "grid_nodes" VALUES('cmtenmlwo2gp8n3mkkz64802x','T-145','cmtenmbf400fun3mk2yeqjn9g','JED','transformer','Al Rehab Bulk Transformer 8','محول نقل 8 - الرحاب',21.52784456980713,39.241768652455882,698.0,132.0,0.00739,184712,0,0,1788024510308);
INSERT INTO "grid_nodes" VALUES('cmtenmlwo2gp9n3mkv0cjjn5z','T-146','cmtenmbf400fvn3mk1wnb3cqp','JED','transformer','Al Hamra Bulk Transformer 9','محول نقل 9 - الحمراء',21.487029178916661,39.170224568402404,492.0,132.0,0.00581,145288,0,0,1788024510308);
INSERT INTO "grid_nodes" VALUES('cmtenmlwo2gpan3mkosmfic1h','T-147','cmtenmbf400fwn3mkoc0ejnac','JED','transformer','Bahrah Bulk Transformer 10','محول نقل 10 - بحرة',21.380909694017099,39.512082454018312,626.0,132.0,0.00463,115678,0,0,1788024510308);
INSERT INTO "grid_nodes" VALUES('cmtenmlwo2gpbn3mkphp38ijj','T-148','cmtenmbf400fxn3mk0bjfdtig','JED','transformer','Thuwal Bulk Transformer 11','محول نقل 11 - ثول',22.218814043984931,39.120623918581757,698.0,132.0,0.00609,152197,0,0,1788024510308);
INSERT INTO "grid_nodes" VALUES('cmtenmlwo2gpcn3mkf3zc9jzo','T-149','cmtenmbf400fyn3mk8o0rscti','JED','transformer','Al Salamah Bulk Transformer 12','محول نقل 12 - السلامة',21.552521509667109,39.197338822286582,661.0,132.0,0.00864,215872,0,0,1788024510308);
INSERT INTO "grid_nodes" VALUES('cmtenmlwo2gpdn3mk1j4eu5id','T-150','cmtenmbf400fzn3mkfjhetznf','JED','transformer','Obhur Bulk Transformer 13','محول نقل 13 - أبحر',21.763095453965661,39.153438770653693,554.0,132.0,0.00437,109280,0,0,1788024510308);
INSERT INTO "grid_nodes" VALUES('cmtenmlwo2gpen3mkcndci57j','T-151','cmtenmbf400g0n3mkehyso1ck','JED','transformer','Al Rehab Bulk Transformer 14','محول نقل 14 - الرحاب',21.533402814910939,39.241289028529067,588.0,132.0,0.00577,144137,0,0,1788024510308);
INSERT INTO "grid_nodes" VALUES('cmtenmlwo2gpfn3mk4sawkj7s','T-152','cmtenmbf400g1n3mkwl3ax57z','JED','transformer','Al Hamra Bulk Transformer 15','محول نقل 15 - الحمراء',21.493984199614449,39.171478507542993,671.0,132.0,0.00556,138844,0,0,1788024510308);
INSERT INTO "grid_nodes" VALUES('cmtenmlwo2gpgn3mkaqhbf6gy','T-153','cmtenmbf400g2n3mk839dkjo1','JED','transformer','Bahrah Bulk Transformer 16','محول نقل 16 - بحرة',21.392889787153528,39.497461625026553,490.0,132.0,0.00605,151296,0,0,1788024510308);
INSERT INTO "grid_nodes" VALUES('cmtenmlwo2gphn3mksw9zwjny','T-154','cmtenmbf400g3n3mkyfefbe05','JED','transformer','Thuwal Bulk Transformer 17','محول نقل 17 - ثول',22.212075650579479,39.119443112485108,554.0,132.0,0.00602,150456,0,0,1788024510308);
INSERT INTO "grid_nodes" VALUES('cmtenmlwo2gpin3mkix5xnly4','T-155','cmtenmbf400g4n3mkwzwn211f','JED','transformer','Al Salamah Bulk Transformer 18','محول نقل 18 - السلامة',21.550184708477179,39.207153352022168,515.0,132.0,0.00454,113471,0,0,1788024510308);
INSERT INTO "grid_nodes" VALUES('cmtenmlwo2gpjn3mkuxqknu21','T-156','cmtenmbf400g5n3mk0mkx8xh8','JED','transformer','Obhur Bulk Transformer 19','محول نقل 19 - أبحر',21.75699047374092,39.157819419275967,486.0,132.0,0.005,124943,0,0,1788024510308);
INSERT INTO "grid_nodes" VALUES('cmtenmlwo2gpkn3mkev3crucb','T-157','cmtenmbf500gmn3mkx9gcrdhv','DMM','transformer','Jubail Primary Transformer 1','محول توزيع رئيسي 1 - الجبيل',27.01833470677845,49.796124358120558,63.0,13.8,0.0011,17440,0,0,1788024510308);
INSERT INTO "grid_nodes" VALUES('cmtenmlwo2gpln3mkxjpi8acm','T-158','cmtenmbf500gnn3mk9lljzf6z','DMM','transformer','Qatif Primary Transformer 2','محول توزيع رئيسي 2 - القطيف',26.559724790424848,50.023347378636899,80.0,13.8,0.00088,21836,0,0,1788024510308);
INSERT INTO "grid_nodes" VALUES('cmtenmlwo2gpmn3mk9ud0m2ks','T-159','cmtenmbf500gon3mkdj7ppiei','DMM','transformer','Al Khobar Bulk Transformer 3','محول نقل 3 - الخبر',26.268173763421181,50.175629430604353,524.0,132.0,0.00412,102942,0,0,1788024510308);
INSERT INTO "grid_nodes" VALUES('cmtenmlwo2gpnn3mkcecn48xo','T-160','cmtenmbf500gpn3mk6w1r891m','DMM','transformer','Dhahran Bulk Transformer 4','محول نقل 4 - الظهران',26.30097501378954,50.133136890541017,570.0,132.0,0.00735,183732,0,0,1788024510308);
INSERT INTO "grid_nodes" VALUES('cmtenmlwo2gpon3mk4scvjhtn','T-161','cmtenmbf500gqn3mk53ayp850','DMM','transformer','Ras Tanura Bulk Transformer 5','محول نقل 5 - رأس تنورة',26.679266155249248,50.092533308471737,492.0,132.0,0.00433,108235,0,0,1788024510308);
INSERT INTO "grid_nodes" VALUES('cmtenmlwo2gppn3mka4lu0glm','T-162','cmtenmbf500grn3mkcqvgoh3m','DMM','transformer','Abqaiq Bulk Transformer 6','محول نقل 6 - بقيق',25.989490316794068,49.913343696517131,663.0,132.0,0.00687,171650,0,0,1788024510308);
INSERT INTO "grid_nodes" VALUES('cmtenmlwo2gpqn3mkjyuodx0c','T-163','cmtenmbf500gsn3mkt4kodykp','DMM','transformer','Safwa Bulk Transformer 7','محول نقل 7 - صفوى',26.630791704577209,49.984746975847713,557.0,132.0,0.00621,155269,0,0,1788024510308);
INSERT INTO "grid_nodes" VALUES('cmtenmlwo2gprn3mkv6thv1a4','T-164','cmtenmbf500gtn3mk2kkit19i','DMM','transformer','Jubail Bulk Transformer 8','محول نقل 8 - الجبيل',27.01794157834798,49.780305705047397,590.0,132.0,0.00707,176504,0,0,1788024510308);
INSERT INTO "grid_nodes" VALUES('cmtenmlwo2gpsn3mka5nue1tr','T-165','cmtenmbf500gun3mk3kqgq36a','DMM','transformer','Qatif Bulk Transformer 9','محول نقل 9 - القطيف',26.547092298230901,50.033318409803513,584.0,132.0,0.00565,141097,0,0,1788024510308);
INSERT INTO "grid_nodes" VALUES('cmtenmlwo2gptn3mka34qmibp','T-166','cmtenmbf500gvn3mkywl04emx','DMM','transformer','Al Khobar Bulk Transformer 10','محول نقل 10 - الخبر',26.269153154971821,50.188445019365467,625.0,132.0,0.00592,147894,0,0,1788024510308);
INSERT INTO "grid_nodes" VALUES('cmtenmlwo2gpun3mk3t0req8q','T-167','cmtenmbf500gwn3mkxnhgo6d4','DMM','transformer','Dhahran Bulk Transformer 11','محول نقل 11 - الظهران',26.298265961707379,50.115482657552889,663.0,132.0,0.00545,136166,0,0,1788024510308);
INSERT INTO "grid_nodes" VALUES('cmtenmlwo2gpvn3mk7ssvf1jl','T-168','cmtenmbf500gxn3mkf00h6f3j','DMM','transformer','Ras Tanura Bulk Transformer 12','محول نقل 12 - رأس تنورة',26.672232452134409,50.105401346477869,569.0,132.0,0.00496,124004,0,0,1788024510308);
INSERT INTO "grid_nodes" VALUES('cmtenmlwo2gpwn3mkjeknqrhg','T-169','cmtenmbf500gyn3mkxlfjjjmg','DMM','transformer','Abqaiq Bulk Transformer 13','محول نقل 13 - بقيق',26.000116631007572,49.930242837722602,527.0,132.0,0.00565,141170,0,0,1788024510308);
INSERT INTO "grid_nodes" VALUES('cmtenmlwo2gpxn3mkadqxom81','T-170','cmtenmbf500gzn3mk7hf5kxc8','DMM','transformer','Safwa Bulk Transformer 14','محول نقل 14 - صفوى',26.631348732054981,49.978199371288717,685.0,132.0,0.00704,175854,0,0,1788024510308);
INSERT INTO "grid_nodes" VALUES('cmtenmlwo2gpyn3mkkkouufji','T-171','cmtenmbf500h0n3mk3fo7wlu0','DMM','transformer','Jubail Bulk Transformer 15','محول نقل 15 - الجبيل',27.028551588401939,49.795581175317238,631.0,132.0,0.0047,117330,0,0,1788024510308);
INSERT INTO "grid_nodes" VALUES('cmtenmlwo2gpzn3mkq82uyetd','T-172','cmtenmbf500h1n3mk29uzkupf','DMM','transformer','Qatif Bulk Transformer 16','محول نقل 16 - القطيف',26.563210626358909,50.038903085389357,592.0,132.0,0.00582,145558,0,0,1788024510308);
INSERT INTO "grid_nodes" VALUES('cmtenmlwo2gq0n3mkgw2719a2','T-173','cmtenmbf600h2n3mk5me06ace','DMM','transformer','Al Khobar Bulk Transformer 17','محول نقل 17 - الخبر',26.285332066177201,50.178432103538142,497.0,132.0,0.00534,133339,0,0,1788024510308);
INSERT INTO "grid_nodes" VALUES('cmtenmlwo2gq1n3mksl5rwrxa','T-174','cmtenmbf600h3n3mkz8eq711r','DMM','transformer','Dhahran Bulk Transformer 18','محول نقل 18 - الظهران',26.300343371704969,50.116106240241983,579.0,132.0,0.00607,151560,0,0,1788024510308);
INSERT INTO "grid_nodes" VALUES('cmtenmlwo2gq2n3mkircmo3yo','T-175','cmtenmbf600h4n3mkv2ipnapz','DMM','transformer','Ras Tanura Bulk Transformer 19','محول نقل 19 - رأس تنورة',26.675862154987449,50.091698731866863,491.0,132.0,0.00527,131616,0,0,1788024510308);
INSERT INTO "grid_nodes" VALUES('cmtenmlwo2gq3n3mkr7qytbxs','T-176','cmtenmbf600h5n3mkztxzf81c','DMM','transformer','Abqaiq Bulk Transformer 20','محول نقل 20 - بقيق',25.997096512713281,49.916699784194307,623.0,132.0,0.00683,170602,0,0,1788024510308);
INSERT INTO "grid_nodes" VALUES('cmtenmlwp2gq4n3mkm3xt6hhg','T-177','cmtenmbf600h6n3mkdffd4jpd','DMM','transformer','Safwa Bulk Transformer 21','محول نقل 21 - صفوى',26.64126051501259,49.988004283097759,575.0,132.0,0.00441,110133,0,0,1788024510308);
INSERT INTO "grid_nodes" VALUES('cmtenmlwp2gq5n3mkrp7gtmp9','T-178','cmtenmbf600h7n3mka790cj16','DMM','transformer','Jubail Bulk Transformer 22','محول نقل 22 - الجبيل',27.034626642315459,49.789446433882411,522.0,132.0,0.00629,157151,0,0,1788024510308);
INSERT INTO "grid_nodes" VALUES('cmtenmlwp2gq6n3mk82w08sxz','T-179','cmtenmbf600h8n3mk3r5e8120','DMM','transformer','Qatif Bulk Transformer 23','محول نقل 23 - القطيف',26.55926015263125,50.041772058065227,468.0,132.0,0.00519,129813,0,0,1788024510308);
INSERT INTO "grid_nodes" VALUES('cmtenmlwp2gq7n3mkaw12m06r','T-180','cmtenmbf600h9n3mkg73u7jzm','DMM','transformer','Al Khobar Bulk Transformer 24','محول نقل 24 - الخبر',26.266032115557039,50.171489292719592,673.0,132.0,0.00609,152180,0,0,1788024510308);
INSERT INTO "grid_nodes" VALUES('cmtenmlwp2gq8n3mkaox3n3u6','T-181','cmtenmbf600hpn3mkw8so4xpe','MAK','transformer','Al Aziziyah Primary Transformer 1','محول توزيع رئيسي 1 - العزيزية',21.341068496261169,39.891331113399573,63.0,13.8,0.00068,12992,0,0,1788024510308);
INSERT INTO "grid_nodes" VALUES('cmtenmlwp2gq9n3mk00mn8hdi','T-182','cmtenmbf600hqn3mkgp567b6h','MAK','transformer','Al Sharai Primary Transformer 2','محول توزيع رئيسي 2 - الشرائع',21.470405922776461,39.964361753467102,80.0,13.8,0.00066,16435,0,0,1788024510308);
INSERT INTO "grid_nodes" VALUES('cmtenmlwp2gqan3mk8d2ufh5r','T-183','cmtenmbf600hrn3mkzbon8m4a','MAK','transformer','Mina Bulk Transformer 3','محول نقل 3 - منى',21.428391934376581,39.92437147038207,670.0,132.0,0.00692,172940,0,0,1788024510308);
INSERT INTO "grid_nodes" VALUES('cmtenmlwp2gqbn3mktmrh3kar','T-184','cmtenmbf600hsn3mkqft60wad','MAK','transformer','Al Kakiyah Bulk Transformer 4','محول نقل 4 - الككية',21.36810189227425,39.806233586389197,612.0,132.0,0.00656,163976,0,0,1788024510308);
INSERT INTO "grid_nodes" VALUES('cmtenmlwp2gqcn3mkmxgcn4fk','T-185','cmtenmbf700htn3mkpkwjyc4h','MAK','transformer','Al Aziziyah Bulk Transformer 5','محول نقل 5 - العزيزية',21.344439572194961,39.90533637726643,600.0,132.0,0.00678,169436,0,0,1788024510308);
INSERT INTO "grid_nodes" VALUES('cmtenmlwp2gqdn3mk6bnxqeqg','T-186','cmtenmbf700hun3mkvhc2bvpc','MAK','transformer','Al Sharai Bulk Transformer 6','محول نقل 6 - الشرائع',21.476184063561629,39.970841965105009,592.0,132.0,0.00437,109317,0,0,1788024510308);
INSERT INTO "grid_nodes" VALUES('cmtenmlwp2gqen3mkw6lymwus','T-187','cmtenmbf700hvn3mk8bh1r1xd','MAK','transformer','Mina Bulk Transformer 7','محول نقل 7 - منى',21.42992406697795,39.91942535660565,611.0,132.0,0.00568,141929,0,0,1788024510308);
INSERT INTO "grid_nodes" VALUES('cmtenmlwp2gqfn3mkzceafi1h','T-188','cmtenmbf700hwn3mkgzj9lsid','MAK','transformer','Al Kakiyah Bulk Transformer 8','محول نقل 8 - الككية',21.352896085510409,39.813996587583418,637.0,132.0,0.00742,185422,0,0,1788024510308);
INSERT INTO "grid_nodes" VALUES('cmtenmlwp2gqgn3mkx92mcmws','T-189','cmtenmbf700hxn3mkqv8cvf9x','MAK','transformer','Al Aziziyah Bulk Transformer 9','محول نقل 9 - العزيزية',21.347374962948631,39.894498280891781,520.0,132.0,0.00466,116385,0,0,1788024510308);
INSERT INTO "grid_nodes" VALUES('cmtenmlwp2gqhn3mkl3zea3yg','T-190','cmtenmbf700hyn3mk6ketfug3','MAK','transformer','Al Sharai Bulk Transformer 10','محول نقل 10 - الشرائع',21.472826143449549,39.966632132745907,717.0,132.0,0.00522,130523,0,0,1788024510308);
INSERT INTO "grid_nodes" VALUES('cmtenmlwp2gqin3mk1ypg4hhq','T-191','cmtenmbf700hzn3mk2we3z3t0','MAK','transformer','Mina Bulk Transformer 11','محول نقل 11 - منى',21.42681160941385,39.917521013809001,524.0,132.0,0.00584,145900,0,0,1788024510308);
INSERT INTO "grid_nodes" VALUES('cmtenmlwp2gqjn3mkbkoaqxs1','T-192','cmtenmbf700i0n3mk18rnbg5l','MAK','transformer','Al Kakiyah Bulk Transformer 12','محول نقل 12 - الككية',21.374480636353049,39.811978663047412,655.0,132.0,0.00679,169593,0,0,1788024510308);
INSERT INTO "grid_nodes" VALUES('cmtenmlwp2gqkn3mk2uuz7upz','T-193','cmtenmbf700icn3mklav10md5','MED','transformer','Quba Primary Transformer 1','محول توزيع رئيسي 1 - قباء',24.4644400367558,39.585298160002388,63.0,13.8,0.00116,18687,0,0,1788024510308);
INSERT INTO "grid_nodes" VALUES('cmtenmlwp2gqln3mka2p2gf17','T-194','cmtenmbf700idn3mkkf4jc3h9','MED','transformer','Al Aqiq Primary Transformer 2','محول توزيع رئيسي 2 - العقيق',24.555431398792941,39.50957889019773,80.0,13.8,0.0006,15077,0,0,1788024510308);
INSERT INTO "grid_nodes" VALUES('cmtenmlwp2gqmn3mk0zo0tg61','T-195','cmtenmbf700ien3mkivzct6h1','MED','transformer','Al Hijrah Bulk Transformer 3','محول نقل 3 - الهجرة',24.612809845612201,39.608035112106059,635.0,132.0,0.0066,164957,0,0,1788024510308);
INSERT INTO "grid_nodes" VALUES('cmtenmlwp2gqnn3mkbjuiv1rp','T-196','cmtenmbf700ifn3mkjss6n82u','MED','transformer','Quba Bulk Transformer 4','محول نقل 4 - قباء',24.465746404963362,39.586483394766979,628.0,132.0,0.00824,205898,0,0,1788024510308);
INSERT INTO "grid_nodes" VALUES('cmtenmlwp2gqon3mkbyub5wi6','T-197','cmtenmbf700ign3mkwsb4xyjy','MED','transformer','Al Aqiq Bulk Transformer 5','محول نقل 5 - العقيق',24.548071903976421,39.504326421000812,594.0,132.0,0.00718,179485,0,0,1788024510308);
INSERT INTO "grid_nodes" VALUES('cmtenmlwp2gqpn3mkhppc2dao','T-198','cmtenmbf700ihn3mk05bo4u48','MED','transformer','Al Hijrah Bulk Transformer 6','محول نقل 6 - الهجرة',24.613395958869528,39.596081202096123,700.0,132.0,0.0067,167465,0,0,1788024510308);
INSERT INTO "grid_nodes" VALUES('cmtenmlwp2gqqn3mkthz3p0tq','T-199','cmtenmbf700iin3mko8w80ssd','MED','transformer','Quba Bulk Transformer 7','محول نقل 7 - قباء',24.483588317128639,39.600423031684763,805.0,132.0,0.00621,155138,0,0,1788024510308);
INSERT INTO "grid_nodes" VALUES('cmtenmlwp2gqrn3mk5tw6tkg5','T-200','cmtenmbf700ijn3mk9gn1bmqd','MED','transformer','Al Aqiq Bulk Transformer 8','محول نقل 8 - العقيق',24.55194155535921,39.512134029722603,809.0,132.0,0.00698,174539,0,0,1788024510308);
INSERT INTO "grid_nodes" VALUES('cmtenmlwp2gqsn3mk12cfm77h','T-201','cmtenmbf800itn3mkf6yxwige','TUU','transformer','Tabuk North Primary Transformer 1','محول توزيع رئيسي 1 - تبوك الشمالية',28.4972800961446,36.599014555783938,63.0,13.8,0.00106,15305,0,0,1788024510308);
INSERT INTO "grid_nodes" VALUES('cmtenmlwp2gqtn3mk98na3s7o','T-202','cmtenmbf800iun3mklo4qbdf9','TUU','transformer','Haql Bulk Transformer 2','محول نقل 2 - حقل',29.250947104544569,34.859405479295177,630.0,132.0,0.00845,211204,0,0,1788024510308);
INSERT INTO "grid_nodes" VALUES('cmtenmlwp2gqun3mk77zehwjh','T-203','cmtenmbf800ivn3mkmh2wgofb','TUU','transformer','Tabuk North Bulk Transformer 3','محول نقل 3 - تبوك الشمالية',28.494005533349888,36.606189525142312,804.0,132.0,0.00876,218842,0,0,1788024510308);
INSERT INTO "grid_nodes" VALUES('cmtenmlwp2gqvn3mk8i7mwnc4','T-204','cmtenmbf800iwn3mkblxbmmhb','TUU','transformer','Haql Bulk Transformer 4','محول نقل 4 - حقل',29.233946157151092,34.864802554812279,916.0,132.0,0.00759,189628,0,0,1788024510308);
INSERT INTO "grid_nodes" VALUES('cmtenmlwp2gqwn3mkmlc0f8kt','T-205','cmtenmbf800j7n3mkeusmalnt','NEO','transformer','Oxagon Primary Transformer 1','محول توزيع رئيسي 1 - أوكساجون',27.792397180078179,35.524289006007088,63.0,13.8,0.00096,12035,0,0,1788024510308);
INSERT INTO "grid_nodes" VALUES('cmtenmlwp2gqxn3mks6y9jlc8','T-206','cmtenmbf800j8n3mke1za1yol','NEO','transformer','Trojena Bulk Transformer 2','محول نقل 2 - تروجينا',28.328971447931231,36.036889859301219,593.0,132.0,0.00543,135566,0,0,1788024510308);
INSERT INTO "grid_nodes" VALUES('cmtenmlwp2gqyn3mkqtdu7bqf','T-207','cmtenmbf800j9n3mkb32o9bkh','NEO','transformer','Oxagon Bulk Transformer 3','محول نقل 3 - أوكساجون',27.803326231451329,35.519747464367377,661.0,132.0,0.00866,216372,0,0,1788024510308);
INSERT INTO "grid_nodes" VALUES('cmtenmlwp2gqzn3mkp6eptlyk','T-208','cmtenmbf800jan3mk6x11bc2o','NEO','transformer','Trojena Bulk Transformer 4','محول نقل 4 - تروجينا',28.312635893176871,36.052590091795842,623.0,132.0,0.00665,166252,0,0,1788024510308);
INSERT INTO "grid_nodes" VALUES('cmtenmlwp2gr0n3mktj5jvta8','T-209','cmtenmbf900jmn3mkena8qz09','JAZ','transformer','Jazan City Primary Transformer 1','محول توزيع رئيسي 1 - مدينة جازان',16.89972964496501,42.614278998550397,63.0,13.8,0.00116,18339,0,0,1788024510308);
INSERT INTO "grid_nodes" VALUES('cmtenmlwp2gr1n3mkodqixg39','T-210','cmtenmbf900jnn3mk3mw2j07u','JAZ','transformer','Sabya Bulk Transformer 2','محول نقل 2 - صبيا',17.170705582178751,42.73821206312477,559.0,132.0,0.00717,179246,0,0,1788024510308);
INSERT INTO "grid_nodes" VALUES('cmtenmlwp2gr2n3mkrt51f77t','T-211','cmtenmbf900jon3mkboa9vx20','JAZ','transformer','Jazan City Bulk Transformer 3','محول نقل 3 - مدينة جازان',16.914692079348111,42.604768457124393,636.0,132.0,0.00605,151217,0,0,1788024510308);
INSERT INTO "grid_nodes" VALUES('cmtenmlwp2gr3n3mkj6j93if1','T-212','cmtenmbf900jpn3mkcc1m6odb','JAZ','transformer','Sabya Bulk Transformer 4','محول نقل 4 - صبيا',17.16345711135827,42.744831359448277,660.0,132.0,0.00761,190279,0,0,1788024510308);
INSERT INTO "grid_nodes" VALUES('cmtenmlwp2gr4n3mkraxzuapc','T-213','cmtenmbf900jqn3mk624yaj9u','JAZ','transformer','Jazan City Bulk Transformer 5','محول نقل 5 - مدينة جازان',16.91477539815903,42.614906468134748,771.0,132.0,0.00604,150884,0,0,1788024510308);
INSERT INTO "grid_nodes" VALUES('cmtenmlwp2gr5n3mk169j9zi6','T-214','cmtenmbf900k2n3mk7f3pmb2k','ABT','transformer','Abha North Primary Transformer 1','محول توزيع رئيسي 1 - أبها الشمالية',18.31613698005118,42.519846891582759,63.0,13.8,0.00084,15402,0,0,1788024510308);
INSERT INTO "grid_nodes" VALUES('cmtenmlwp2gr6n3mki9cw2clf','T-215','cmtenmbf900k3n3mkkrgl6h8q','ABT','transformer','Khamis Mushait Bulk Transformer 2','محول نقل 2 - خميس مشيط',18.318075873708349,42.724255924497541,577.0,132.0,0.00619,154770,0,0,1788024510308);
INSERT INTO "grid_nodes" VALUES('cmtenmlwp2gr7n3mkjmpw25gn','T-216','cmtenmbf900k4n3mkrfmalqdn','ABT','transformer','Abha North Bulk Transformer 3','محول نقل 3 - أبها الشمالية',18.321835077885542,42.506345214503632,773.0,132.0,0.0084,209890,0,0,1788024510308);
INSERT INTO "grid_nodes" VALUES('cmtenmlwp2gr8n3mkzyebc6q9','T-217','cmtenmbfa00k5n3mkoijm7ps7','ABT','transformer','Khamis Mushait Bulk Transformer 4','محول نقل 4 - خميس مشيط',18.302680104978379,42.728896041308339,855.0,132.0,0.00779,194711,0,0,1788024510308);
INSERT INTO "grid_nodes" VALUES('cmtenmlwp2gr9n3mkmem2k3tr','T-218','cmtenmbfa00kgn3mkzvkb3sii','QSM','transformer','Buraydah Primary Transformer 1','محول توزيع رئيسي 1 - بريدة',26.338838087951761,43.988156518649298,63.0,13.8,0.0008,14141,0,0,1788024510308);
INSERT INTO "grid_nodes" VALUES('cmtenmlwp2gran3mk08d98qvu','T-219','cmtenmbfa00khn3mky5fvyysj','QSM','transformer','Unaizah Bulk Transformer 2','محول نقل 2 - عنيزة',26.057023243000732,44.002732798786838,535.0,132.0,0.00708,176865,0,0,1788024510308);
INSERT INTO "grid_nodes" VALUES('cmtenmlwp2grbn3mk7ehcgj7x','T-220','cmtenmbfa00kin3mkeyyvsx44','QSM','transformer','Buraydah Bulk Transformer 3','محول نقل 3 - بريدة',26.323496247123931,43.994163827260962,658.0,132.0,0.00487,121530,0,0,1788024510308);
INSERT INTO "grid_nodes" VALUES('cmtenmlwp2grcn3mk2vrvm2a0','T-221','cmtenmbfa00kjn3mktawwdf8x','QSM','transformer','Unaizah Bulk Transformer 4','محول نقل 4 - عنيزة',26.073509450366721,43.992501276521011,493.0,132.0,0.00552,137830,0,0,1788024510308);
INSERT INTO "grid_nodes" VALUES('cmtenmlwp2grdn3mkk1swjdjq','T-222','cmtenmbfa00kkn3mk91l2csbh','QSM','transformer','Buraydah Bulk Transformer 5','محول نقل 5 - بريدة',26.319277169240639,43.990654308851809,621.0,132.0,0.00528,132022,0,0,1788024510308);
INSERT INTO "grid_nodes" VALUES('cmtenmlwp2gren3mk7ln7dgph','T-223','cmtenmbfa00kln3mkedz5g3p8','QSM','transformer','Unaizah Bulk Transformer 6','محول نقل 6 - عنيزة',26.076956408027559,43.993420601783321,441.0,132.0,0.00595,148735,0,0,1788024510308);
INSERT INTO "grid_nodes" VALUES('cmtenmlwp2grfn3mkg8ndvov6','T-224','cmtenmbfa00kmn3mk8dchy02d','QSM','transformer','Buraydah Bulk Transformer 7','محول نقل 7 - بريدة',26.338057837115599,43.996395085129883,625.0,132.0,0.00622,155526,0,0,1788024510308);
INSERT INTO "grid_nodes" VALUES('cmtenmlwp2grgn3mkeoaencxs','TL-201','cmtenmbf300f6n3mks6fme2mh','RYD','transmission_line','Al Hair – Salboukh 380 kV Line','خط نقل ٣٨٠ ك.ف الحائر – السلبوخ',24.71853830669205,46.602275253773847,1681.0,380.0,0.08641,0,0,0,1788024510308);
INSERT INTO "grid_nodes" VALUES('cmtenmlwp2grhn3mkpbo6zlqw','TL-202','cmtenmbf300f7n3mkxtphsebz','RYD','transmission_line','Salboukh – Al Faisaliyah 380 kV Line','خط نقل ٣٨٠ ك.ف السلبوخ – الفيصلية',24.9202597542027,46.559102214558237,1018.0,380.0,0.05872,0,0,0,1788024510308);
INSERT INTO "grid_nodes" VALUES('cmtenmlwp2grin3mktcwd3cao','TL-203','cmtenmbf300f8n3mk9eo6kt07','RYD','transmission_line','Al Faisaliyah – Al Naseem 380 kV Line','خط نقل ٣٨٠ ك.ف الفيصلية – النسيم',24.78157545290086,46.758036545009539,1138.0,380.0,0.03041,0,0,0,1788024510308);
INSERT INTO "grid_nodes" VALUES('cmtenmlwp2grjn3mk74mfffnc','TL-204','cmtenmbf400g6n3mk3hkgurlm','JED','transmission_line','Obhur – Al Rehab 380 kV Line','خط نقل ٣٨٠ ك.ف أبحر – الرحاب',21.650456956056139,39.195468077943659,1499.0,380.0,0.09143,0,0,0,1788024510308);
INSERT INTO "grid_nodes" VALUES('cmtenmlwp2grkn3mkc9z4c9ug','TL-205','cmtenmbf400g7n3mklni246wm','JED','transmission_line','Al Rehab – Al Hamra 380 kV Line','خط نقل ٣٨٠ ك.ف الرحاب – الحمراء',21.51676299867146,39.200363752059637,1902.0,380.0,0.06432,0,0,0,1788024510308);
INSERT INTO "grid_nodes" VALUES('cmtenmlwp2grln3mkcdrfq60m','TL-206','cmtenmbf400g8n3mknr8uzewo','JED','transmission_line','Al Hamra – Bahrah 380 kV Line','خط نقل ٣٨٠ ك.ف الحمراء – بحرة',21.439342904895732,39.336632172628313,2053.0,380.0,0.03323,0,0,0,1788024510308);
INSERT INTO "grid_nodes" VALUES('cmtenmlwp2grmn3mk5eve1t92','TL-207','cmtenmbf600han3mkuydmlq72','DMM','transmission_line','Jubail – Qatif 380 kV Line','خط نقل ٣٨٠ ك.ف الجبيل – القطيف',26.791979874788591,49.910010604840892,1118.0,380.0,0.06891,0,0,0,1788024510308);
INSERT INTO "grid_nodes" VALUES('cmtenmlwp2grnn3mkh38jnod6','TL-208','cmtenmbf600hbn3mkkia9uiqp','DMM','transmission_line','Qatif – Al Khobar 380 kV Line','خط نقل ٣٨٠ ك.ف القطيف – الخبر',26.416359431950191,50.104709051732158,1141.0,380.0,0.04769,0,0,0,1788024510308);
INSERT INTO "grid_nodes" VALUES('cmtenmlwp2gron3mkw9wwvpwk','TL-209','cmtenmbf600hcn3mk2iharcn4','DMM','transmission_line','Al Khobar – Dhahran 380 kV Line','خط نقل ٣٨٠ ك.ف الخبر – الظهران',26.292121180353501,50.153473442463387,1049.0,380.0,0.02255,0,0,0,1788024510308);
INSERT INTO "grid_nodes" VALUES('cmtenmlwp2grpn3mk3ivv78a1','TL-210','cmtenmbf700i1n3mkh4hc9iml','MAK','transmission_line','Al Aziziyah – Al Sharai 380 kV Line','خط نقل ٣٨٠ ك.ف العزيزية – الشرائع',21.404386472584122,39.929403470242022,1341.0,380.0,0.04586,0,0,0,1788024510308);
INSERT INTO "grid_nodes" VALUES('cmtenmlwq2grqn3mkuo2xr5oj','TL-211','cmtenmbf700i2n3mklrquwn64','MAK','transmission_line','Al Sharai – Mina 380 kV Line','خط نقل ٣٨٠ ك.ف الشرائع – منى',21.446555504885868,39.940195075310399,2337.0,380.0,0.02702,0,0,0,1788024510308);
INSERT INTO "grid_nodes" VALUES('cmtenmlwq2grrn3mkyih9ewxv','TL-212','cmtenmbf700ikn3mkft11zoy7','MED','transmission_line','Quba – Al Aqiq 380 kV Line','خط نقل ٣٨٠ ك.ف قباء – العقيق',24.509986472584121,39.550703470242027,1923.0,380.0,0.04502,0,0,0,1788024510308);
INSERT INTO "grid_nodes" VALUES('cmtenmlwq2grsn3mkrb4rhpne','TL-213','cmtenmbf800iln3mk9jatzkve','MED','transmission_line','Al Aqiq – Al Hijrah 380 kV Line','خط نقل ٣٨٠ ك.ف العقيق – الهجرة',24.582155504885879,39.556495075310387,1595.0,380.0,0.02177,0,0,0,1788024510308);
INSERT INTO "grid_nodes" VALUES('cmtenmlwq2grtn3mk8eov9cis','TL-214','cmtenmbf800ixn3mkmrwh93h6','TUU','transmission_line','Tabuk North – Haql 380 kV Line','خط نقل ٣٨٠ ك.ف تبوك الشمالية – حقل',28.863404651210828,35.733188416636551,2233.0,380.0,0.03707,0,0,0,1788024510308);
INSERT INTO "grid_nodes" VALUES('cmtenmlwq2grun3mk8mmtfqd5','TL-215','cmtenmbf800iyn3mkgg98tfqw','TUU','transmission_line','Haql – Tabuk North 380 kV Line','خط نقل ٣٨٠ ك.ف حقل – تبوك الشمالية',28.863404651210828,35.733188416636551,1931.0,380.0,0.03707,0,0,0,1788024510308);
INSERT INTO "grid_nodes" VALUES('cmtenmlwq2grvn3mkwqs3abq4','TL-216','cmtenmbf800jbn3mkclcz8vj6','NEO','transmission_line','Oxagon – Trojena 380 kV Line','خط نقل ٣٨٠ ك.ف أوكساجون – تروجينا',28.059921006783469,35.780156659254978,2229.0,380.0,0.02244,0,0,0,1788024510308);
INSERT INTO "grid_nodes" VALUES('cmtenmlwq2grwn3mkb5cbi4vg','TL-217','cmtenmbf800jcn3mkhw1b4y7d','NEO','transmission_line','Trojena – Oxagon 380 kV Line','خط نقل ٣٨٠ ك.ف تروجينا – أوكساجون',28.059921006783469,35.780156659254978,1300.0,380.0,0.02244,0,0,0,1788024510308);
INSERT INTO "grid_nodes" VALUES('cmtenmlwq2grxn3mkm6f2r2gg','TL-218','cmtenmbf900jrn3mk4je67jgs','JAZ','transmission_line','Jazan City – Sabya 380 kV Line','خط نقل ٣٨٠ ك.ف مدينة جازان – صبيا',17.03405695605613,42.673568077943664,1514.0,380.0,0.03135,0,0,0,1788024510308);
INSERT INTO "grid_nodes" VALUES('cmtenmlwq2gryn3mkvlvtc9g7','TL-219','cmtenmbf900jsn3mkzm0zdtp4','JAZ','transmission_line','Sabya – Jazan City 380 kV Line','خط نقل ٣٨٠ ك.ف صبيا – مدينة جازان',17.03405695605613,42.673568077943664,1524.0,380.0,0.03135,0,0,0,1788024510308);
INSERT INTO "grid_nodes" VALUES('cmtenmlwq2grzn3mk0bmjxhln','TL-220','cmtenmbfa00k6n3mkjlrtcr4h','ABT','transmission_line','Abha North – Khamis Mushait 380 kV Line','خط نقل ٣٨٠ ك.ف أبها الشمالية – خميس مشيط',18.31667953574657,42.62518001976963,1361.0,380.0,0.02938,0,0,0,1788024510308);
INSERT INTO "grid_nodes" VALUES('cmtenmlwq2gs0n3mk3pxjx5nu','TL-221','cmtenmbfa00k7n3mk29le5hye','ABT','transmission_line','Khamis Mushait – Abha North 380 kV Line','خط نقل ٣٨٠ ك.ف خميس مشيط – أبها الشمالية',18.31667953574657,42.62518001976963,1892.0,380.0,0.02938,0,0,0,1788024510308);
INSERT INTO "grid_nodes" VALUES('cmtenmlwq2gs1n3mke7obpbwl','TL-222','cmtenmbfa00knn3mk9h90qy0w','QSM','transmission_line','Buraydah – Unaizah 380 kV Line','خط نقل ٣٨٠ ك.ف بريدة – عنيزة',26.199153021926989,43.9933626500424,1604.0,380.0,0.04929,0,0,0,1788024510308);
INSERT INTO "grid_nodes" VALUES('cmtenmlwq2gs2n3mkxki0mzqq','TL-223','cmtenmbfa00kon3mkm6e45dry','QSM','transmission_line','Unaizah – Buraydah 380 kV Line','خط نقل ٣٨٠ ك.ف عنيزة – بريدة',26.199153021926989,43.9933626500424,1494.0,380.0,0.04929,0,0,0,1788024510308);
INSERT INTO "grid_nodes" VALUES('cmtenmlwq2gs3n3mkg5kh9i53','WF-451','cmtenmbf800j1n3mkcv7ovvsc','TUU','wind_farm','Haql Wind Farm','محطة رياح حقل',29.02036095071696,35.026591279385613,434.0,132.0,0.03707,0,1,0,1788024510308);
INSERT INTO "grid_nodes" VALUES('cmtenmlwq2gs4n3mklt2y3ieo','WF-452','cmtenmbf900jfn3mkex0bbjlx','NEO','wind_farm','Trojena Wind Farm','محطة رياح تروجينا',28.099708049138631,36.20524166334345,1224.0,132.0,0.02244,0,1,0,1788024510308);
INSERT INTO "grid_nodes" VALUES('cmtenmlwq2gs5n3mkyek95360','WF-453','cmtenmbf900jvn3mknoburk3i','JAZ','wind_farm','Sabya Wind Farm','محطة رياح صبيا',16.942613615827259,42.901256503830098,244.0,132.0,0.03135,0,1,0,1788024510308);
INSERT INTO "grid_nodes" VALUES('cmtenmlwq2gs6n3mkd7ysq5w3','WF-454','cmtenmbfa00kan3mk9nagq4c4','ABT','wind_farm','Khamis Mushait Wind Farm','محطة رياح خميس مشيط',18.090767485747119,42.892318583178138,162.0,132.0,0.02938,0,1,0,1788024510308);
CREATE TABLE "incident_events" (
    "id" TEXT NOT NULL PRIMARY KEY,
    "incidentId" TEXT NOT NULL,
    "ts" DATETIME NOT NULL,
    "offsetMin" INTEGER NOT NULL,
    "phase" TEXT NOT NULL,
    "label" TEXT NOT NULL,
    "labelAr" TEXT NOT NULL,
    "loadPct" REAL NOT NULL,
    "tempC" REAL NOT NULL,
    "voltageKv" REAL NOT NULL,
    "frequencyHz" REAL NOT NULL,
    "riskScore" REAL NOT NULL,
    "marker" TEXT,
    "note" TEXT NOT NULL,
    "noteAr" TEXT NOT NULL,
    CONSTRAINT "incident_events_incidentId_fkey" FOREIGN KEY ("incidentId") REFERENCES "incidents" ("id") ON DELETE CASCADE ON UPDATE CASCADE
);
INSERT INTO "incident_events" VALUES('cmtenmllw2foen3mksb2dfrfd','cmtenmlln2fodn3mkjjeg4h9n',1785081493612,-90,'normal','Within normal envelope','ضمن النطاق الطبيعي',76.03,81.28,13.7,60.0,22.0,NULL,'','');
INSERT INTO "incident_events" VALUES('cmtenmllw2fofn3mkbssh80re','cmtenmlln2fodn3mkjjeg4h9n',1785081793612,-85,'normal','Within normal envelope','ضمن النطاق الطبيعي',76.55,81.77,13.71,59.997,22.2,NULL,'','');
INSERT INTO "incident_events" VALUES('cmtenmllw2fogn3mk09cnm1ak','cmtenmlln2fodn3mkjjeg4h9n',1785082093612,-80,'normal','Within normal envelope','ضمن النطاق الطبيعي',77.61,82.22,13.72,59.993,22.9,NULL,'','');
INSERT INTO "incident_events" VALUES('cmtenmllw2fohn3mkju5yi850','cmtenmlln2fodn3mkjjeg4h9n',1785082393612,-75,'normal','Within normal envelope','ضمن النطاق الطبيعي',78.91,82.8,13.71,59.99,24.0,NULL,'','');
INSERT INTO "incident_events" VALUES('cmtenmllw2foin3mkno97tnt6','cmtenmlln2fodn3mkjjeg4h9n',1785082693612,-70,'normal','Within normal envelope','ضمن النطاق الطبيعي',80.33,83.58,13.7,59.987,25.6,NULL,'','');
INSERT INTO "incident_events" VALUES('cmtenmllw2fojn3mkzvmrm7y9','cmtenmlln2fodn3mkjjeg4h9n',1785082993612,-65,'normal','Within normal envelope','ضمن النطاق الطبيعي',81.59,84.37,13.69,59.983,27.6,NULL,'','');
INSERT INTO "incident_events" VALUES('cmtenmllw2fokn3mk0xa9fu68','cmtenmlln2fodn3mkjjeg4h9n',1785083293612,-60,'normal','Within normal envelope','ضمن النطاق الطبيعي',82.38,85.12,13.67,59.98,30.0,NULL,'','');
INSERT INTO "incident_events" VALUES('cmtenmllw2foln3mkfm1z1y0q','cmtenmlln2fodn3mkjjeg4h9n',1785083593612,-55,'rising','Load and temperature rising','ارتفاع الحمل والحرارة',83.71,86.11,13.65,59.977,32.9,NULL,'','');
INSERT INTO "incident_events" VALUES('cmtenmllw2fomn3mk39cisucx','cmtenmlln2fodn3mkjjeg4h9n',1785083893612,-50,'rising','Load and temperature rising','ارتفاع الحمل والحرارة',85.01,87.0,13.66,59.973,36.2,NULL,'','');
INSERT INTO "incident_events" VALUES('cmtenmllw2fonn3mkr4gmp0zn','cmtenmlln2fodn3mkjjeg4h9n',1785084193612,-45,'rising','Load and temperature rising','ارتفاع الحمل والحرارة',86.0,87.67,13.67,59.97,40.0,'nabdh_detect','NABDH raised an early warning 43 minutes before the event.','أطلق نَبْض إنذارًا مبكرًا قبل 43 دقيقة من الحدث.');
INSERT INTO "incident_events" VALUES('cmtenmllw2foon3mkubrrj69w','cmtenmlln2fodn3mkjjeg4h9n',1785084493612,-40,'rising','Load and temperature rising','ارتفاع الحمل والحرارة',86.23,87.91,13.68,59.967,44.2,NULL,'','');
INSERT INTO "incident_events" VALUES('cmtenmllw2fopn3mk8epgd6ab','cmtenmlln2fodn3mkjjeg4h9n',1785084793612,-35,'critical','Approaching operating limit','الاقتراب من الحد التشغيلي',85.84,88.08,13.69,59.963,48.9,NULL,'','');
INSERT INTO "incident_events" VALUES('cmtenmllw2foqn3mkqtlm7upa','cmtenmlln2fodn3mkjjeg4h9n',1785085093612,-30,'critical','Approaching operating limit','الاقتراب من الحد التشغيلي',85.39,88.28,13.69,59.96,54.0,NULL,'','');
INSERT INTO "incident_events" VALUES('cmtenmllw2forn3mkbn3axc1a','cmtenmlln2fodn3mkjjeg4h9n',1785085393612,-25,'critical','Approaching operating limit','الاقتراب من الحد التشغيلي',84.94,88.44,13.69,59.957,59.6,NULL,'','');
INSERT INTO "incident_events" VALUES('cmtenmllw2fosn3mk2jr4l347','cmtenmlln2fodn3mkjjeg4h9n',1785085693612,-20,'critical','Approaching operating limit','الاقتراب من الحد التشغيلي',84.83,88.57,13.69,59.953,65.6,NULL,'','');
INSERT INTO "incident_events" VALUES('cmtenmllw2fotn3mk1ogibzd7','cmtenmlln2fodn3mkjjeg4h9n',1785085993612,-15,'critical','Approaching operating limit','الاقتراب من الحد التشغيلي',85.04,88.66,13.68,59.95,72.0,NULL,'','');
INSERT INTO "incident_events" VALUES('cmtenmllw2foun3mklk91lmct','cmtenmlln2fodn3mkjjeg4h9n',1785086293612,-10,'event','Limit exceeded','تجاوز الحد التشغيلي',85.39,88.73,13.7,59.947,78.9,NULL,'','');
INSERT INTO "incident_events" VALUES('cmtenmllw2fovn3mkl5gktv2h','cmtenmlln2fodn3mkjjeg4h9n',1785086593612,-5,'event','Limit exceeded','تجاوز الحد التشغيلي',85.36,88.7,13.72,59.943,86.2,'threshold_trigger','The conventional threshold alarm fired 4 minutes before the event.','أطلق إنذار العتبة التقليدي قبل 4 دقيقة من الحدث.');
INSERT INTO "incident_events" VALUES('cmtenmllw2fown3mkb5mb2dgd','cmtenmlln2fodn3mkjjeg4h9n',1785086893612,0,'event','Limit exceeded','تجاوز الحد التشغيلي',86.58,89.35,13.69,59.94,94.0,'failure','The operating limit was exceeded and the asset tripped.','تم تجاوز الحد التشغيلي وفصل الأصل.');
INSERT INTO "incident_events" VALUES('cmtenmlmf2fozn3mkltiqht8j','cmtenmlm52foyn3mkuez6otb7',1782748693612,-90,'normal','Within normal envelope','ضمن النطاق الطبيعي',54.49,55.57,13.86,60.0,22.0,NULL,'','');
INSERT INTO "incident_events" VALUES('cmtenmlmf2fp0n3mkxmywtebo','cmtenmlm52foyn3mkuez6otb7',1782748993612,-85,'normal','Within normal envelope','ضمن النطاق الطبيعي',55.31,56.03,13.85,59.997,22.2,NULL,'','');
INSERT INTO "incident_events" VALUES('cmtenmlmf2fp1n3mkrmksn4yx','cmtenmlm52foyn3mkuez6otb7',1782749293612,-80,'normal','Within normal envelope','ضمن النطاق الطبيعي',56.38,56.54,13.82,59.993,22.9,NULL,'','');
INSERT INTO "incident_events" VALUES('cmtenmlmf2fp2n3mkycyil53s','cmtenmlm52foyn3mkuez6otb7',1782749593612,-75,'normal','Within normal envelope','ضمن النطاق الطبيعي',57.31,57.01,13.81,59.99,24.0,NULL,'','');
INSERT INTO "incident_events" VALUES('cmtenmlmf2fp3n3mkm2h97gvs','cmtenmlm52foyn3mkuez6otb7',1782749893612,-70,'normal','Within normal envelope','ضمن النطاق الطبيعي',58.5,57.59,13.79,59.987,25.6,NULL,'','');
INSERT INTO "incident_events" VALUES('cmtenmlmf2fp4n3mkj4ec0osm','cmtenmlm52foyn3mkuez6otb7',1782750193612,-65,'normal','Within normal envelope','ضمن النطاق الطبيعي',59.58,58.13,13.78,59.983,27.6,NULL,'','');
INSERT INTO "incident_events" VALUES('cmtenmlmf2fp5n3mktedixfr3','cmtenmlm52foyn3mkuez6otb7',1782750493612,-60,'normal','Within normal envelope','ضمن النطاق الطبيعي',60.32,58.61,13.79,59.98,30.0,NULL,'','');
INSERT INTO "incident_events" VALUES('cmtenmlmf2fp6n3mk9c0tmo5n','cmtenmlm52foyn3mkuez6otb7',1782750793612,-55,'rising','Load and temperature rising','ارتفاع الحمل والحرارة',61.01,59.07,13.79,59.977,32.9,NULL,'','');
INSERT INTO "incident_events" VALUES('cmtenmlmf2fp7n3mkl02lzkjd','cmtenmlm52foyn3mkuez6otb7',1782751093612,-50,'rising','Load and temperature rising','ارتفاع الحمل والحرارة',62.06,59.69,13.79,59.973,36.2,NULL,'','');
INSERT INTO "incident_events" VALUES('cmtenmlmf2fp8n3mkb2g2pl1k','cmtenmlm52foyn3mkuez6otb7',1782751393612,-45,'rising','Load and temperature rising','ارتفاع الحمل والحرارة',62.8,60.19,13.81,59.97,40.0,NULL,'','');
INSERT INTO "incident_events" VALUES('cmtenmlmf2fp9n3mk7dqir4av','cmtenmlm52foyn3mkuez6otb7',1782751693612,-40,'rising','Load and temperature rising','ارتفاع الحمل والحرارة',63.53,60.64,13.81,59.967,44.2,NULL,'','');
INSERT INTO "incident_events" VALUES('cmtenmlmg2fpan3mkxzp10rek','cmtenmlm52foyn3mkuez6otb7',1782751993612,-35,'critical','Approaching operating limit','الاقتراب من الحد التشغيلي',63.93,60.99,13.82,59.963,48.9,NULL,'','');
INSERT INTO "incident_events" VALUES('cmtenmlmg2fpbn3mk6yd9120z','cmtenmlm52foyn3mkuez6otb7',1782752293612,-30,'critical','Approaching operating limit','الاقتراب من الحد التشغيلي',63.93,61.3,13.8,59.96,54.0,NULL,'','');
INSERT INTO "incident_events" VALUES('cmtenmlmg2fpcn3mkz3nwrlup','cmtenmlm52foyn3mkuez6otb7',1782752593612,-25,'critical','Approaching operating limit','الاقتراب من الحد التشغيلي',63.63,61.43,13.8,59.957,59.6,'nabdh_detect','NABDH raised an early warning 27 minutes before the event.','أطلق نَبْض إنذارًا مبكرًا قبل 27 دقيقة من الحدث.');
INSERT INTO "incident_events" VALUES('cmtenmlmg2fpdn3mkwl1kubbt','cmtenmlm52foyn3mkuez6otb7',1782752893612,-20,'critical','Approaching operating limit','الاقتراب من الحد التشغيلي',64.03,61.83,13.79,59.953,65.6,NULL,'','');
INSERT INTO "incident_events" VALUES('cmtenmlmg2fpen3mkz39da1tf','cmtenmlm52foyn3mkuez6otb7',1782753193612,-15,'critical','Approaching operating limit','الاقتراب من الحد التشغيلي',64.31,62.1,13.78,59.95,72.0,NULL,'','');
INSERT INTO "incident_events" VALUES('cmtenmlmg2fpfn3mkalkl56tp','cmtenmlm52foyn3mkuez6otb7',1782753493612,-10,'event','Limit exceeded','تجاوز الحد التشغيلي',64.54,62.25,13.78,59.947,78.9,NULL,'','');
INSERT INTO "incident_events" VALUES('cmtenmlmg2fpgn3mkqiveedcz','cmtenmlm52foyn3mkuez6otb7',1782753793612,-5,'event','Limit exceeded','تجاوز الحد التشغيلي',65.27,62.51,13.8,59.943,86.2,NULL,'','');
INSERT INTO "incident_events" VALUES('cmtenmlmg2fphn3mk8qq5r9yv','cmtenmlm52foyn3mkuez6otb7',1782754093612,0,'event','Limit exceeded','تجاوز الحد التشغيلي',65.93,62.92,13.8,59.94,94.0,'threshold_trigger','The conventional threshold alarm fired 2 minutes before the event.','أطلق إنذار العتبة التقليدي قبل 2 دقيقة من الحدث.');
INSERT INTO "incident_events" VALUES('cmtenmln02fpkn3mkx9q22p2y','cmtenmlmr2fpjn3mkub0mucpf',1786982293612,-90,'normal','Within normal envelope','ضمن النطاق الطبيعي',78.87,75.75,13.72,60.0,22.0,NULL,'','');
INSERT INTO "incident_events" VALUES('cmtenmln02fpln3mkqasbiya8','cmtenmlmr2fpjn3mkub0mucpf',1786982593612,-85,'normal','Within normal envelope','ضمن النطاق الطبيعي',80.38,76.53,13.73,59.997,22.2,NULL,'','');
INSERT INTO "incident_events" VALUES('cmtenmln02fpmn3mksr283rha','cmtenmlmr2fpjn3mkub0mucpf',1786982893612,-80,'normal','Within normal envelope','ضمن النطاق الطبيعي',82.51,77.49,13.7,59.993,22.9,NULL,'','');
INSERT INTO "incident_events" VALUES('cmtenmln02fpnn3mki4udrzq7','cmtenmlmr2fpjn3mkub0mucpf',1786983193612,-75,'normal','Within normal envelope','ضمن النطاق الطبيعي',84.24,78.37,13.69,59.99,24.0,NULL,'','');
INSERT INTO "incident_events" VALUES('cmtenmln02fpon3mknldjdq3s','cmtenmlmr2fpjn3mkub0mucpf',1786983493612,-70,'normal','Within normal envelope','ضمن النطاق الطبيعي',86.24,79.42,13.69,59.987,25.6,NULL,'','');
INSERT INTO "incident_events" VALUES('cmtenmln02fppn3mkbkcweq39','cmtenmlmr2fpjn3mkub0mucpf',1786983793612,-65,'normal','Within normal envelope','ضمن النطاق الطبيعي',88.33,80.49,13.67,59.983,27.6,NULL,'','');
INSERT INTO "incident_events" VALUES('cmtenmln02fpqn3mkqy0zj57k','cmtenmlmr2fpjn3mkub0mucpf',1786984093612,-60,'normal','Within normal envelope','ضمن النطاق الطبيعي',90.01,81.55,13.65,59.98,30.0,NULL,'','');
INSERT INTO "incident_events" VALUES('cmtenmln02fprn3mk7z828v9b','cmtenmlmr2fpjn3mkub0mucpf',1786984393612,-55,'rising','Load and temperature rising','ارتفاع الحمل والحرارة',91.51,82.54,13.64,59.977,32.9,NULL,'','');
INSERT INTO "incident_events" VALUES('cmtenmln02fpsn3mkfesxv5kb','cmtenmlmr2fpjn3mkub0mucpf',1786984693612,-50,'rising','Load and temperature rising','ارتفاع الحمل والحرارة',93.03,83.57,13.64,59.973,36.2,'nabdh_detect','NABDH raised an early warning 52 minutes before the event.','أطلق نَبْض إنذارًا مبكرًا قبل 52 دقيقة من الحدث.');
INSERT INTO "incident_events" VALUES('cmtenmln02fptn3mkbxwmlfmc','cmtenmlmr2fpjn3mkub0mucpf',1786984993612,-45,'rising','Load and temperature rising','ارتفاع الحمل والحرارة',93.85,84.37,13.63,59.97,40.0,NULL,'','');
INSERT INTO "incident_events" VALUES('cmtenmln02fpun3mkcnygthch','cmtenmlmr2fpjn3mkub0mucpf',1786985293612,-40,'rising','Load and temperature rising','ارتفاع الحمل والحرارة',94.26,84.94,13.64,59.967,44.2,NULL,'','');
INSERT INTO "incident_events" VALUES('cmtenmln02fpvn3mk012k62kb','cmtenmlmr2fpjn3mkub0mucpf',1786985593612,-35,'critical','Approaching operating limit','الاقتراب من الحد التشغيلي',93.63,85.12,13.64,59.963,48.9,NULL,'','');
INSERT INTO "incident_events" VALUES('cmtenmln02fpwn3mk1tzkvlux','cmtenmlmr2fpjn3mkub0mucpf',1786985893612,-30,'critical','Approaching operating limit','الاقتراب من الحد التشغيلي',93.48,85.57,13.63,59.96,54.0,NULL,'','');
INSERT INTO "incident_events" VALUES('cmtenmln02fpxn3mkututneu2','cmtenmlmr2fpjn3mkub0mucpf',1786986193612,-25,'critical','Approaching operating limit','الاقتراب من الحد التشغيلي',93.46,85.86,13.63,59.957,59.6,NULL,'','');
INSERT INTO "incident_events" VALUES('cmtenmln02fpyn3mkxg6jsv4p','cmtenmlmr2fpjn3mkub0mucpf',1786986493612,-20,'critical','Approaching operating limit','الاقتراب من الحد التشغيلي',93.74,86.2,13.63,59.953,65.6,NULL,'','');
INSERT INTO "incident_events" VALUES('cmtenmln02fpzn3mkciuhrc92','cmtenmlmr2fpjn3mkub0mucpf',1786986793612,-15,'critical','Approaching operating limit','الاقتراب من الحد التشغيلي',94.17,86.38,13.63,59.95,72.0,NULL,'','');
INSERT INTO "incident_events" VALUES('cmtenmln02fq0n3mkuserq361','cmtenmlmr2fpjn3mkub0mucpf',1786987093612,-10,'event','Preventive action in force','الإجراء الوقائي ساري',94.72,86.67,13.64,59.947,78.9,NULL,'','');
INSERT INTO "incident_events" VALUES('cmtenmln02fq1n3mkjoawy29a','cmtenmlmr2fpjn3mkub0mucpf',1786987393612,-5,'event','Preventive action in force','الإجراء الوقائي ساري',95.7,87.15,13.63,59.943,86.2,NULL,'','');
INSERT INTO "incident_events" VALUES('cmtenmln02fq2n3mkr8yjnhjn','cmtenmlmr2fpjn3mkub0mucpf',1786987693612,0,'event','Preventive action in force','الإجراء الوقائي ساري',96.78,87.75,13.63,59.94,94.0,'prevented','The preventive action held the asset inside its envelope.','أبقى الإجراء الوقائي الأصل داخل نطاقه التشغيلي.');
INSERT INTO "incident_events" VALUES('cmtenmlnj2fq5n3mkjcg6wi99','cmtenmlnb2fq4n3mkn75a82ml',1780415893612,-90,'normal','Within normal envelope','ضمن النطاق الطبيعي',73.51,67.69,13.75,60.0,22.0,NULL,'','');
INSERT INTO "incident_events" VALUES('cmtenmlnj2fq6n3mkrbm8dq5i','cmtenmlnb2fq4n3mkn75a82ml',1780416193612,-85,'normal','Within normal envelope','ضمن النطاق الطبيعي',74.28,68.26,13.74,59.997,22.2,NULL,'','');
INSERT INTO "incident_events" VALUES('cmtenmlnj2fq7n3mkwd2lhf0x','cmtenmlnb2fq4n3mkn75a82ml',1780416493612,-80,'normal','Within normal envelope','ضمن النطاق الطبيعي',75.34,68.85,13.75,59.993,22.9,NULL,'','');
INSERT INTO "incident_events" VALUES('cmtenmlnj2fq8n3mky3ujq2lo','cmtenmlnb2fq4n3mkn75a82ml',1780416793612,-75,'normal','Within normal envelope','ضمن النطاق الطبيعي',75.52,69.03,13.75,59.99,24.0,NULL,'','');
INSERT INTO "incident_events" VALUES('cmtenmlnj2fq9n3mk4acfvxx7','cmtenmlnb2fq4n3mkn75a82ml',1780417093612,-70,'normal','Within normal envelope','ضمن النطاق الطبيعي',75.67,69.33,13.74,59.987,25.6,NULL,'','');
INSERT INTO "incident_events" VALUES('cmtenmlnj2fqan3mkgd5cmodu','cmtenmlnb2fq4n3mkn75a82ml',1780417393612,-65,'normal','Within normal envelope','ضمن النطاق الطبيعي',75.99,69.66,13.73,59.983,27.6,'nabdh_detect','NABDH raised an early warning 66 minutes before the event.','أطلق نَبْض إنذارًا مبكرًا قبل 66 دقيقة من الحدث.');
INSERT INTO "incident_events" VALUES('cmtenmlnj2fqbn3mk2xdr9ya1','cmtenmlnb2fq4n3mkn75a82ml',1780417693612,-60,'normal','Within normal envelope','ضمن النطاق الطبيعي',76.84,70.25,13.7,59.98,30.0,NULL,'','');
INSERT INTO "incident_events" VALUES('cmtenmlnj2fqcn3mknkqz6us9','cmtenmlnb2fq4n3mkn75a82ml',1780417993612,-55,'rising','Load and temperature rising','ارتفاع الحمل والحرارة',77.97,70.74,13.67,59.977,32.9,NULL,'','');
INSERT INTO "incident_events" VALUES('cmtenmlnj2fqdn3mkvydhp8yo','cmtenmlnb2fq4n3mkn75a82ml',1780418293612,-50,'rising','Load and temperature rising','ارتفاع الحمل والحرارة',78.82,71.11,13.67,59.973,36.2,NULL,'','');
INSERT INTO "incident_events" VALUES('cmtenmlnj2fqen3mk638o1f9i','cmtenmlnb2fq4n3mkn75a82ml',1780418593612,-45,'rising','Load and temperature rising','ارتفاع الحمل والحرارة',79.69,71.46,13.69,59.97,40.0,NULL,'','');
INSERT INTO "incident_events" VALUES('cmtenmlnj2fqfn3mk620mzmrs','cmtenmlnb2fq4n3mkn75a82ml',1780418893612,-40,'rising','Load and temperature rising','ارتفاع الحمل والحرارة',80.37,71.9,13.69,59.967,44.2,NULL,'','');
INSERT INTO "incident_events" VALUES('cmtenmlnj2fqgn3mkn3bjoa97','cmtenmlnb2fq4n3mkn75a82ml',1780419193612,-35,'critical','Approaching operating limit','الاقتراب من الحد التشغيلي',81.06,72.39,13.67,59.963,48.9,NULL,'','');
INSERT INTO "incident_events" VALUES('cmtenmlnj2fqhn3mklahggzx6','cmtenmlnb2fq4n3mkn75a82ml',1780419493612,-30,'critical','Approaching operating limit','الاقتراب من الحد التشغيلي',81.82,72.89,13.67,59.96,54.0,NULL,'','');
INSERT INTO "incident_events" VALUES('cmtenmlnj2fqin3mkm5pqdbjo','cmtenmlnb2fq4n3mkn75a82ml',1780419793612,-25,'critical','Approaching operating limit','الاقتراب من الحد التشغيلي',82.89,73.41,13.67,59.957,59.6,NULL,'','');
INSERT INTO "incident_events" VALUES('cmtenmlnj2fqjn3mk9v8c3qjs','cmtenmlnb2fq4n3mkn75a82ml',1780420093612,-20,'critical','Approaching operating limit','الاقتراب من الحد التشغيلي',83.23,73.61,13.69,59.953,65.6,NULL,'','');
INSERT INTO "incident_events" VALUES('cmtenmlnj2fqkn3mkwkvimpy2','cmtenmlnb2fq4n3mkn75a82ml',1780420393612,-15,'critical','Approaching operating limit','الاقتراب من الحد التشغيلي',83.59,73.84,13.7,59.95,72.0,NULL,'','');
INSERT INTO "incident_events" VALUES('cmtenmlnj2fqln3mkvycx1jsu','cmtenmlnb2fq4n3mkn75a82ml',1780420693612,-10,'event','Limit exceeded','تجاوز الحد التشغيلي',84.04,74.19,13.73,59.947,78.9,'threshold_trigger','The conventional threshold alarm fired 9 minutes before the event.','أطلق إنذار العتبة التقليدي قبل 9 دقيقة من الحدث.');
INSERT INTO "incident_events" VALUES('cmtenmlnj2fqmn3mk8lijhfo6','cmtenmlnb2fq4n3mkn75a82ml',1780420993612,-5,'event','Limit exceeded','تجاوز الحد التشغيلي',84.16,74.5,13.72,59.943,86.2,NULL,'','');
INSERT INTO "incident_events" VALUES('cmtenmlnj2fqnn3mkggffrt0e','cmtenmlnb2fq4n3mkn75a82ml',1780421293612,0,'event','Limit exceeded','تجاوز الحد التشغيلي',84.2,74.6,13.72,59.94,94.0,'failure','The operating limit was exceeded and the asset tripped.','تم تجاوز الحد التشغيلي وفصل الأصل.');
INSERT INTO "incident_events" VALUES('cmtenmlo32fqqn3mklc495eqj','cmtenmlnu2fqpn3mkimh90kwm',1786204693612,-90,'normal','Within normal envelope','ضمن النطاق الطبيعي',58.48,60.51,13.81,60.0,22.0,NULL,'','');
INSERT INTO "incident_events" VALUES('cmtenmlo32fqrn3mkgd3xr52y','cmtenmlnu2fqpn3mkimh90kwm',1786204993612,-85,'normal','Within normal envelope','ضمن النطاق الطبيعي',58.98,60.82,13.81,59.997,22.2,NULL,'','');
INSERT INTO "incident_events" VALUES('cmtenmlo32fqsn3mkhuyfnrj3','cmtenmlnu2fqpn3mkimh90kwm',1786205293612,-80,'normal','Within normal envelope','ضمن النطاق الطبيعي',59.26,61.13,13.81,59.993,22.9,NULL,'','');
INSERT INTO "incident_events" VALUES('cmtenmlo32fqtn3mk7v21mx9l','cmtenmlnu2fqpn3mkimh90kwm',1786205593612,-75,'normal','Within normal envelope','ضمن النطاق الطبيعي',59.6,61.5,13.81,59.99,24.0,NULL,'','');
INSERT INTO "incident_events" VALUES('cmtenmlo32fqun3mkkjwsh30c','cmtenmlnu2fqpn3mkimh90kwm',1786205893612,-70,'normal','Within normal envelope','ضمن النطاق الطبيعي',60.36,61.91,13.82,59.987,25.6,NULL,'','');
INSERT INTO "incident_events" VALUES('cmtenmlo32fqvn3mkamomseoe','cmtenmlnu2fqpn3mkimh90kwm',1786206193612,-65,'normal','Within normal envelope','ضمن النطاق الطبيعي',61.52,62.4,13.81,59.983,27.6,NULL,'','');
INSERT INTO "incident_events" VALUES('cmtenmlo32fqwn3mk9ry8a2x8','cmtenmlnu2fqpn3mkimh90kwm',1786206493612,-60,'normal','Within normal envelope','ضمن النطاق الطبيعي',62.81,62.93,13.8,59.98,30.0,NULL,'','');
INSERT INTO "incident_events" VALUES('cmtenmlo32fqxn3mkhzynbgq7','cmtenmlnu2fqpn3mkimh90kwm',1786206793612,-55,'rising','Load and temperature rising','ارتفاع الحمل والحرارة',64.1,63.44,13.8,59.977,32.9,NULL,'','');
INSERT INTO "incident_events" VALUES('cmtenmlo32fqyn3mkdkrzkzkn','cmtenmlnu2fqpn3mkimh90kwm',1786207093612,-50,'rising','Load and temperature rising','ارتفاع الحمل والحرارة',64.99,63.93,13.81,59.973,36.2,NULL,'','');
INSERT INTO "incident_events" VALUES('cmtenmlo32fqzn3mk5f12khxk','cmtenmlnu2fqpn3mkimh90kwm',1786207393612,-45,'rising','Load and temperature rising','ارتفاع الحمل والحرارة',65.58,64.42,13.81,59.97,40.0,NULL,'','');
INSERT INTO "incident_events" VALUES('cmtenmlo32fr0n3mk79v8bvvs','cmtenmlnu2fqpn3mkimh90kwm',1786207693612,-40,'rising','Load and temperature rising','ارتفاع الحمل والحرارة',65.51,64.7,13.81,59.967,44.2,NULL,'','');
INSERT INTO "incident_events" VALUES('cmtenmlo32fr1n3mkpe09g9s1','cmtenmlnu2fqpn3mkimh90kwm',1786207993612,-35,'critical','Approaching operating limit','الاقتراب من الحد التشغيلي',65.86,65.1,13.8,59.963,48.9,NULL,'','');
INSERT INTO "incident_events" VALUES('cmtenmlo32fr2n3mkkqfww29p','cmtenmlnu2fqpn3mkimh90kwm',1786208293612,-30,'critical','Approaching operating limit','الاقتراب من الحد التشغيلي',66.43,65.47,13.8,59.96,54.0,NULL,'','');
INSERT INTO "incident_events" VALUES('cmtenmlo32fr3n3mke86qt4zl','cmtenmlnu2fqpn3mkimh90kwm',1786208593612,-25,'critical','Approaching operating limit','الاقتراب من الحد التشغيلي',67.52,65.98,13.8,59.957,59.6,NULL,'','');
INSERT INTO "incident_events" VALUES('cmtenmlo42fr4n3mkjafxynkm','cmtenmlnu2fqpn3mkimh90kwm',1786208893612,-20,'critical','Approaching operating limit','الاقتراب من الحد التشغيلي',68.01,66.19,13.79,59.953,65.6,NULL,'','');
INSERT INTO "incident_events" VALUES('cmtenmlo42fr5n3mke1h8l1iz','cmtenmlnu2fqpn3mkimh90kwm',1786209193612,-15,'critical','Approaching operating limit','الاقتراب من الحد التشغيلي',68.1,66.4,13.78,59.95,72.0,NULL,'','');
INSERT INTO "incident_events" VALUES('cmtenmlo42fr6n3mkvst9mtt6','cmtenmlnu2fqpn3mkimh90kwm',1786209493612,-10,'event','Preventive action in force','الإجراء الوقائي ساري',69.44,67.09,13.75,59.947,78.9,NULL,'','');
INSERT INTO "incident_events" VALUES('cmtenmlo42fr7n3mkmhdat69r','cmtenmlnu2fqpn3mkimh90kwm',1786209793612,-5,'event','Preventive action in force','الإجراء الوقائي ساري',70.42,67.76,13.72,59.943,86.2,NULL,'','');
INSERT INTO "incident_events" VALUES('cmtenmlo42fr8n3mk5rpzo80i','cmtenmlnu2fqpn3mkimh90kwm',1786210093612,0,'event','Preventive action in force','الإجراء الوقائي ساري',70.66,68.02,13.75,59.94,94.0,'prevented','The preventive action held the asset inside its envelope.','أبقى الإجراء الوقائي الأصل داخل نطاقه التشغيلي.');
INSERT INTO "incident_events" VALUES('cmtenmloo2frbn3mkql0p0fq9','cmtenmloe2fran3mkzevpvqem',1777737493612,-90,'normal','Within normal envelope','ضمن النطاق الطبيعي',63.1,56.19,380.31,60.0,22.0,NULL,'','');
INSERT INTO "incident_events" VALUES('cmtenmloo2frcn3mkpj0m4itw','cmtenmloe2fran3mkzevpvqem',1777737793612,-85,'normal','Within normal envelope','ضمن النطاق الطبيعي',64.18,56.67,380.46,59.997,22.2,NULL,'','');
INSERT INTO "incident_events" VALUES('cmtenmloo2frdn3mk79vqg07c','cmtenmloe2fran3mkzevpvqem',1777738093612,-80,'normal','Within normal envelope','ضمن النطاق الطبيعي',64.7,56.99,380.26,59.993,22.9,NULL,'','');
INSERT INTO "incident_events" VALUES('cmtenmloo2fren3mko9vi21mq','cmtenmloe2fran3mkzevpvqem',1777738393612,-75,'normal','Within normal envelope','ضمن النطاق الطبيعي',65.31,57.36,380.12,59.99,24.0,NULL,'','');
INSERT INTO "incident_events" VALUES('cmtenmloo2frfn3mk4vkpjcbv','cmtenmloe2fran3mkzevpvqem',1777738693612,-70,'normal','Within normal envelope','ضمن النطاق الطبيعي',65.9,57.81,380.22,59.987,25.6,NULL,'','');
INSERT INTO "incident_events" VALUES('cmtenmloo2frgn3mkv7lziohg','cmtenmloe2fran3mkzevpvqem',1777738993612,-65,'normal','Within normal envelope','ضمن النطاق الطبيعي',66.4,58.22,380.3,59.983,27.6,NULL,'','');
INSERT INTO "incident_events" VALUES('cmtenmloo2frhn3mk5ktboo11','cmtenmloe2fran3mkzevpvqem',1777739293612,-60,'normal','Within normal envelope','ضمن النطاق الطبيعي',67.02,58.57,379.98,59.98,30.0,NULL,'','');
INSERT INTO "incident_events" VALUES('cmtenmloo2frin3mkokvz9ygl','cmtenmloe2fran3mkzevpvqem',1777739593612,-55,'rising','Load and temperature rising','ارتفاع الحمل والحرارة',68.12,59.04,379.71,59.977,32.9,NULL,'','');
INSERT INTO "incident_events" VALUES('cmtenmloo2frjn3mkfywhe5zi','cmtenmloe2fran3mkzevpvqem',1777739893612,-50,'rising','Load and temperature rising','ارتفاع الحمل والحرارة',68.95,59.43,379.55,59.973,36.2,NULL,'','');
INSERT INTO "incident_events" VALUES('cmtenmloo2frkn3mkq0s77d55','cmtenmloe2fran3mkzevpvqem',1777740193612,-45,'rising','Load and temperature rising','ارتفاع الحمل والحرارة',69.6,59.76,379.47,59.97,40.0,NULL,'','');
INSERT INTO "incident_events" VALUES('cmtenmloo2frln3mkcij4qk0m','cmtenmloe2fran3mkzevpvqem',1777740493612,-40,'rising','Load and temperature rising','ارتفاع الحمل والحرارة',70.13,60.11,379.23,59.967,44.2,NULL,'','');
INSERT INTO "incident_events" VALUES('cmtenmloo2frmn3mks7x5hf43','cmtenmloe2fran3mkzevpvqem',1777740793612,-35,'critical','Approaching operating limit','الاقتراب من الحد التشغيلي',70.69,60.56,379.07,59.963,48.9,NULL,'','');
INSERT INTO "incident_events" VALUES('cmtenmloo2frnn3mkcqwwn5yc','cmtenmloe2fran3mkzevpvqem',1777741093612,-30,'critical','Approaching operating limit','الاقتراب من الحد التشغيلي',71.17,60.87,379.01,59.96,54.0,NULL,'','');
INSERT INTO "incident_events" VALUES('cmtenmloo2fron3mkhmefof9y','cmtenmloe2fran3mkzevpvqem',1777741393612,-25,'critical','Approaching operating limit','الاقتراب من الحد التشغيلي',71.2,61.0,378.67,59.957,59.6,NULL,'','');
INSERT INTO "incident_events" VALUES('cmtenmloo2frpn3mki7go4bn8','cmtenmloe2fran3mkzevpvqem',1777741693612,-20,'critical','Approaching operating limit','الاقتراب من الحد التشغيلي',71.4,61.16,378.62,59.953,65.6,NULL,'','');
INSERT INTO "incident_events" VALUES('cmtenmloo2frqn3mkvtinmmfy','cmtenmloe2fran3mkzevpvqem',1777741993612,-15,'critical','Approaching operating limit','الاقتراب من الحد التشغيلي',71.77,61.37,378.84,59.95,72.0,NULL,'','');
INSERT INTO "incident_events" VALUES('cmtenmloo2frrn3mky0sr86ae','cmtenmloe2fran3mkzevpvqem',1777742293612,-10,'event','Limit exceeded','تجاوز الحد التشغيلي',71.82,61.48,378.9,59.947,78.9,NULL,'','');
INSERT INTO "incident_events" VALUES('cmtenmloo2frsn3mkgxnhe6yv','cmtenmloe2fran3mkzevpvqem',1777742593612,-5,'event','Limit exceeded','تجاوز الحد التشغيلي',71.77,61.5,378.49,59.943,86.2,NULL,'','');
INSERT INTO "incident_events" VALUES('cmtenmloo2frtn3mkjf0ngm7o','cmtenmloe2fran3mkzevpvqem',1777742893612,0,'event','Limit exceeded','تجاوز الحد التشغيلي',71.44,61.43,378.55,59.94,94.0,'failure','The operating limit was exceeded and the asset tripped.','تم تجاوز الحد التشغيلي وفصل الأصل.');
INSERT INTO "incident_events" VALUES('cmtenmlp52frwn3mkjdsyjvhm','cmtenmlox2frvn3mk0fg8ogm2',1775663893612,-90,'normal','Within normal envelope','ضمن النطاق الطبيعي',60.43,50.21,13.82,60.0,22.0,NULL,'','');
INSERT INTO "incident_events" VALUES('cmtenmlp52frxn3mkqf443mjd','cmtenmlox2frvn3mk0fg8ogm2',1775664193612,-85,'normal','Within normal envelope','ضمن النطاق الطبيعي',60.88,50.57,13.82,59.997,22.2,NULL,'','');
INSERT INTO "incident_events" VALUES('cmtenmlp52fryn3mkwmcnvie9','cmtenmlox2frvn3mk0fg8ogm2',1775664493612,-80,'normal','Within normal envelope','ضمن النطاق الطبيعي',61.76,51.02,13.8,59.993,22.9,NULL,'','');
INSERT INTO "incident_events" VALUES('cmtenmlp52frzn3mk41h3krcl','cmtenmlox2frvn3mk0fg8ogm2',1775664793612,-75,'normal','Within normal envelope','ضمن النطاق الطبيعي',63.26,51.6,13.79,59.99,24.0,NULL,'','');
INSERT INTO "incident_events" VALUES('cmtenmlp52fs0n3mk86siv51f','cmtenmlox2frvn3mk0fg8ogm2',1775665093612,-70,'normal','Within normal envelope','ضمن النطاق الطبيعي',63.99,51.89,13.79,59.987,25.6,NULL,'','');
INSERT INTO "incident_events" VALUES('cmtenmlp52fs1n3mk5wovavww','cmtenmlox2frvn3mk0fg8ogm2',1775665393612,-65,'normal','Within normal envelope','ضمن النطاق الطبيعي',64.95,52.28,13.78,59.983,27.6,NULL,'','');
INSERT INTO "incident_events" VALUES('cmtenmlp52fs2n3mkxsfragv2','cmtenmlox2frvn3mk0fg8ogm2',1775665693612,-60,'normal','Within normal envelope','ضمن النطاق الطبيعي',66.21,52.88,13.76,59.98,30.0,NULL,'','');
INSERT INTO "incident_events" VALUES('cmtenmlp52fs3n3mknbklvoir','cmtenmlox2frvn3mk0fg8ogm2',1775665993612,-55,'rising','Load and temperature rising','ارتفاع الحمل والحرارة',67.49,53.63,13.76,59.977,32.9,NULL,'','');
INSERT INTO "incident_events" VALUES('cmtenmlp52fs4n3mklkycq3lt','cmtenmlox2frvn3mk0fg8ogm2',1775666293612,-50,'rising','Load and temperature rising','ارتفاع الحمل والحرارة',68.79,54.21,13.74,59.973,36.2,NULL,'','');
INSERT INTO "incident_events" VALUES('cmtenmlp52fs5n3mkp1aeoozz','cmtenmlox2frvn3mk0fg8ogm2',1775666593612,-45,'rising','Load and temperature rising','ارتفاع الحمل والحرارة',70.13,54.84,13.73,59.97,40.0,NULL,'','');
INSERT INTO "incident_events" VALUES('cmtenmlp52fs6n3mkgi8i3ajl','cmtenmlox2frvn3mk0fg8ogm2',1775666893612,-40,'rising','Load and temperature rising','ارتفاع الحمل والحرارة',70.79,55.28,13.75,59.967,44.2,'nabdh_detect','NABDH raised an early warning 38 minutes before the event.','أطلق نَبْض إنذارًا مبكرًا قبل 38 دقيقة من الحدث.');
INSERT INTO "incident_events" VALUES('cmtenmlp52fs7n3mk907mrxff','cmtenmlox2frvn3mk0fg8ogm2',1775667193612,-35,'critical','Approaching operating limit','الاقتراب من الحد التشغيلي',71.2,55.63,13.75,59.963,48.9,NULL,'','');
INSERT INTO "incident_events" VALUES('cmtenmlp52fs8n3mklv80w5gm','cmtenmlox2frvn3mk0fg8ogm2',1775667493612,-30,'critical','Approaching operating limit','الاقتراب من الحد التشغيلي',71.95,56.16,13.73,59.96,54.0,NULL,'','');
INSERT INTO "incident_events" VALUES('cmtenmlp52fs9n3mkekm06fr2','cmtenmlox2frvn3mk0fg8ogm2',1775667793612,-25,'critical','Approaching operating limit','الاقتراب من الحد التشغيلي',72.75,56.78,13.71,59.957,59.6,NULL,'','');
INSERT INTO "incident_events" VALUES('cmtenmlp52fsan3mk080a85aa','cmtenmlox2frvn3mk0fg8ogm2',1775668093612,-20,'critical','Approaching operating limit','الاقتراب من الحد التشغيلي',73.52,57.17,13.72,59.953,65.6,NULL,'','');
INSERT INTO "incident_events" VALUES('cmtenmlp52fsbn3mkg1x5no7g','cmtenmlox2frvn3mk0fg8ogm2',1775668393612,-15,'critical','Approaching operating limit','الاقتراب من الحد التشغيلي',74.74,57.7,13.71,59.95,72.0,NULL,'','');
INSERT INTO "incident_events" VALUES('cmtenmlp52fscn3mklsfpyqtr','cmtenmlox2frvn3mk0fg8ogm2',1775668693612,-10,'event','Limit exceeded','تجاوز الحد التشغيلي',75.63,58.22,13.72,59.947,78.9,NULL,'','');
INSERT INTO "incident_events" VALUES('cmtenmlp52fsdn3mknq7ks294','cmtenmlox2frvn3mk0fg8ogm2',1775668993612,-5,'event','Limit exceeded','تجاوز الحد التشغيلي',76.12,58.6,13.73,59.943,86.2,NULL,'','');
INSERT INTO "incident_events" VALUES('cmtenmlp52fsen3mk6k111bm6','cmtenmlox2frvn3mk0fg8ogm2',1775669293612,0,'event','Limit exceeded','تجاوز الحد التشغيلي',76.67,59.01,13.72,59.94,94.0,'failure','The operating limit was exceeded and the asset tripped.','تم تجاوز الحد التشغيلي وفصل الأصل.');
INSERT INTO "incident_events" VALUES('cmtenmlpn2fshn3mkh7emfcib','cmtenmlpf2fsgn3mkkewolnfe',1773590293612,-90,'normal','Within normal envelope','ضمن النطاق الطبيعي',49.47,41.88,13.87,60.0,22.0,NULL,'','');
INSERT INTO "incident_events" VALUES('cmtenmlpn2fsin3mk43tdadmc','cmtenmlpf2fsgn3mkkewolnfe',1773590593612,-85,'normal','Within normal envelope','ضمن النطاق الطبيعي',50.14,42.26,13.86,59.997,22.2,NULL,'','');
INSERT INTO "incident_events" VALUES('cmtenmlpn2fsjn3mknrz82293','cmtenmlpf2fsgn3mkkewolnfe',1773590893612,-80,'normal','Within normal envelope','ضمن النطاق الطبيعي',50.72,42.56,13.86,59.993,22.9,NULL,'','');
INSERT INTO "incident_events" VALUES('cmtenmlpn2fskn3mkosjxmg59','cmtenmlpf2fsgn3mkkewolnfe',1773591193612,-75,'normal','Within normal envelope','ضمن النطاق الطبيعي',50.9,42.73,13.88,59.99,24.0,NULL,'','');
INSERT INTO "incident_events" VALUES('cmtenmlpn2fsln3mk8yx5ss9z','cmtenmlpf2fsgn3mkkewolnfe',1773591493612,-70,'normal','Within normal envelope','ضمن النطاق الطبيعي',51.17,42.96,13.86,59.987,25.6,'nabdh_detect','NABDH raised an early warning 71 minutes before the event.','أطلق نَبْض إنذارًا مبكرًا قبل 71 دقيقة من الحدث.');
INSERT INTO "incident_events" VALUES('cmtenmlpn2fsmn3mk1xiqqi9v','cmtenmlpf2fsgn3mkkewolnfe',1773591793612,-65,'normal','Within normal envelope','ضمن النطاق الطبيعي',51.79,43.29,13.84,59.983,27.6,NULL,'','');
INSERT INTO "incident_events" VALUES('cmtenmlpn2fsnn3mkj2a8yue8','cmtenmlpf2fsgn3mkkewolnfe',1773592093612,-60,'normal','Within normal envelope','ضمن النطاق الطبيعي',51.68,43.41,13.85,59.98,30.0,NULL,'','');
INSERT INTO "incident_events" VALUES('cmtenmlpn2fson3mkfbxoaqfc','cmtenmlpf2fsgn3mkkewolnfe',1773592393612,-55,'rising','Load and temperature rising','ارتفاع الحمل والحرارة',51.51,43.43,13.87,59.977,32.9,NULL,'','');
INSERT INTO "incident_events" VALUES('cmtenmlpn2fspn3mk7d44187r','cmtenmlpf2fsgn3mkkewolnfe',1773592693612,-50,'rising','Load and temperature rising','ارتفاع الحمل والحرارة',51.92,43.63,13.86,59.973,36.2,NULL,'','');
INSERT INTO "incident_events" VALUES('cmtenmlpn2fsqn3mk8fgo53hv','cmtenmlpf2fsgn3mkkewolnfe',1773592993612,-45,'rising','Load and temperature rising','ارتفاع الحمل والحرارة',52.15,43.84,13.86,59.97,40.0,NULL,'','');
INSERT INTO "incident_events" VALUES('cmtenmlpn2fsrn3mk9shz8z14','cmtenmlpf2fsgn3mkkewolnfe',1773593293612,-40,'rising','Load and temperature rising','ارتفاع الحمل والحرارة',52.66,44.03,13.86,59.967,44.2,NULL,'','');
INSERT INTO "incident_events" VALUES('cmtenmlpn2fssn3mkdkayos6v','cmtenmlpf2fsgn3mkkewolnfe',1773593593612,-35,'critical','Approaching operating limit','الاقتراب من الحد التشغيلي',53.32,44.24,13.86,59.963,48.9,NULL,'','');
INSERT INTO "incident_events" VALUES('cmtenmlpn2fstn3mkb11x3377','cmtenmlpf2fsgn3mkkewolnfe',1773593893612,-30,'critical','Approaching operating limit','الاقتراب من الحد التشغيلي',54.11,44.58,13.86,59.96,54.0,NULL,'','');
INSERT INTO "incident_events" VALUES('cmtenmlpn2fsun3mkkz0rywk2','cmtenmlpf2fsgn3mkkewolnfe',1773594193612,-25,'critical','Approaching operating limit','الاقتراب من الحد التشغيلي',55.17,44.94,13.84,59.957,59.6,NULL,'','');
INSERT INTO "incident_events" VALUES('cmtenmlpn2fsvn3mk1fxfpxd0','cmtenmlpf2fsgn3mkkewolnfe',1773594493612,-20,'critical','Approaching operating limit','الاقتراب من الحد التشغيلي',55.8,45.22,13.82,59.953,65.6,NULL,'','');
INSERT INTO "incident_events" VALUES('cmtenmlpn2fswn3mkxnj143sg','cmtenmlpf2fsgn3mkkewolnfe',1773594793612,-15,'critical','Approaching operating limit','الاقتراب من الحد التشغيلي',56.54,45.6,13.81,59.95,72.0,NULL,'','');
INSERT INTO "incident_events" VALUES('cmtenmlpn2fsxn3mkdcw51n2p','cmtenmlpf2fsgn3mkkewolnfe',1773595093612,-10,'event','Preventive action in force','الإجراء الوقائي ساري',57.17,45.9,13.8,59.947,78.9,NULL,'','');
INSERT INTO "incident_events" VALUES('cmtenmlpn2fsyn3mkzd685iti','cmtenmlpf2fsgn3mkkewolnfe',1773595393612,-5,'event','Preventive action in force','الإجراء الوقائي ساري',57.67,46.2,13.79,59.943,86.2,NULL,'','');
INSERT INTO "incident_events" VALUES('cmtenmlpn2fszn3mkgul9adhn','cmtenmlpf2fsgn3mkkewolnfe',1773595693612,0,'event','Preventive action in force','الإجراء الوقائي ساري',58.01,46.43,13.79,59.94,94.0,'prevented','The preventive action held the asset inside its envelope.','أبقى الإجراء الوقائي الأصل داخل نطاقه التشغيلي.');
CREATE TABLE "incidents" (
    "id" TEXT NOT NULL PRIMARY KEY,
    "code" TEXT NOT NULL,
    "title" TEXT NOT NULL,
    "titleAr" TEXT NOT NULL,
    "description" TEXT NOT NULL,
    "descriptionAr" TEXT NOT NULL,
    "assetId" TEXT,
    "regionId" TEXT,
    "severity" TEXT NOT NULL,
    "status" TEXT NOT NULL DEFAULT 'closed',
    "startedAt" DATETIME NOT NULL,
    "endedAt" DATETIME,
    "durationMin" INTEGER NOT NULL DEFAULT 0,
    "customersAffected" INTEGER NOT NULL DEFAULT 0,
    "energyNotServedMwh" REAL NOT NULL DEFAULT 0,
    "economicImpactSar" REAL NOT NULL DEFAULT 0,
    "rootCause" TEXT NOT NULL,
    "rootCauseAr" TEXT NOT NULL,
    "detectedBy" TEXT NOT NULL DEFAULT 'threshold',
    "nabdhLeadTimeMin" INTEGER NOT NULL DEFAULT 0,
    "thresholdLeadMin" INTEGER NOT NULL DEFAULT 0,
    "wasPrevented" BOOLEAN NOT NULL DEFAULT false,
    "createdAt" DATETIME NOT NULL DEFAULT CURRENT_TIMESTAMP,
    CONSTRAINT "incidents_assetId_fkey" FOREIGN KEY ("assetId") REFERENCES "assets" ("id") ON DELETE SET NULL ON UPDATE CASCADE,
    CONSTRAINT "incidents_regionId_fkey" FOREIGN KEY ("regionId") REFERENCES "regions" ("id") ON DELETE SET NULL ON UPDATE CASCADE
);
INSERT INTO "incidents" VALUES('cmtenmlln2fodn3mkjjeg4h9n','INC-2041','Bulk transformer thermal trip during evening peak','فصل حراري لمحول رئيسي أثناء الذروة المسائية','Top-oil temperature crossed the emergency limit after an unplanned industrial block was energised during a high-ambient evening.','تجاوزت حرارة الزيت العلوي الحد الطارئ بعد تشغيل كتلة أحمال صناعية غير مخططة في أمسية مرتفعة الحرارة.','cmtenmbf100e6n3mkqyewoqck','cmtenmb9e00bcn3mkvbn5m7pe','critical','closed',1785086893612,1785098653612,196,118400,164.2,4920000.0,'Loading exceeded the cyclic rating for 47 minutes with one cooling stage unavailable.','تجاوز التحميل التصنيف الدوري لمدة ٤٧ دقيقة مع تعطل إحدى مراحل التبريد.','nabdh',43,4,0,1788024509916);
INSERT INTO "incidents" VALUES('cmtenmlm52foyn3mkuez6otb7','INC-2038','Voltage excursion on the coastal 132 kV network','انحراف جهد على شبكة ١٣٢ ك.ف الساحلية','Reactive support fell short as photovoltaic output collapsed into the evening ramp.','قصور في دعم القدرة غير الفعّالة مع انهيار الإنتاج الكهروضوئي عند الصعود المسائي.','cmtenmbf400fnn3mkfyievrki','cmtenmb9e00bdn3mk9y6raloy','high','closed',1782754093612,1782756973612,48,42100,21.6,780000.0,'Capacitor bank switching lagged the solar ramp-down by roughly eleven minutes.','تأخر تشغيل مجموعة المكثفات نحو إحدى عشرة دقيقة عن هبوط الإنتاج الشمسي.','nabdh',27,2,0,1788024509934);
INSERT INTO "incidents" VALUES('cmtenmlmr2fpjn3mkub0mucpf','INC-2044','Prevented overload at Qassim bulk supply point','تفادي تحميل زائد في نقطة التغذية الرئيسية بالقصيم','An early prediction allowed 14 MW to be transferred before the thermal limit was approached. No customer was interrupted.','أتاح تنبؤ مبكر تحويل ١٤ ميجاواط قبل الاقتراب من الحد الحراري، ولم ينقطع التيار عن أي مشترك.','cmtenmbfa00kgn3mkzvkb3sii','cmtenmb9e00bln3mk5zzb69av','medium','closed',1786987693612,1786987693612,0,0,0.0,0.0,'Forecast miss on irrigation pumping load coinciding with a dust event.','خطأ في توقع أحمال ضخ الري تزامن مع حدث غباري.','nabdh',52,0,1,1788024509955);
INSERT INTO "incidents" VALUES('cmtenmlnb2fq4n3mkn75a82ml','INC-2031','Line overload during planned outage — Madinah','تحميل زائد على خط أثناء فصل مخطط — المدينة المنورة','The parallel 380 kV path exceeded its continuous rating while a circuit was out for maintenance.','تجاوز مسار ٣٨٠ ك.ف الموازي حده المستمر أثناء فصل دائرة للصيانة.','cmtenmbf700icn3mklav10md5','cmtenmb9e00bgn3mk735rmi2y','high','closed',1780421293612,1780429333612,134,0,0.0,210000.0,'Outage scheduled against a load forecast that under-predicted the afternoon peak by 8 %.','جُدول الفصل وفق توقع أحمال قلّل ذروة بعد الظهر بنسبة ٨٪.','nabdh',66,9,0,1788024509975);
INSERT INTO "incidents" VALUES('cmtenmlnu2fqpn3mkimh90kwm','INC-2027','Battery fleet derate in extreme ambient — Dammam','خفض قدرة أسطول البطاريات في حرارة قصوى — الدمام','Storage available power fell to 68 % of rating, reducing the evening reserve margin.','انخفضت القدرة المتاحة للتخزين إلى ٦٨٪ من التصنيف، مما قلّص احتياطي المساء.','cmtenmbf500gmn3mkx9gcrdhv','cmtenmb9e00ben3mkys8mct9f','medium','closed',1786210093612,1786223773612,228,0,0.0,95000.0,'Chiller capacity sized for a 45 °C design point; ambient reached 47.4 °C.','صُممت سعة التبريد لنقطة ٤٥ مئوية بينما بلغت حرارة الجو ٤٧٫٤ مئوية.','nabdh',94,0,1,1788024509994);
INSERT INTO "incidents" VALUES('cmtenmloe2fran3mkzevpvqem','INC-2019','Frequency excursion after generation trip','انحراف تردد بعد فصل وحدة توليد','Loss of 1 180 MW produced a 0.31 Hz excursion arrested by primary reserve.','أدى فقد ١١٨٠ ميجاواط إلى انحراف قدره ٠٫٣١ هرتز أوقفه الاحتياطي الأولي.','cmtenmbf100dvn3mklqp65wf5',NULL,'high','closed',1777742893612,1777743913612,17,0,0.0,340000.0,'Gas turbine trip on lube-oil pressure; reserve responded as designed.','فصل توربين غازي على ضغط زيت التزييت، واستجاب الاحتياطي كما هو مصمم.','threshold',0,0,0,1788024510014);
INSERT INTO "incidents" VALUES('cmtenmlox2frvn3mk0fg8ogm2','INC-2012','Dust storm photovoltaic shortfall — Qassim','نقص الإنتاج الشمسي بسبب عاصفة غبارية — القصيم','Irradiance fell 62 % over three hours, removing 780 MW of expected output.','انخفض الإشعاع ٦٢٪ خلال ثلاث ساعات، مما أزال ٧٨٠ ميجاواط من الإنتاج المتوقع.','cmtenmbfa00kgn3mkzvkb3sii','cmtenmb9e00bln3mk5zzb69av','medium','closed',1775669293612,1775680513612,187,0,0.0,620000.0,'Dust index not yet an input to the renewable forecast at the time.','لم يكن مؤشر الغبار حينها ضمن مدخلات توقع الإنتاج المتجدد.','nabdh',38,0,0,1788024510033);
INSERT INTO "incidents" VALUES('cmtenmlpf2fsgn3mkkewolnfe','INC-2008','Prevented cascade after transformer isolation — Dammam','تفادي انتشار العطل بعد عزل محول — الدمام','When one unit was isolated, load was pre-emptively spread across three feeders rather than two, holding every asset below 80 %.','عند عزل إحدى الوحدات وُزّع الحمل استباقيًا على ثلاثة مغذيات بدل اثنين، مما أبقى جميع الأصول دون ٨٠٪.','cmtenmbf500gmn3mkx9gcrdhv','cmtenmb9e00ben3mkys8mct9f','high','closed',1773595693612,1773595693612,0,0,0.0,0.0,'Planned isolation for bushing replacement.','عزل مخطط لاستبدال عازل طرفي.','nabdh',71,0,1,1788024510051);
CREATE TABLE "integration_connectors" (
    "id" TEXT NOT NULL PRIMARY KEY,
    "code" TEXT NOT NULL,
    "name" TEXT NOT NULL,
    "nameAr" TEXT NOT NULL,
    "kind" TEXT NOT NULL,
    "protocol" TEXT NOT NULL DEFAULT 'rest',
    "mode" TEXT NOT NULL DEFAULT 'demo',
    "status" TEXT NOT NULL DEFAULT 'disabled',
    "direction" TEXT NOT NULL DEFAULT 'inbound',
    "description" TEXT NOT NULL DEFAULT '',
    "descriptionAr" TEXT NOT NULL DEFAULT '',
    "endpoint" TEXT NOT NULL DEFAULT '',
    "authKind" TEXT NOT NULL DEFAULT 'none',
    "secretRef" TEXT NOT NULL DEFAULT '',
    "pollSeconds" INTEGER NOT NULL DEFAULT 15,
    "timeoutMs" INTEGER NOT NULL DEFAULT 5000,
    "retryLimit" INTEGER NOT NULL DEFAULT 3,
    "rateLimitPerMin" INTEGER NOT NULL DEFAULT 600,
    "lastConnectedAt" DATETIME,
    "lastSyncAt" DATETIME,
    "latencyMs" REAL NOT NULL DEFAULT 0,
    "recordsReceived" INTEGER NOT NULL DEFAULT 0,
    "errorCount" INTEGER NOT NULL DEFAULT 0,
    "healthScore" REAL NOT NULL DEFAULT 0,
    "dataQuality" REAL NOT NULL DEFAULT 0,
    "eventsPerMin" REAL NOT NULL DEFAULT 0,
    "faultKind" TEXT NOT NULL DEFAULT '',
    "isActive" BOOLEAN NOT NULL DEFAULT true,
    "createdAt" DATETIME NOT NULL DEFAULT CURRENT_TIMESTAMP,
    "updatedAt" DATETIME NOT NULL
);
INSERT INTO "integration_connectors" VALUES('cmtenmpgk2ittn3mkvzsl4pu4','CONN-SCADA-CENTRAL','Demo SCADA — Central Region','سكادا تجريبية — المنطقة الوسطى','scada','opcua','demo','connected','inbound','Simulated substation telemetry in the shape and units a Central-region SCADA gateway sends: power in kilowatts, temperature in Fahrenheit, voltage in volts.','قياسات محطات محاكاة بنفس شكل ووحدات بوابة سكادا في المنطقة الوسطى: القدرة بالكيلوواط، والحرارة بالفهرنهايت، والجهد بالفولت.','opc.tcp://demo-scada.internal:4840/nabdh','certificate','NABDH_SCADA_CLIENT_CERT',5,3000,3,600,1788040103752,1788040103752,319.0,2515,56,94.4,95.0,600.0,'',1,1788024514917,1788040103765);
INSERT INTO "integration_connectors" VALUES('cmtenmphb2iuxn3mk2td6q9ti','CONN-SCADA-EAST','Demo SCADA — Eastern Region','سكادا تجريبية — المنطقة الشرقية','scada','modbus','demo','degraded','inbound','A second simulated SCADA gateway, polled less often and over a slower link, so the hub has two sources of the same kind whose quality can be compared.','بوابة سكادا محاكاة ثانية، استطلاع أبطأ ووصلة أبطأ، لتوفير مصدرين من النوع نفسه يمكن مقارنة جودتهما.','modbus://demo-scada-east.internal:502','none','',30,6000,3,600,1788024433612,1788024433612,267.7,503,31,65.0,90.0,40.0,'',1,1788024514944,1788024514944);
INSERT INTO "integration_connectors" VALUES('cmtenmpi42iw0n3mknzlxosha','CONN-WEATHER','Demo Weather Service','خدمة أرصاد تجريبية','weather','rest','demo','connected','inbound','Ambient conditions per site. Reports hourly, so it is not stale at fifty minutes — freshness is scored against this cadence rather than a fixed threshold.','الظروف المحيطة لكل موقع. يرسل كل ساعة، لذا لا يُعد قديمًا عند خمسين دقيقة — تُقاس الحداثة بحسب هذه الوتيرة لا بعتبة ثابتة.','https://demo-weather.internal/v1/observations','api_key','NABDH_WEATHER_API_KEY',3600,8000,3,600,1788024433612,1788024433612,580.2,556,6,94.5,92.7,0.4,'',1,1788024514973,1788024514973);
INSERT INTO "integration_connectors" VALUES('cmtenmpiy2ix1n3mklhtgtunk','CONN-IOT-SENSORS','Demo IoT Sensor Mesh','شبكة مستشعرات إنترنت الأشياء التجريبية','iot','mqtt','demo','connected','inbound','Retrofitted transformer sensors publishing over MQTT. The noisiest source in the hub, and the one whose rejection log is worth reading.','مستشعرات محولات مضافة لاحقًا تنشر عبر MQTT. أكثر المصادر ضجيجًا، وسجل الرفض الخاص به هو الأجدر بالقراءة.','mqtts://demo-iot.internal:8883/nabdh/+/telemetry','basic','NABDH_IOT_BROKER_PASSWORD',10,4000,3,600,1788024433612,1788024433612,90.9,531,48,92.9,91.5,132.0,'',1,1788024515002,1788024515002);
INSERT INTO "integration_connectors" VALUES('cmtenmpjo2iy2n3mkakoeqg6i','CONN-CMMS','Demo Maintenance System (CMMS)','نظام الصيانة التجريبي','cmms','rest','demo','connected','bidirectional','Work-order state and service history. Bidirectional in configuration only: this build never writes a work order, because raising one is an operational act.','حالة أوامر العمل وسجل الخدمة. ثنائي الاتجاه في الإعداد فقط: لا يكتب هذا الإصدار أي أمر عمل، لأن إصداره إجراء تشغيلي.','https://demo-cmms.internal/api/v2','oauth2','NABDH_CMMS_CLIENT_SECRET',900,10000,3,600,1788024433612,1788024433612,760.4,572,0,94.4,92.7,1.5,'',1,1788024515028,1788024515028);
INSERT INTO "integration_connectors" VALUES('cmtenmpke2iz3n3mklqdbf3im','CONN-RENEWABLE','Demo Renewable Forecast','تنبؤ الطاقة المتجددة التجريبي','historian','rest','demo','disconnected','inbound','Day-ahead solar and wind availability. Currently disconnected — the hub shows a source that is not delivering rather than hiding it inside an average.','توافر الطاقة الشمسية وطاقة الرياح لليوم التالي. غير متصل حاليًا — تعرض المنصة مصدرًا لا يرسل بدلًا من إخفائه داخل متوسط.','https://demo-renewables.internal/v1/day-ahead','api_key','NABDH_RENEWABLE_API_KEY',1800,12000,3,600,1788011653612,1788011653612,0.0,0,0,0.0,23.7,0.0,'',1,1788024515054,1788024515054);
INSERT INTO "integration_connectors" VALUES('cmtewbng900con3mooxltzdlx','CONN-TEST-LIVE','Live probe','فحص مباشر','scada','rest','live','error','inbound','','','','none','',15,5000,3,600,NULL,NULL,0.0,0,7,0.0,0.0,0.0,'',1,1788039115642,1788040106387);
CREATE TABLE "integration_events" (
    "id" TEXT NOT NULL PRIMARY KEY,
    "connectorId" TEXT NOT NULL,
    "kind" TEXT NOT NULL,
    "recordsIn" INTEGER NOT NULL DEFAULT 0,
    "recordsAccepted" INTEGER NOT NULL DEFAULT 0,
    "recordsRejected" INTEGER NOT NULL DEFAULT 0,
    "latencyMs" REAL NOT NULL DEFAULT 0,
    "detail" TEXT NOT NULL DEFAULT '',
    "detailAr" TEXT NOT NULL DEFAULT '',
    "severity" TEXT NOT NULL DEFAULT 'info',
    "ts" DATETIME NOT NULL DEFAULT CURRENT_TIMESTAMP,
    CONSTRAINT "integration_events_connectorId_fkey" FOREIGN KEY ("connectorId") REFERENCES "integration_connectors" ("id") ON DELETE CASCADE ON UPDATE CASCADE
);
INSERT INTO "integration_events" VALUES('cmtenmph32iupn3mk7nbyxeap','cmtenmpgk2ittn3mkvzsl4pu4','sync',24,24,0,46.4,'24 of 24 records accepted from the demo source','قُبل 24 من 24 سجلًا من المصدر التجريبي','info',1788022393612);
INSERT INTO "integration_events" VALUES('cmtenmph32iuqn3mk58tgmwbt','cmtenmpgk2ittn3mkvzsl4pu4','sync',24,24,0,46.2,'24 of 24 records accepted from the demo source','قُبل 24 من 24 سجلًا من المصدر التجريبي','info',1788022693612);
INSERT INTO "integration_events" VALUES('cmtenmph32iurn3mk684n1ghf','cmtenmpgk2ittn3mkvzsl4pu4','sync',24,24,0,43.4,'24 of 24 records accepted from the demo source','قُبل 24 من 24 سجلًا من المصدر التجريبي','info',1788022993612);
INSERT INTO "integration_events" VALUES('cmtenmph32iusn3mkrahnzimr','cmtenmpgk2ittn3mkvzsl4pu4','sync',23,23,0,47.3,'23 of 23 records accepted from the demo source','قُبل 23 من 23 سجلًا من المصدر التجريبي','info',1788023293612);
INSERT INTO "integration_events" VALUES('cmtenmph32iutn3mk6la1o2j0','cmtenmpgk2ittn3mkvzsl4pu4','sync',24,24,0,51.0,'24 of 24 records accepted from the demo source','قُبل 24 من 24 سجلًا من المصدر التجريبي','info',1788023593612);
INSERT INTO "integration_events" VALUES('cmtenmph32iuun3mkivca8kn2','cmtenmpgk2ittn3mkvzsl4pu4','degraded',23,22,1,43.7,'22 of 23 records accepted from the demo source','قُبل 22 من 23 سجلًا من المصدر التجريبي','warning',1788023893612);
INSERT INTO "integration_events" VALUES('cmtenmph32iuvn3mkzm4suobx','cmtenmpgk2ittn3mkvzsl4pu4','sync',23,23,0,42.4,'23 of 23 records accepted from the demo source','قُبل 23 من 23 سجلًا من المصدر التجريبي','info',1788024193612);
INSERT INTO "integration_events" VALUES('cmtenmph32iuwn3mk580b1qea','cmtenmpgk2ittn3mkvzsl4pu4','sync',23,23,0,42.9,'23 of 23 records accepted from the demo source','قُبل 23 من 23 سجلًا من المصدر التجريبي','info',1788024493612);
INSERT INTO "integration_events" VALUES('cmtenmphw2ivsn3mk76scdxv2','cmtenmphb2iuxn3mk2td6q9ti','degraded',21,19,2,270.9,'19 of 21 records accepted from the demo source','قُبل 19 من 21 سجلًا من المصدر التجريبي','warning',1788022393612);
INSERT INTO "integration_events" VALUES('cmtenmphw2ivtn3mkhek472m5','cmtenmphb2iuxn3mk2td6q9ti','degraded',21,20,1,265.5,'20 of 21 records accepted from the demo source','قُبل 20 من 21 سجلًا من المصدر التجريبي','warning',1788022693612);
INSERT INTO "integration_events" VALUES('cmtenmphw2ivun3mkohgr9u7o','cmtenmphb2iuxn3mk2td6q9ti','degraded',21,19,2,283.8,'19 of 21 records accepted from the demo source','قُبل 19 من 21 سجلًا من المصدر التجريبي','warning',1788022993612);
INSERT INTO "integration_events" VALUES('cmtenmphw2ivvn3mkqm68g2ri','cmtenmphb2iuxn3mk2td6q9ti','degraded',21,20,1,380.0,'20 of 21 records accepted from the demo source','قُبل 20 من 21 سجلًا من المصدر التجريبي','warning',1788023293612);
INSERT INTO "integration_events" VALUES('cmtenmphw2ivwn3mk34g5bgwp','cmtenmphb2iuxn3mk2td6q9ti','degraded',21,20,1,369.0,'20 of 21 records accepted from the demo source','قُبل 20 من 21 سجلًا من المصدر التجريبي','warning',1788023593612);
INSERT INTO "integration_events" VALUES('cmtenmphw2ivxn3mke8zkolb2','cmtenmphb2iuxn3mk2td6q9ti','degraded',21,20,1,352.4,'20 of 21 records accepted from the demo source','قُبل 20 من 21 سجلًا من المصدر التجريبي','warning',1788023893612);
INSERT INTO "integration_events" VALUES('cmtenmphw2ivyn3mk6tg4y0re','cmtenmphb2iuxn3mk2td6q9ti','degraded',21,19,2,327.2,'19 of 21 records accepted from the demo source','قُبل 19 من 21 سجلًا من المصدر التجريبي','warning',1788024193612);
INSERT INTO "integration_events" VALUES('cmtenmphw2ivzn3mkf647vd6i','cmtenmphb2iuxn3mk2td6q9ti','degraded',20,19,1,267.7,'19 of 20 records accepted from the demo source','قُبل 19 من 20 سجلًا من المصدر التجريبي','warning',1788024493612);
INSERT INTO "integration_events" VALUES('cmtenmpip2iwtn3mknu5mwdir','cmtenmpi42iw0n3mknzlxosha','degraded',24,23,1,441.7,'23 of 24 records accepted from the demo source','قُبل 23 من 24 سجلًا من المصدر التجريبي','warning',1788022393612);
INSERT INTO "integration_events" VALUES('cmtenmpip2iwun3mkp23q0wev','cmtenmpi42iw0n3mknzlxosha','sync',23,23,0,543.1,'23 of 23 records accepted from the demo source','قُبل 23 من 23 سجلًا من المصدر التجريبي','info',1788022693612);
INSERT INTO "integration_events" VALUES('cmtenmpip2iwvn3mkvb7l4cwc','cmtenmpi42iw0n3mknzlxosha','degraded',23,22,1,522.1,'22 of 23 records accepted from the demo source','قُبل 22 من 23 سجلًا من المصدر التجريبي','warning',1788022993612);
INSERT INTO "integration_events" VALUES('cmtenmpip2iwwn3mkq107lmkg','cmtenmpi42iw0n3mknzlxosha','degraded',23,22,1,475.8,'22 of 23 records accepted from the demo source','قُبل 22 من 23 سجلًا من المصدر التجريبي','warning',1788023293612);
INSERT INTO "integration_events" VALUES('cmtenmpip2iwxn3mkjzx7a3w7','cmtenmpi42iw0n3mknzlxosha','sync',24,24,0,526.3,'24 of 24 records accepted from the demo source','قُبل 24 من 24 سجلًا من المصدر التجريبي','info',1788023593612);
INSERT INTO "integration_events" VALUES('cmtenmpip2iwyn3mktc1exzrl','cmtenmpi42iw0n3mknzlxosha','sync',23,23,0,582.4,'23 of 23 records accepted from the demo source','قُبل 23 من 23 سجلًا من المصدر التجريبي','info',1788023893612);
INSERT INTO "integration_events" VALUES('cmtenmpip2iwzn3mk8hmg335o','cmtenmpi42iw0n3mknzlxosha','sync',23,23,0,445.0,'23 of 23 records accepted from the demo source','قُبل 23 من 23 سجلًا من المصدر التجريبي','info',1788024193612);
INSERT INTO "integration_events" VALUES('cmtenmpip2ix0n3mk7hcu2ntd','cmtenmpi42iw0n3mknzlxosha','sync',23,23,0,580.2,'23 of 23 records accepted from the demo source','قُبل 23 من 23 سجلًا من المصدر التجريبي','info',1788024493612);
INSERT INTO "integration_events" VALUES('cmtenmpjf2ixun3mk3nym5it6','cmtenmpiy2ix1n3mklhtgtunk','degraded',22,20,2,99.3,'20 of 22 records accepted from the demo source','قُبل 20 من 22 سجلًا من المصدر التجريبي','warning',1788022393612);
INSERT INTO "integration_events" VALUES('cmtenmpjf2ixvn3mku3j0y37m','cmtenmpiy2ix1n3mklhtgtunk','degraded',23,21,2,109.7,'21 of 23 records accepted from the demo source','قُبل 21 من 23 سجلًا من المصدر التجريبي','warning',1788022693612);
INSERT INTO "integration_events" VALUES('cmtenmpjf2ixwn3mkzo41b7rx','cmtenmpiy2ix1n3mklhtgtunk','degraded',23,21,2,90.9,'21 of 23 records accepted from the demo source','قُبل 21 من 23 سجلًا من المصدر التجريبي','warning',1788022993612);
INSERT INTO "integration_events" VALUES('cmtenmpjf2ixxn3mkzwjzr8zv','cmtenmpiy2ix1n3mklhtgtunk','degraded',22,20,2,91.6,'20 of 22 records accepted from the demo source','قُبل 20 من 22 سجلًا من المصدر التجريبي','warning',1788023293612);
INSERT INTO "integration_events" VALUES('cmtenmpjf2ixyn3mkixrtd1sm','cmtenmpiy2ix1n3mklhtgtunk','degraded',22,20,2,109.2,'20 of 22 records accepted from the demo source','قُبل 20 من 22 سجلًا من المصدر التجريبي','warning',1788023593612);
INSERT INTO "integration_events" VALUES('cmtenmpjf2ixzn3mk00ek1gsk','cmtenmpiy2ix1n3mklhtgtunk','degraded',22,20,2,111.2,'20 of 22 records accepted from the demo source','قُبل 20 من 22 سجلًا من المصدر التجريبي','warning',1788023893612);
INSERT INTO "integration_events" VALUES('cmtenmpjf2iy0n3mkal2ws3ku','cmtenmpiy2ix1n3mklhtgtunk','degraded',22,20,2,85.8,'20 of 22 records accepted from the demo source','قُبل 20 من 22 سجلًا من المصدر التجريبي','warning',1788024193612);
INSERT INTO "integration_events" VALUES('cmtenmpjf2iy1n3mk267z8mwk','cmtenmpiy2ix1n3mklhtgtunk','degraded',22,20,2,90.9,'20 of 22 records accepted from the demo source','قُبل 20 من 22 سجلًا من المصدر التجريبي','warning',1788024493612);
INSERT INTO "integration_events" VALUES('cmtenmpk52iyvn3mk37b093ye','cmtenmpjo2iy2n3mkakoeqg6i','sync',23,23,0,734.9,'23 of 23 records accepted from the demo source','قُبل 23 من 23 سجلًا من المصدر التجريبي','info',1788022393612);
INSERT INTO "integration_events" VALUES('cmtenmpk52iywn3mkz770otzq','cmtenmpjo2iy2n3mkakoeqg6i','sync',24,24,0,562.5,'24 of 24 records accepted from the demo source','قُبل 24 من 24 سجلًا من المصدر التجريبي','info',1788022693612);
INSERT INTO "integration_events" VALUES('cmtenmpk52iyxn3mk2edxw9e8','cmtenmpjo2iy2n3mkakoeqg6i','sync',24,24,0,660.8,'24 of 24 records accepted from the demo source','قُبل 24 من 24 سجلًا من المصدر التجريبي','info',1788022993612);
INSERT INTO "integration_events" VALUES('cmtenmpk62iyyn3mksflpbu74','cmtenmpjo2iy2n3mkakoeqg6i','sync',24,24,0,636.6,'24 of 24 records accepted from the demo source','قُبل 24 من 24 سجلًا من المصدر التجريبي','info',1788023293612);
INSERT INTO "integration_events" VALUES('cmtenmpk62iyzn3mkxb2og22u','cmtenmpjo2iy2n3mkakoeqg6i','sync',24,24,0,621.1,'24 of 24 records accepted from the demo source','قُبل 24 من 24 سجلًا من المصدر التجريبي','info',1788023593612);
INSERT INTO "integration_events" VALUES('cmtenmpk62iz0n3mkqtt3kntj','cmtenmpjo2iy2n3mkakoeqg6i','sync',24,24,0,714.3,'24 of 24 records accepted from the demo source','قُبل 24 من 24 سجلًا من المصدر التجريبي','info',1788023893612);
INSERT INTO "integration_events" VALUES('cmtenmpk62iz1n3mkzkh7a6ho','cmtenmpjo2iy2n3mkakoeqg6i','sync',24,24,0,591.0,'24 of 24 records accepted from the demo source','قُبل 24 من 24 سجلًا من المصدر التجريبي','info',1788024193612);
INSERT INTO "integration_events" VALUES('cmtenmpk62iz2n3mkq396nq49','cmtenmpjo2iy2n3mkakoeqg6i','sync',23,23,0,760.4,'23 of 23 records accepted from the demo source','قُبل 23 من 23 سجلًا من المصدر التجريبي','info',1788024493612);
INSERT INTO "integration_events" VALUES('cmtenmpkw2izvn3mk5v0qyej2','cmtenmpke2iz3n3mklqdbf3im','error',0,0,0,0.0,'No response from the source within the configured timeout','لا استجابة من المصدر خلال المهلة المحددة','error',1788022393612);
INSERT INTO "integration_events" VALUES('cmtenmpkw2izwn3mkswypv415','cmtenmpke2iz3n3mklqdbf3im','error',0,0,0,0.0,'No response from the source within the configured timeout','لا استجابة من المصدر خلال المهلة المحددة','error',1788022693612);
INSERT INTO "integration_events" VALUES('cmtenmpkw2izxn3mkxk2z81ql','cmtenmpke2iz3n3mklqdbf3im','error',0,0,0,0.0,'No response from the source within the configured timeout','لا استجابة من المصدر خلال المهلة المحددة','error',1788022993612);
INSERT INTO "integration_events" VALUES('cmtenmpkw2izyn3mk0brthoal','cmtenmpke2iz3n3mklqdbf3im','error',0,0,0,0.0,'No response from the source within the configured timeout','لا استجابة من المصدر خلال المهلة المحددة','error',1788023293612);
INSERT INTO "integration_events" VALUES('cmtenmpkw2izzn3mkj6envz6c','cmtenmpke2iz3n3mklqdbf3im','error',0,0,0,0.0,'No response from the source within the configured timeout','لا استجابة من المصدر خلال المهلة المحددة','error',1788023593612);
INSERT INTO "integration_events" VALUES('cmtenmpkw2j00n3mkh3avn9gw','cmtenmpke2iz3n3mklqdbf3im','error',0,0,0,0.0,'No response from the source within the configured timeout','لا استجابة من المصدر خلال المهلة المحددة','error',1788023893612);
INSERT INTO "integration_events" VALUES('cmtenmpkw2j01n3mk346352dh','cmtenmpke2iz3n3mklqdbf3im','error',0,0,0,0.0,'No response from the source within the configured timeout','لا استجابة من المصدر خلال المهلة المحددة','error',1788024193612);
INSERT INTO "integration_events" VALUES('cmtenmpkw2j02n3mkpa1owhgy','cmtenmpke2iz3n3mklqdbf3im','error',0,0,0,0.0,'No response from the source within the configured timeout','لا استجابة من المصدر خلال المهلة المحددة','error',1788024493612);
INSERT INTO "integration_events" VALUES('cmteo6wrn0005n3u0enld9he6','cmtenmpgk2ittn3mkvzsl4pu4','connected',0,0,0,42.9,'Demo generator responded','استجاب المولّد التجريبي','info',1788025457505);
INSERT INTO "integration_events" VALUES('cmteo6ww50009n3u0k3r3aacq','cmtenmpgk2ittn3mkvzsl4pu4','sync',60,59,1,42.9,'1 of 60 records rejected','رُفض 1 من 60 سجلًا','info',1788025457650);
INSERT INTO "integration_events" VALUES('cmteo6x1a000fn3u0opccs7iu','cmtenmpgk2ittn3mkvzsl4pu4','sync',60,59,1,42.9,'1 of 60 records rejected','رُفض 1 من 60 سجلًا','info',1788025457831);
INSERT INTO "integration_events" VALUES('cmteo6x45000ln3u0t9b1ae8b','cmtenmpgk2ittn3mkvzsl4pu4','fault_cleared',0,0,0,0.0,'Fault cleared','أُزيل العطل','info',1788025457956);
INSERT INTO "integration_events" VALUES('cmteo6x5o000pn3u0pw1wan77','cmtenmpgk2ittn3mkvzsl4pu4','sync',60,59,1,42.9,'1 of 60 records rejected','رُفض 1 من 60 سجلًا','info',1788025458000);
INSERT INTO "integration_events" VALUES('cmteo8ted002jn3u0svpgx3yq','cmtenmpgk2ittn3mkvzsl4pu4','connected',0,0,0,42.9,'Demo generator responded','استجاب المولّد التجريبي','info',1788025546452);
INSERT INTO "integration_events" VALUES('cmteo8tim002nn3u04xu47g1p','cmtenmpgk2ittn3mkvzsl4pu4','sync',60,59,1,42.9,'1 of 60 records rejected','رُفض 1 من 60 سجلًا','info',1788025546594);
INSERT INTO "integration_events" VALUES('cmteo8tl0002tn3u0hpghd6wi','cmtenmpgk2ittn3mkvzsl4pu4','fault_injected',0,0,0,0.0,'Partial data','بيانات جزئية','warning',1788025546691);
INSERT INTO "integration_events" VALUES('cmteo8tm5002xn3u0nv13ss9r','cmtenmpgk2ittn3mkvzsl4pu4','sync',41,39,2,51.5,'2 of 41 records rejected','رُفض 2 من 41 سجلًا','info',1788025546722);
INSERT INTO "integration_events" VALUES('cmteo8tn10033n3u0krmifooa','cmtenmpgk2ittn3mkvzsl4pu4','fault_cleared',0,0,0,0.0,'Fault cleared','أُزيل العطل','info',1788025546764);
INSERT INTO "integration_events" VALUES('cmteo8ton0037n3u0o9d3k42n','cmtenmpgk2ittn3mkvzsl4pu4','sync',60,59,1,51.5,'1 of 60 records rejected','رُفض 1 من 60 سجلًا','info',1788025546811);
INSERT INTO "integration_events" VALUES('cmteo97a8005wn3u0t2ruds62','cmtenmpgk2ittn3mkvzsl4pu4','connected',0,0,0,51.5,'Demo generator responded','استجاب المولّد التجريبي','info',1788025564447);
INSERT INTO "integration_events" VALUES('cmteo97d60060n3u0jlkph9gr','cmtenmpgk2ittn3mkvzsl4pu4','sync',60,59,1,51.5,'1 of 60 records rejected','رُفض 1 من 60 سجلًا','info',1788025564542);
INSERT INTO "integration_events" VALUES('cmteo97fw0066n3u0jiimg6w4','cmtenmpgk2ittn3mkvzsl4pu4','fault_injected',0,0,0,0.0,'Partial data','بيانات جزئية','warning',1788025564651);
INSERT INTO "integration_events" VALUES('cmteo97hf006an3u0p4t6d4wc','cmtenmpgk2ittn3mkvzsl4pu4','sync',41,39,2,61.8,'2 of 41 records rejected','رُفض 2 من 41 سجلًا','info',1788025564695);
INSERT INTO "integration_events" VALUES('cmteo97iu006gn3u0ta8lg6zt','cmtenmpgk2ittn3mkvzsl4pu4','fault_cleared',0,0,0,0.0,'Fault cleared','أُزيل العطل','info',1788025564757);
INSERT INTO "integration_events" VALUES('cmteo97kg006kn3u0dj5pp7bh','cmtenmpgk2ittn3mkvzsl4pu4','sync',60,59,1,61.8,'1 of 60 records rejected','رُفض 1 من 60 سجلًا','info',1788025564802);
INSERT INTO "integration_events" VALUES('cmteol39r0009n3x05qiemyf4','cmtenmpgk2ittn3mkvzsl4pu4','connected',0,0,0,61.8,'Demo generator responded','استجاب المولّد التجريبي','info',1788026119118);
INSERT INTO "integration_events" VALUES('cmteol3fb000dn3x0062lyya8','cmtenmpgk2ittn3mkvzsl4pu4','sync',60,59,1,61.8,'1 of 60 records rejected','رُفض 1 من 60 سجلًا','info',1788026119306);
INSERT INTO "integration_events" VALUES('cmteol3h1000jn3x0q2n9sn04','cmtenmpgk2ittn3mkvzsl4pu4','fault_injected',0,0,0,0.0,'Partial data','بيانات جزئية','warning',1788026119380);
INSERT INTO "integration_events" VALUES('cmteol3ic000nn3x0fxk9z762','cmtenmpgk2ittn3mkvzsl4pu4','sync',41,39,2,74.2,'2 of 41 records rejected','رُفض 2 من 41 سجلًا','info',1788026119417);
INSERT INTO "integration_events" VALUES('cmteol3jm000tn3x0o71j16nn','cmtenmpgk2ittn3mkvzsl4pu4','fault_cleared',0,0,0,0.0,'Fault cleared','أُزيل العطل','info',1788026119473);
INSERT INTO "integration_events" VALUES('cmteol3l4000xn3x0fyldxsqe','cmtenmpgk2ittn3mkvzsl4pu4','sync',60,59,1,74.2,'1 of 60 records rejected','رُفض 1 من 60 سجلًا','info',1788026119518);
INSERT INTO "integration_events" VALUES('cmtevjh8v000rn30wkg2250dw','cmtenmpgk2ittn3mkvzsl4pu4','connected',0,0,0,74.2,'Demo generator responded','استجاب المولّد التجريبي','info',1788037801227);
INSERT INTO "integration_events" VALUES('cmtevjhbw000vn30wt3ukkztz','cmtenmpgk2ittn3mkvzsl4pu4','sync',60,59,1,74.2,'1 of 60 records rejected','رُفض 1 من 60 سجلًا','info',1788037801326);
INSERT INTO "integration_events" VALUES('cmtevjhda0011n30w2z5wczje','cmtenmpgk2ittn3mkvzsl4pu4','fault_injected',0,0,0,0.0,'Partial data','بيانات جزئية','warning',1788037801388);
INSERT INTO "integration_events" VALUES('cmtevjhes0015n30wt8wpcqg4','cmtenmpgk2ittn3mkvzsl4pu4','sync',41,39,2,89.0,'2 of 41 records rejected','رُفض 2 من 41 سجلًا','info',1788037801433);
INSERT INTO "integration_events" VALUES('cmtevjhg9001bn30wmadxqnzi','cmtenmpgk2ittn3mkvzsl4pu4','fault_cleared',0,0,0,0.0,'Fault cleared','أُزيل العطل','info',1788037801495);
INSERT INTO "integration_events" VALUES('cmtevjhhs001fn30w577asbgh','cmtenmpgk2ittn3mkvzsl4pu4','sync',60,59,1,89.0,'1 of 60 records rejected','رُفض 1 من 60 سجلًا','info',1788037801540);
INSERT INTO "integration_events" VALUES('cmtewblp3009xn3moftrs73m4','cmtenmpgk2ittn3mkvzsl4pu4','connected',0,0,0,89.0,'Demo generator responded','استجاب المولّد التجريبي','info',1788039113352);
INSERT INTO "integration_events" VALUES('cmtewblsm00a1n3motht0wt9q','cmtenmpgk2ittn3mkvzsl4pu4','sync',60,59,1,89.0,'1 of 60 records rejected','رُفض 1 من 60 سجلًا','info',1788039113481);
INSERT INTO "integration_events" VALUES('cmtewblv700a7n3moplwrl6if','cmtenmpgk2ittn3mkvzsl4pu4','fault_injected',0,0,0,0.0,'Partial data','بيانات جزئية','warning',1788039113587);
INSERT INTO "integration_events" VALUES('cmtewblwe00abn3mol1iuezgp','cmtenmpgk2ittn3mkvzsl4pu4','sync',41,39,2,106.8,'2 of 41 records rejected','رُفض 2 من 41 سجلًا','info',1788039113619);
INSERT INTO "integration_events" VALUES('cmtewblx900ahn3mo762zke05','cmtenmpgk2ittn3mkvzsl4pu4','fault_cleared',0,0,0,0.0,'Fault cleared','أُزيل العطل','info',1788039113660);
INSERT INTO "integration_events" VALUES('cmtewblza00aln3mozlr0z0vh','cmtenmpgk2ittn3mkvzsl4pu4','sync',60,59,1,106.8,'1 of 60 records rejected','رُفض 1 من 60 سجلًا','info',1788039113723);
INSERT INTO "integration_events" VALUES('cmtewbnia00csn3molmd2sjvx','cmtewbng900con3mooxltzdlx','error',0,0,0,0.0,'No endpoint is configured for this live connector','الموصّل الحي غير مهيأ بنقطة نهاية','error',1788039115714);
INSERT INTO "integration_events" VALUES('cmtewrwb5003ln3aw6qvnqfbq','cmtenmpgk2ittn3mkvzsl4pu4','connected',0,0,0,106.8,'Demo generator responded','استجاب المولّد التجريبي','info',1788039873615);
INSERT INTO "integration_events" VALUES('cmtewrwdu003pn3awbufenzbk','cmtenmpgk2ittn3mkvzsl4pu4','sync',60,59,1,106.8,'1 of 60 records rejected','رُفض 1 من 60 سجلًا','info',1788039873704);
INSERT INTO "integration_events" VALUES('cmtewrwf0003vn3awnw9ncp70','cmtenmpgk2ittn3mkvzsl4pu4','fault_injected',0,0,0,0.0,'Partial data','بيانات جزئية','warning',1788039873755);
INSERT INTO "integration_events" VALUES('cmtewrwgn003zn3awe7ugbfwj','cmtenmpgk2ittn3mkvzsl4pu4','sync',41,39,2,128.2,'2 of 41 records rejected','رُفض 2 من 41 سجلًا','info',1788039873804);
INSERT INTO "integration_events" VALUES('cmtewrwi70045n3awwv4jtexo','cmtenmpgk2ittn3mkvzsl4pu4','fault_cleared',0,0,0,0.0,'Fault cleared','أُزيل العطل','info',1788039873871);
INSERT INTO "integration_events" VALUES('cmtewrwjl0049n3awvdc5qe9q','cmtenmpgk2ittn3mkvzsl4pu4','sync',60,59,1,128.2,'1 of 60 records rejected','رُفض 1 من 60 سجلًا','info',1788039873910);
INSERT INTO "integration_events" VALUES('cmtewrxsz006bn3awg83dhr1r','cmtewbng900con3mooxltzdlx','error',0,0,0,0.0,'No endpoint is configured for this live connector','الموصّل الحي غير مهيأ بنقطة نهاية','error',1788039875555);
INSERT INTO "integration_events" VALUES('cmtewsjj800bpn3awbswj13tv','cmtenmpgk2ittn3mkvzsl4pu4','connected',0,0,0,128.2,'Demo generator responded','استجاب المولّد التجريبي','info',1788039903713);
INSERT INTO "integration_events" VALUES('cmtewsjlr00btn3awc2cr8zw4','cmtenmpgk2ittn3mkvzsl4pu4','sync',60,59,1,128.2,'1 of 60 records rejected','رُفض 1 من 60 سجلًا','info',1788039903794);
INSERT INTO "integration_events" VALUES('cmtewsjms00bzn3awvj4xdjpy','cmtenmpgk2ittn3mkvzsl4pu4','fault_injected',0,0,0,0.0,'Partial data','بيانات جزئية','warning',1788039903842);
INSERT INTO "integration_events" VALUES('cmtewsjo900c3n3awpe9ci4dh','cmtenmpgk2ittn3mkvzsl4pu4','sync',41,39,2,153.8,'2 of 41 records rejected','رُفض 2 من 41 سجلًا','info',1788039903882);
INSERT INTO "integration_events" VALUES('cmtewsjpb00c9n3awmkbwazlu','cmtenmpgk2ittn3mkvzsl4pu4','fault_cleared',0,0,0,0.0,'Fault cleared','أُزيل العطل','info',1788039903934);
INSERT INTO "integration_events" VALUES('cmtewsjqz00cdn3awen1msuac','cmtenmpgk2ittn3mkvzsl4pu4','sync',60,59,1,153.8,'1 of 60 records rejected','رُفض 1 من 60 سجلًا','info',1788039903982);
INSERT INTO "integration_events" VALUES('cmtewskza00efn3awjap5gdvm','cmtewbng900con3mooxltzdlx','error',0,0,0,0.0,'No endpoint is configured for this live connector','الموصّل الحي غير مهيأ بنقطة نهاية','error',1788039905590);
INSERT INTO "integration_events" VALUES('cmtewsxqg00enn3aw2tsaspqg','cmtenmpgk2ittn3mkvzsl4pu4','connected',0,0,0,153.8,'Demo generator responded','استجاب المولّد التجريبي','info',1788039922118);
INSERT INTO "integration_events" VALUES('cmtewsxsh00ern3awhdecpdxg','cmtenmpgk2ittn3mkvzsl4pu4','sync',60,59,1,153.8,'1 of 60 records rejected','رُفض 1 من 60 سجلًا','info',1788039922183);
INSERT INTO "integration_events" VALUES('cmtewsxud00exn3awlj3o7pls','cmtenmpgk2ittn3mkvzsl4pu4','fault_injected',0,0,0,0.0,'Partial data','بيانات جزئية','warning',1788039922260);
INSERT INTO "integration_events" VALUES('cmtewsxvg00f1n3awfek6zxwl','cmtenmpgk2ittn3mkvzsl4pu4','sync',41,39,2,184.6,'2 of 41 records rejected','رُفض 2 من 41 سجلًا','info',1788039922289);
INSERT INTO "integration_events" VALUES('cmtewsxww00f7n3awhylxnon5','cmtenmpgk2ittn3mkvzsl4pu4','fault_cleared',0,0,0,0.0,'Fault cleared','أُزيل العطل','info',1788039922351);
INSERT INTO "integration_events" VALUES('cmtewsxyi00fbn3awd1fx4n3y','cmtenmpgk2ittn3mkvzsl4pu4','sync',60,59,1,184.6,'1 of 60 records rejected','رُفض 1 من 60 سجلًا','info',1788039922401);
INSERT INTO "integration_events" VALUES('cmtewsz5c00hbn3aw266579q6','cmtewbng900con3mooxltzdlx','error',0,0,0,0.0,'No endpoint is configured for this live connector','الموصّل الحي غير مهيأ بنقطة نهاية','error',1788039923953);
INSERT INTO "integration_events" VALUES('cmtewt3zr00hjn3awveslkdal','cmtenmpgk2ittn3mkvzsl4pu4','connected',0,0,0,184.6,'Demo generator responded','استجاب المولّد التجريبي','info',1788039930227);
INSERT INTO "integration_events" VALUES('cmtewt42e00hnn3awuil5eiv0','cmtenmpgk2ittn3mkvzsl4pu4','sync',60,59,1,184.6,'1 of 60 records rejected','رُفض 1 من 60 سجلًا','info',1788039930313);
INSERT INTO "integration_events" VALUES('cmtewt44100htn3awks7m8z39','cmtenmpgk2ittn3mkvzsl4pu4','fault_injected',0,0,0,0.0,'Partial data','بيانات جزئية','warning',1788039930384);
INSERT INTO "integration_events" VALUES('cmtewt45n00hxn3awcs15wmtj','cmtenmpgk2ittn3mkvzsl4pu4','sync',41,39,2,221.5,'2 of 41 records rejected','رُفض 2 من 41 سجلًا','info',1788039930434);
INSERT INTO "integration_events" VALUES('cmtewt46m00i3n3aw80br56rs','cmtenmpgk2ittn3mkvzsl4pu4','fault_cleared',0,0,0,0.0,'Fault cleared','أُزيل العطل','info',1788039930477);
INSERT INTO "integration_events" VALUES('cmtewt48000i7n3awn24m7qjf','cmtenmpgk2ittn3mkvzsl4pu4','sync',60,59,1,221.5,'1 of 60 records rejected','رُفض 1 من 60 سجلًا','info',1788039930518);
INSERT INTO "integration_events" VALUES('cmtewt58b00jzn3awxv9rk3du','cmtewbng900con3mooxltzdlx','error',0,0,0,0.0,'No endpoint is configured for this live connector','الموصّل الحي غير مهيأ بنقطة نهاية','error',1788039931835);
INSERT INTO "integration_events" VALUES('cmtewuyfx00k7n3awu87n7gmj','cmtenmpgk2ittn3mkvzsl4pu4','connected',0,0,0,221.5,'Demo generator responded','استجاب المولّد التجريبي','info',1788040016347);
INSERT INTO "integration_events" VALUES('cmtewuyiy00kbn3aw8zngyqsl','cmtenmpgk2ittn3mkvzsl4pu4','sync',60,59,1,221.5,'1 of 60 records rejected','رُفض 1 من 60 سجلًا','info',1788040016443);
INSERT INTO "integration_events" VALUES('cmtewuylo00khn3awe80z1484','cmtenmpgk2ittn3mkvzsl4pu4','fault_injected',0,0,0,0.0,'Partial data','بيانات جزئية','warning',1788040016555);
INSERT INTO "integration_events" VALUES('cmtewuyne00kln3aw6sxhhrdd','cmtenmpgk2ittn3mkvzsl4pu4','sync',41,39,2,265.8,'2 of 41 records rejected','رُفض 2 من 41 سجلًا','info',1788040016608);
INSERT INTO "integration_events" VALUES('cmtewuyoe00krn3aww21apqub','cmtenmpgk2ittn3mkvzsl4pu4','fault_cleared',0,0,0,0.0,'Fault cleared','أُزيل العطل','info',1788040016653);
INSERT INTO "integration_events" VALUES('cmtewuypn00kvn3awqazuxbcr','cmtenmpgk2ittn3mkvzsl4pu4','sync',60,59,1,265.8,'1 of 60 records rejected','رُفض 1 من 60 سجلًا','info',1788040016686);
INSERT INTO "integration_events" VALUES('cmtewv05200mxn3awrlf05i1l','cmtewbng900con3mooxltzdlx','error',0,0,0,0.0,'No endpoint is configured for this live connector','الموصّل الحي غير مهيأ بنقطة نهاية','error',1788040018551);
INSERT INTO "integration_events" VALUES('cmtewwtn000ntn3awg95iq6a7','cmtenmpgk2ittn3mkvzsl4pu4','connected',0,0,0,265.8,'Demo generator responded','استجاب المولّد التجريبي','info',1788040103434);
INSERT INTO "integration_events" VALUES('cmtewwtq500nxn3awuaiflqw9','cmtenmpgk2ittn3mkvzsl4pu4','sync',60,59,1,265.8,'1 of 60 records rejected','رُفض 1 من 60 سجلًا','info',1788040103535);
INSERT INTO "integration_events" VALUES('cmtewwtsb00o3n3aw2txiomp5','cmtenmpgk2ittn3mkvzsl4pu4','fault_injected',0,0,0,0.0,'Partial data','بيانات جزئية','warning',1788040103625);
INSERT INTO "integration_events" VALUES('cmtewwttj00o7n3aw9pmagvhw','cmtenmpgk2ittn3mkvzsl4pu4','sync',41,39,2,319.0,'2 of 41 records rejected','رُفض 2 من 41 سجلًا','info',1788040103660);
INSERT INTO "integration_events" VALUES('cmtewwtuy00odn3awn9bojiwk','cmtenmpgk2ittn3mkvzsl4pu4','fault_cleared',0,0,0,0.0,'Fault cleared','أُزيل العطل','info',1788040103722);
INSERT INTO "integration_events" VALUES('cmtewwtw500ohn3awjnxf7d2k','cmtenmpgk2ittn3mkvzsl4pu4','sync',60,59,1,319.0,'1 of 60 records rejected','رُفض 1 من 60 سجلًا','info',1788040103752);
INSERT INTO "integration_events" VALUES('cmtewwvwz00qjn3aw5y7sq6nh','cmtewbng900con3mooxltzdlx','error',0,0,0,0.0,'No endpoint is configured for this live connector','الموصّل الحي غير مهيأ بنقطة نهاية','error',1788040106387);
CREATE TABLE "integration_health_samples" (
    "id" TEXT NOT NULL PRIMARY KEY,
    "connectorId" TEXT NOT NULL,
    "healthScore" REAL NOT NULL,
    "dataQuality" REAL NOT NULL,
    "latencyMs" REAL NOT NULL,
    "completeness" REAL NOT NULL DEFAULT 0,
    "freshness" REAL NOT NULL DEFAULT 0,
    "validity" REAL NOT NULL DEFAULT 0,
    "consistency" REAL NOT NULL DEFAULT 0,
    "availability" REAL NOT NULL DEFAULT 0,
    "trust" REAL NOT NULL DEFAULT 0,
    "ts" DATETIME NOT NULL DEFAULT CURRENT_TIMESTAMP,
    CONSTRAINT "integration_health_samples_connectorId_fkey" FOREIGN KEY ("connectorId") REFERENCES "integration_connectors" ("id") ON DELETE CASCADE ON UPDATE CASCADE
);
INSERT INTO "integration_health_samples" VALUES('cmtenmpgt2iu1n3mkwy4dq2ev','cmtenmpgk2ittn3mkvzsl4pu4',96.1,95.0,48.3,100.0,98.6,95.8,95.8,100.0,70.0,1788017593612);
INSERT INTO "integration_health_samples" VALUES('cmtenmpgt2iu2n3mkjwologe1','cmtenmpgk2ittn3mkvzsl4pu4',95.6,94.3,49.7,95.8,98.6,95.7,95.7,100.0,70.0,1788017893612);
INSERT INTO "integration_health_samples" VALUES('cmtenmpgt2iu3n3mkqhj1gwsk','cmtenmpgk2ittn3mkvzsl4pu4',97.2,95.0,41.6,95.8,98.6,100.0,100.0,100.0,70.0,1788018193612);
INSERT INTO "integration_health_samples" VALUES('cmtenmpgt2iu4n3mkdwkaw71m','cmtenmpgk2ittn3mkvzsl4pu4',96.2,95.0,36.6,100.0,98.6,95.8,95.8,100.0,70.0,1788018493612);
INSERT INTO "integration_health_samples" VALUES('cmtenmpgt2iu5n3mk95g0mj2v','cmtenmpgk2ittn3mkvzsl4pu4',97.2,95.0,36.2,95.8,98.6,100.0,100.0,100.0,70.0,1788018793612);
INSERT INTO "integration_health_samples" VALUES('cmtenmpgt2iu6n3mkn9o2hx5a','cmtenmpgk2ittn3mkvzsl4pu4',96.1,95.0,48.6,100.0,98.6,95.8,95.8,100.0,70.0,1788019093612);
INSERT INTO "integration_health_samples" VALUES('cmtenmpgt2iu7n3mk3s4q9rd4','cmtenmpgk2ittn3mkvzsl4pu4',97.1,95.0,47.5,100.0,98.6,100.0,100.0,100.0,70.0,1788019393612);
INSERT INTO "integration_health_samples" VALUES('cmtenmpgt2iu8n3mk4x71783i','cmtenmpgk2ittn3mkvzsl4pu4',97.2,95.0,38.3,95.8,98.6,100.0,100.0,100.0,70.0,1788019693612);
INSERT INTO "integration_health_samples" VALUES('cmtenmpgt2iu9n3mk5ypab0ml','cmtenmpgk2ittn3mkvzsl4pu4',97.2,95.0,40.3,95.8,98.6,100.0,100.0,100.0,70.0,1788019993612);
INSERT INTO "integration_health_samples" VALUES('cmtenmpgt2iuan3mkdgmcvhxr','cmtenmpgk2ittn3mkvzsl4pu4',95.7,94.3,38.4,95.8,98.6,95.7,95.7,100.0,70.0,1788020293612);
INSERT INTO "integration_health_samples" VALUES('cmtenmpgt2iubn3mkq2gnt3ey','cmtenmpgk2ittn3mkvzsl4pu4',96.1,95.0,48.9,100.0,98.6,95.8,95.8,100.0,70.0,1788020593612);
INSERT INTO "integration_health_samples" VALUES('cmtenmpgt2iucn3mkvaqkqoet','cmtenmpgk2ittn3mkvzsl4pu4',97.2,95.0,38.0,100.0,98.6,100.0,100.0,100.0,70.0,1788020893612);
INSERT INTO "integration_health_samples" VALUES('cmtenmpgt2iudn3mkccu5e1o8','cmtenmpgk2ittn3mkvzsl4pu4',97.1,95.0,50.3,100.0,98.6,100.0,100.0,100.0,70.0,1788021193612);
INSERT INTO "integration_health_samples" VALUES('cmtenmpgt2iuen3mk72sc2gcl','cmtenmpgk2ittn3mkvzsl4pu4',96.1,95.0,41.1,100.0,98.6,95.8,95.8,100.0,70.0,1788021493612);
INSERT INTO "integration_health_samples" VALUES('cmtenmpgt2iufn3mkofd4s027','cmtenmpgk2ittn3mkvzsl4pu4',97.2,95.0,37.8,95.8,98.6,100.0,100.0,100.0,70.0,1788021793612);
INSERT INTO "integration_health_samples" VALUES('cmtenmpgt2iugn3mk5psx7x4o','cmtenmpgk2ittn3mkvzsl4pu4',95.7,94.3,38.4,95.8,98.6,95.7,95.7,100.0,70.0,1788022093612);
INSERT INTO "integration_health_samples" VALUES('cmtenmpgt2iuhn3mke3vv8dch','cmtenmpgk2ittn3mkvzsl4pu4',97.1,95.0,46.4,100.0,98.6,100.0,100.0,100.0,70.0,1788022393612);
INSERT INTO "integration_health_samples" VALUES('cmtenmpgu2iuin3mkugd7aw4z','cmtenmpgk2ittn3mkvzsl4pu4',97.1,95.0,46.2,100.0,98.6,100.0,100.0,100.0,70.0,1788022693612);
INSERT INTO "integration_health_samples" VALUES('cmtenmpgu2iujn3mk7ffasc4j','cmtenmpgk2ittn3mkvzsl4pu4',97.1,95.0,43.4,100.0,98.6,100.0,100.0,100.0,70.0,1788022993612);
INSERT INTO "integration_health_samples" VALUES('cmtenmpgu2iukn3mko6d4e923','cmtenmpgk2ittn3mkvzsl4pu4',97.1,95.0,47.3,95.8,98.6,100.0,100.0,100.0,70.0,1788023293612);
INSERT INTO "integration_health_samples" VALUES('cmtenmpgu2iuln3mk3qmj8b77','cmtenmpgk2ittn3mkvzsl4pu4',97.1,95.0,51.0,100.0,98.6,100.0,100.0,100.0,70.0,1788023593612);
INSERT INTO "integration_health_samples" VALUES('cmtenmpgu2iumn3mkdhjkfbnr','cmtenmpgk2ittn3mkvzsl4pu4',95.7,94.3,43.7,95.8,98.6,95.7,95.7,100.0,70.0,1788023893612);
INSERT INTO "integration_health_samples" VALUES('cmtenmpgu2iunn3mk136mn79d','cmtenmpgk2ittn3mkvzsl4pu4',97.1,95.0,42.4,95.8,98.6,100.0,100.0,100.0,70.0,1788024193612);
INSERT INTO "integration_health_samples" VALUES('cmtenmpgu2iuon3mkivuw0bz1','cmtenmpgk2ittn3mkvzsl4pu4',97.1,95.0,42.9,95.8,98.6,100.0,100.0,100.0,70.0,1788024493612);
INSERT INTO "integration_health_samples" VALUES('cmtenmphm2iv4n3mkzoqg6ec6','cmtenmphb2iuxn3mk2td6q9ti',65.0,91.0,368.6,87.5,91.7,95.2,95.2,100.0,70.0,1788017593612);
INSERT INTO "integration_health_samples" VALUES('cmtenmphm2iv5n3mke482weva','cmtenmphb2iuxn3mk2td6q9ti',65.0,91.0,275.2,87.5,91.7,95.2,95.2,100.0,70.0,1788017893612);
INSERT INTO "integration_health_samples" VALUES('cmtenmphm2iv6n3mkhxv4b8l6','cmtenmphb2iuxn3mk2td6q9ti',65.0,91.0,350.1,87.5,91.7,95.2,95.2,100.0,70.0,1788018193612);
INSERT INTO "integration_health_samples" VALUES('cmtenmphm2iv7n3mkau8fn4ek','cmtenmphb2iuxn3mk2td6q9ti',65.0,92.0,338.6,91.7,91.7,95.5,95.5,100.0,70.0,1788018493612);
INSERT INTO "integration_health_samples" VALUES('cmtenmphm2iv8n3mknnbxez7y','cmtenmphb2iuxn3mk2td6q9ti',65.0,91.0,275.9,87.5,91.7,95.2,95.2,100.0,70.0,1788018793612);
INSERT INTO "integration_health_samples" VALUES('cmtenmphm2iv9n3mkj74iw95z','cmtenmphb2iuxn3mk2td6q9ti',65.0,89.4,373.3,87.5,91.7,90.5,90.5,100.0,70.0,1788019093612);
INSERT INTO "integration_health_samples" VALUES('cmtenmphm2ivan3mkvtbbz435','cmtenmphb2iuxn3mk2td6q9ti',65.0,91.0,323.2,87.5,91.7,95.2,95.2,100.0,70.0,1788019393612);
INSERT INTO "integration_health_samples" VALUES('cmtenmphm2ivbn3mkn2opshae','cmtenmphb2iuxn3mk2td6q9ti',65.0,89.4,351.9,87.5,91.7,90.5,90.5,100.0,70.0,1788019693612);
INSERT INTO "integration_health_samples" VALUES('cmtenmphm2ivcn3mk76sa46n0','cmtenmphb2iuxn3mk2td6q9ti',65.0,91.0,276.3,87.5,91.7,95.2,95.2,100.0,70.0,1788019993612);
INSERT INTO "integration_health_samples" VALUES('cmtenmphm2ivdn3mk3e2r0tkt','cmtenmphb2iuxn3mk2td6q9ti',65.0,91.0,331.2,87.5,91.7,95.2,95.2,100.0,70.0,1788020293612);
INSERT INTO "integration_health_samples" VALUES('cmtenmphm2iven3mkazniyjg8','cmtenmphb2iuxn3mk2td6q9ti',65.0,89.4,345.7,87.5,91.7,90.5,90.5,100.0,70.0,1788020593612);
INSERT INTO "integration_health_samples" VALUES('cmtenmphm2ivfn3mk0nlxq0fs','cmtenmphb2iuxn3mk2td6q9ti',65.0,91.0,346.6,87.5,91.7,95.2,95.2,100.0,70.0,1788020893612);
INSERT INTO "integration_health_samples" VALUES('cmtenmphm2ivgn3mka6dhm1u9','cmtenmphb2iuxn3mk2td6q9ti',65.0,90.0,284.0,83.3,91.7,95.0,95.0,100.0,70.0,1788021193612);
INSERT INTO "integration_health_samples" VALUES('cmtenmphm2ivhn3mk6cx6i7k4','cmtenmphb2iuxn3mk2td6q9ti',65.0,91.0,378.2,87.5,91.7,95.2,95.2,100.0,70.0,1788021493612);
INSERT INTO "integration_health_samples" VALUES('cmtenmphm2ivin3mkpkypbajp','cmtenmphb2iuxn3mk2td6q9ti',65.0,91.0,266.1,87.5,91.7,95.2,95.2,100.0,70.0,1788021793612);
INSERT INTO "integration_health_samples" VALUES('cmtenmphm2ivjn3mkasnx8vf7','cmtenmphb2iuxn3mk2td6q9ti',65.0,89.4,360.2,87.5,91.7,90.5,90.5,100.0,70.0,1788022093612);
INSERT INTO "integration_health_samples" VALUES('cmtenmphm2ivkn3mk137f8nm0','cmtenmphb2iuxn3mk2td6q9ti',65.0,89.4,270.9,87.5,91.7,90.5,90.5,100.0,70.0,1788022393612);
INSERT INTO "integration_health_samples" VALUES('cmtenmphm2ivln3mkrk8jgtp0','cmtenmphb2iuxn3mk2td6q9ti',65.0,91.0,265.5,87.5,91.7,95.2,95.2,100.0,70.0,1788022693612);
INSERT INTO "integration_health_samples" VALUES('cmtenmphm2ivmn3mknxn6e0xv','cmtenmphb2iuxn3mk2td6q9ti',65.0,89.4,283.8,87.5,91.7,90.5,90.5,100.0,70.0,1788022993612);
INSERT INTO "integration_health_samples" VALUES('cmtenmphm2ivnn3mkcpix7bvq','cmtenmphb2iuxn3mk2td6q9ti',65.0,91.0,380.0,87.5,91.7,95.2,95.2,100.0,70.0,1788023293612);
INSERT INTO "integration_health_samples" VALUES('cmtenmphm2ivon3mk9m13yvyk','cmtenmphb2iuxn3mk2td6q9ti',65.0,91.0,369.0,87.5,91.7,95.2,95.2,100.0,70.0,1788023593612);
INSERT INTO "integration_health_samples" VALUES('cmtenmphm2ivpn3mkq0bi8wsg','cmtenmphb2iuxn3mk2td6q9ti',65.0,91.0,352.4,87.5,91.7,95.2,95.2,100.0,70.0,1788023893612);
INSERT INTO "integration_health_samples" VALUES('cmtenmphm2ivqn3mklb1mly5l','cmtenmphb2iuxn3mk2td6q9ti',65.0,89.4,327.2,87.5,91.7,90.5,90.5,100.0,70.0,1788024193612);
INSERT INTO "integration_health_samples" VALUES('cmtenmphm2ivrn3mkg66tr7ac','cmtenmphb2iuxn3mk2td6q9ti',65.0,90.0,267.7,83.3,91.7,95.0,95.0,100.0,70.0,1788024493612);
INSERT INTO "integration_health_samples" VALUES('cmtenmpie2iw5n3mk3zk069pu','cmtenmpi42iw0n3mknzlxosha',94.6,92.7,562.3,95.8,83.3,100.0,100.0,100.0,70.0,1788017593612);
INSERT INTO "integration_health_samples" VALUES('cmtenmpie2iw6n3mkc05g6zr7','cmtenmpi42iw0n3mknzlxosha',94.9,92.7,479.6,95.8,83.3,100.0,100.0,100.0,70.0,1788017893612);
INSERT INTO "integration_health_samples" VALUES('cmtenmpie2iw7n3mkti3z6i8m','cmtenmpi42iw0n3mknzlxosha',94.8,92.7,483.0,95.8,83.3,100.0,100.0,100.0,70.0,1788018193612);
INSERT INTO "integration_health_samples" VALUES('cmtenmpie2iw8n3mkpobj4367','cmtenmpi42iw0n3mknzlxosha',94.6,92.7,567.0,95.8,83.3,100.0,100.0,100.0,70.0,1788018493612);
INSERT INTO "integration_health_samples" VALUES('cmtenmpie2iw9n3mkjlpgz7gd','cmtenmpi42iw0n3mknzlxosha',94.9,92.7,475.0,95.8,83.3,100.0,100.0,100.0,70.0,1788018793612);
INSERT INTO "integration_health_samples" VALUES('cmtenmpie2iwan3mk39t3ebfa','cmtenmpi42iw0n3mknzlxosha',92.9,91.3,523.8,95.8,83.3,95.7,95.7,100.0,70.0,1788019093612);
INSERT INTO "integration_health_samples" VALUES('cmtenmpie2iwbn3mk5u79erkt','cmtenmpi42iw0n3mknzlxosha',94.6,92.7,552.2,95.8,83.3,100.0,100.0,100.0,70.0,1788019393612);
INSERT INTO "integration_health_samples" VALUES('cmtenmpie2iwcn3mkjv97dc0j','cmtenmpi42iw0n3mknzlxosha',93.0,91.3,492.0,95.8,83.3,95.7,95.7,100.0,70.0,1788019693612);
INSERT INTO "integration_health_samples" VALUES('cmtenmpie2iwdn3mku4x7jbf8','cmtenmpi42iw0n3mknzlxosha',95.0,92.7,439.2,95.8,83.3,100.0,100.0,100.0,70.0,1788019993612);
INSERT INTO "integration_health_samples" VALUES('cmtenmpie2iwen3mkn64t7zzj','cmtenmpi42iw0n3mknzlxosha',94.9,92.7,448.5,95.8,83.3,100.0,100.0,100.0,70.0,1788020293612);
INSERT INTO "integration_health_samples" VALUES('cmtenmpie2iwfn3mksxd8x1yj','cmtenmpi42iw0n3mknzlxosha',92.9,91.3,542.5,95.8,83.3,95.7,95.7,100.0,70.0,1788020593612);
INSERT INTO "integration_health_samples" VALUES('cmtenmpie2iwgn3mkqzabakse','cmtenmpi42iw0n3mknzlxosha',95.1,93.7,545.7,100.0,83.3,100.0,100.0,100.0,70.0,1788020893612);
INSERT INTO "integration_health_samples" VALUES('cmtenmpie2iwhn3mk9gsad6cu','cmtenmpi42iw0n3mknzlxosha',94.6,92.7,555.7,95.8,83.3,100.0,100.0,100.0,70.0,1788021193612);
INSERT INTO "integration_health_samples" VALUES('cmtenmpie2iwin3mkfyzfj29z','cmtenmpi42iw0n3mknzlxosha',95.0,93.7,578.0,100.0,83.3,100.0,100.0,100.0,70.0,1788021493612);
INSERT INTO "integration_health_samples" VALUES('cmtenmpie2iwjn3mk4u73pm5l','cmtenmpi42iw0n3mknzlxosha',95.0,92.7,443.9,95.8,83.3,100.0,100.0,100.0,70.0,1788021793612);
INSERT INTO "integration_health_samples" VALUES('cmtenmpie2iwkn3mkt94aoavi','cmtenmpi42iw0n3mknzlxosha',94.7,92.7,514.1,95.8,83.3,100.0,100.0,100.0,70.0,1788022093612);
INSERT INTO "integration_health_samples" VALUES('cmtenmpie2iwln3mkizaly9oc','cmtenmpi42iw0n3mknzlxosha',93.7,92.2,441.7,100.0,83.3,95.8,95.8,100.0,70.0,1788022393612);
INSERT INTO "integration_health_samples" VALUES('cmtenmpie2iwmn3mkvv352sgp','cmtenmpi42iw0n3mknzlxosha',94.7,92.7,543.1,95.8,83.3,100.0,100.0,100.0,70.0,1788022693612);
INSERT INTO "integration_health_samples" VALUES('cmtenmpie2iwnn3mkhj5j5046','cmtenmpi42iw0n3mknzlxosha',92.9,91.3,522.1,95.8,83.3,95.7,95.7,100.0,70.0,1788022993612);
INSERT INTO "integration_health_samples" VALUES('cmtenmpie2iwon3mkw4pjbip8','cmtenmpi42iw0n3mknzlxosha',93.1,91.3,475.8,95.8,83.3,95.7,95.7,100.0,70.0,1788023293612);
INSERT INTO "integration_health_samples" VALUES('cmtenmpie2iwpn3mkts875nkv','cmtenmpi42iw0n3mknzlxosha',95.2,93.7,526.3,100.0,83.3,100.0,100.0,100.0,70.0,1788023593612);
INSERT INTO "integration_health_samples" VALUES('cmtenmpie2iwqn3mk8qifrsj9','cmtenmpi42iw0n3mknzlxosha',94.5,92.7,582.4,95.8,83.3,100.0,100.0,100.0,70.0,1788023893612);
INSERT INTO "integration_health_samples" VALUES('cmtenmpie2iwrn3mkov6by6kr','cmtenmpi42iw0n3mknzlxosha',95.0,92.7,445.0,95.8,83.3,100.0,100.0,100.0,70.0,1788024193612);
INSERT INTO "integration_health_samples" VALUES('cmtenmpie2iwsn3mk5ckicr6t','cmtenmpi42iw0n3mknzlxosha',94.5,92.7,580.2,95.8,83.3,100.0,100.0,100.0,70.0,1788024493612);
INSERT INTO "integration_health_samples" VALUES('cmtenmpj72ix6n3mkc542vyie','cmtenmpiy2ix1n3mklhtgtunk',92.9,91.5,94.5,91.7,97.2,90.9,90.9,100.0,70.0,1788017593612);
INSERT INTO "integration_health_samples" VALUES('cmtenmpj72ix7n3mkpv3gd10u','cmtenmpiy2ix1n3mklhtgtunk',93.0,91.5,82.4,91.7,97.2,90.9,90.9,100.0,70.0,1788017893612);
INSERT INTO "integration_health_samples" VALUES('cmtenmpj72ix8n3mksk374g2z','cmtenmpiy2ix1n3mklhtgtunk',92.9,91.5,91.9,91.7,97.2,90.9,90.9,100.0,70.0,1788018193612);
INSERT INTO "integration_health_samples" VALUES('cmtenmpj72ix9n3mkuuxcdohj','cmtenmpiy2ix1n3mklhtgtunk',92.9,91.5,84.9,91.7,97.2,90.9,90.9,100.0,70.0,1788018493612);
INSERT INTO "integration_health_samples" VALUES('cmtenmpj72ixan3mkr37zxeic','cmtenmpiy2ix1n3mklhtgtunk',93.0,91.5,83.3,91.7,97.2,90.9,90.9,100.0,70.0,1788018793612);
INSERT INTO "integration_health_samples" VALUES('cmtenmpj72ixbn3mkez51fw37','cmtenmpiy2ix1n3mklhtgtunk',92.8,91.5,102.0,91.7,97.2,90.9,90.9,100.0,70.0,1788019093612);
INSERT INTO "integration_health_samples" VALUES('cmtenmpj72ixcn3mkzfjsgsdr','cmtenmpiy2ix1n3mklhtgtunk',92.8,91.5,104.5,91.7,97.2,90.9,90.9,100.0,70.0,1788019393612);
INSERT INTO "integration_health_samples" VALUES('cmtenmpj72ixdn3mkbr2qv1u0','cmtenmpiy2ix1n3mklhtgtunk',92.8,91.5,114.1,91.7,97.2,90.9,90.9,100.0,70.0,1788019693612);
INSERT INTO "integration_health_samples" VALUES('cmtenmpj72ixen3mk6pfzmd3w','cmtenmpiy2ix1n3mklhtgtunk',92.8,91.5,102.7,91.7,97.2,90.9,90.9,100.0,70.0,1788019993612);
INSERT INTO "integration_health_samples" VALUES('cmtenmpj72ixfn3mkho5e2vp8','cmtenmpiy2ix1n3mklhtgtunk',93.0,91.5,82.2,91.7,97.2,90.9,90.9,100.0,70.0,1788020293612);
INSERT INTO "integration_health_samples" VALUES('cmtenmpj72ixgn3mk9hx742fm','cmtenmpiy2ix1n3mklhtgtunk',92.9,91.5,88.1,91.7,97.2,90.9,90.9,100.0,70.0,1788020593612);
INSERT INTO "integration_health_samples" VALUES('cmtenmpj72ixhn3mko8p437sz','cmtenmpiy2ix1n3mklhtgtunk',92.8,91.5,102.8,91.7,97.2,90.9,90.9,100.0,70.0,1788020893612);
INSERT INTO "integration_health_samples" VALUES('cmtenmpj72ixin3mkqj0msim6','cmtenmpiy2ix1n3mklhtgtunk',92.8,91.5,110.5,91.7,97.2,90.9,90.9,100.0,70.0,1788021193612);
INSERT INTO "integration_health_samples" VALUES('cmtenmpj72ixjn3mk0ms4wq1m','cmtenmpiy2ix1n3mklhtgtunk',92.9,91.5,98.1,91.7,97.2,90.9,90.9,100.0,70.0,1788021493612);
INSERT INTO "integration_health_samples" VALUES('cmtenmpj72ixkn3mkv93tmt21','cmtenmpiy2ix1n3mklhtgtunk',93.4,92.6,113.3,95.8,97.2,91.3,91.3,100.0,70.0,1788021793612);
INSERT INTO "integration_health_samples" VALUES('cmtenmpj72ixln3mkc9el2v7g','cmtenmpiy2ix1n3mklhtgtunk',92.9,91.5,89.0,91.7,97.2,90.9,90.9,100.0,70.0,1788022093612);
INSERT INTO "integration_health_samples" VALUES('cmtenmpj72ixmn3mkvb3mngz6','cmtenmpiy2ix1n3mklhtgtunk',92.9,91.5,99.3,91.7,97.2,90.9,90.9,100.0,70.0,1788022393612);
INSERT INTO "integration_health_samples" VALUES('cmtenmpj72ixnn3mknmkui7p3','cmtenmpiy2ix1n3mklhtgtunk',93.4,92.6,109.7,95.8,97.2,91.3,91.3,100.0,70.0,1788022693612);
INSERT INTO "integration_health_samples" VALUES('cmtenmpj72ixon3mkoavmem40','cmtenmpiy2ix1n3mklhtgtunk',93.6,92.6,90.9,95.8,97.2,91.3,91.3,100.0,70.0,1788022993612);
INSERT INTO "integration_health_samples" VALUES('cmtenmpj72ixpn3mkqn9qbmp3','cmtenmpiy2ix1n3mklhtgtunk',92.9,91.5,91.6,91.7,97.2,90.9,90.9,100.0,70.0,1788023293612);
INSERT INTO "integration_health_samples" VALUES('cmtenmpj72ixqn3mkh7yf4wfv','cmtenmpiy2ix1n3mklhtgtunk',92.8,91.5,109.2,91.7,97.2,90.9,90.9,100.0,70.0,1788023593612);
INSERT INTO "integration_health_samples" VALUES('cmtenmpj72ixrn3mklsn14yqt','cmtenmpiy2ix1n3mklhtgtunk',92.8,91.5,111.2,91.7,97.2,90.9,90.9,100.0,70.0,1788023893612);
INSERT INTO "integration_health_samples" VALUES('cmtenmpj72ixsn3mk6z6tpf53','cmtenmpiy2ix1n3mklhtgtunk',92.9,91.5,85.8,91.7,97.2,90.9,90.9,100.0,70.0,1788024193612);
INSERT INTO "integration_health_samples" VALUES('cmtenmpj72ixtn3mk5x298vc5','cmtenmpiy2ix1n3mklhtgtunk',92.9,91.5,90.9,91.7,97.2,90.9,90.9,100.0,70.0,1788024493612);
INSERT INTO "integration_health_samples" VALUES('cmtenmpjw2iy7n3mke1m82un0','cmtenmpjo2iy2n3mkakoeqg6i',95.1,93.7,701.3,100.0,83.3,100.0,100.0,100.0,70.0,1788017593612);
INSERT INTO "integration_health_samples" VALUES('cmtenmpjw2iy8n3mkm76vn4om','cmtenmpjo2iy2n3mkakoeqg6i',95.3,93.7,600.7,100.0,83.3,100.0,100.0,100.0,70.0,1788017893612);
INSERT INTO "integration_health_samples" VALUES('cmtenmpjw2iy9n3mkx4ssv2gc','cmtenmpjo2iy2n3mkakoeqg6i',95.4,93.7,569.8,100.0,83.3,100.0,100.0,100.0,70.0,1788018193612);
INSERT INTO "integration_health_samples" VALUES('cmtenmpjw2iyan3mkc2q16u8c','cmtenmpjo2iy2n3mkakoeqg6i',95.0,92.7,532.1,95.8,83.3,100.0,100.0,100.0,70.0,1788018493612);
INSERT INTO "integration_health_samples" VALUES('cmtenmpjw2iybn3mk75ml5zfx','cmtenmpjo2iy2n3mkakoeqg6i',95.2,93.7,663.0,100.0,83.3,100.0,100.0,100.0,70.0,1788018793612);
INSERT INTO "integration_health_samples" VALUES('cmtenmpjw2iycn3mkmfx963z1','cmtenmpjo2iy2n3mkakoeqg6i',95.1,93.7,698.2,100.0,83.3,100.0,100.0,100.0,70.0,1788019093612);
INSERT INTO "integration_health_samples" VALUES('cmtenmpjw2iydn3mk1jb7bed4','cmtenmpjo2iy2n3mkakoeqg6i',95.3,93.7,624.2,100.0,83.3,100.0,100.0,100.0,70.0,1788019393612);
INSERT INTO "integration_health_samples" VALUES('cmtenmpjw2iyen3mk753oiud4','cmtenmpjo2iy2n3mkakoeqg6i',95.0,93.7,742.7,100.0,83.3,100.0,100.0,100.0,70.0,1788019693612);
INSERT INTO "integration_health_samples" VALUES('cmtenmpjw2iyfn3mkg3sdr7q4','cmtenmpjo2iy2n3mkakoeqg6i',95.3,93.7,630.4,100.0,83.3,100.0,100.0,100.0,70.0,1788019993612);
INSERT INTO "integration_health_samples" VALUES('cmtenmpjw2iygn3mk3ich91js','cmtenmpjo2iy2n3mkakoeqg6i',95.5,93.7,528.5,100.0,83.3,100.0,100.0,100.0,70.0,1788020293612);
INSERT INTO "integration_health_samples" VALUES('cmtenmpjw2iyhn3mkw3sbrq7m','cmtenmpjo2iy2n3mkakoeqg6i',94.7,92.7,654.7,95.8,83.3,100.0,100.0,100.0,70.0,1788020593612);
INSERT INTO "integration_health_samples" VALUES('cmtenmpjw2iyin3mkfli3roar','cmtenmpjo2iy2n3mkakoeqg6i',95.1,93.7,690.8,100.0,83.3,100.0,100.0,100.0,70.0,1788020893612);
INSERT INTO "integration_health_samples" VALUES('cmtenmpjw2iyjn3mke5pmfrha','cmtenmpjo2iy2n3mkakoeqg6i',95.2,93.7,648.3,100.0,83.3,100.0,100.0,100.0,70.0,1788021193612);
INSERT INTO "integration_health_samples" VALUES('cmtenmpjw2iykn3mkgz9tcmwq','cmtenmpjo2iy2n3mkakoeqg6i',95.2,93.7,679.7,100.0,83.3,100.0,100.0,100.0,70.0,1788021493612);
INSERT INTO "integration_health_samples" VALUES('cmtenmpjw2iyln3mku2fqqem0','cmtenmpjo2iy2n3mkakoeqg6i',95.5,93.7,536.0,100.0,83.3,100.0,100.0,100.0,70.0,1788021793612);
INSERT INTO "integration_health_samples" VALUES('cmtenmpjw2iymn3mklib4s28v','cmtenmpjo2iy2n3mkakoeqg6i',95.2,93.7,678.1,100.0,83.3,100.0,100.0,100.0,70.0,1788022093612);
INSERT INTO "integration_health_samples" VALUES('cmtenmpjw2iynn3mkiygwho67','cmtenmpjo2iy2n3mkakoeqg6i',94.5,92.7,734.9,95.8,83.3,100.0,100.0,100.0,70.0,1788022393612);
INSERT INTO "integration_health_samples" VALUES('cmtenmpjw2iyon3mkjbc762t0','cmtenmpjo2iy2n3mkakoeqg6i',95.4,93.7,562.5,100.0,83.3,100.0,100.0,100.0,70.0,1788022693612);
INSERT INTO "integration_health_samples" VALUES('cmtenmpjw2iypn3mkg1hxbjom','cmtenmpjo2iy2n3mkakoeqg6i',95.2,93.7,660.8,100.0,83.3,100.0,100.0,100.0,70.0,1788022993612);
INSERT INTO "integration_health_samples" VALUES('cmtenmpjw2iyqn3mkaj583744','cmtenmpjo2iy2n3mkakoeqg6i',95.3,93.7,636.6,100.0,83.3,100.0,100.0,100.0,70.0,1788023293612);
INSERT INTO "integration_health_samples" VALUES('cmtenmpjw2iyrn3mk6iua6vlp','cmtenmpjo2iy2n3mkakoeqg6i',95.3,93.7,621.1,100.0,83.3,100.0,100.0,100.0,70.0,1788023593612);
INSERT INTO "integration_health_samples" VALUES('cmtenmpjw2iysn3mk7qd2frdo','cmtenmpjo2iy2n3mkakoeqg6i',95.1,93.7,714.3,100.0,83.3,100.0,100.0,100.0,70.0,1788023893612);
INSERT INTO "integration_health_samples" VALUES('cmtenmpjw2iytn3mkyzsln83j','cmtenmpjo2iy2n3mkakoeqg6i',95.4,93.7,591.0,100.0,83.3,100.0,100.0,100.0,70.0,1788024193612);
INSERT INTO "integration_health_samples" VALUES('cmtenmpjw2iyun3mkpcaw1lge','cmtenmpjo2iy2n3mkakoeqg6i',94.4,92.7,760.4,95.8,83.3,100.0,100.0,100.0,70.0,1788024493612);
INSERT INTO "integration_health_samples" VALUES('cmtenmpkn2iz7n3mk1mlcb0nm','cmtenmpke2iz3n3mklqdbf3im',0.0,23.7,0.0,0.0,83.3,0.0,0.0,0.0,70.0,1788017593612);
INSERT INTO "integration_health_samples" VALUES('cmtenmpkn2iz8n3mkho39job2','cmtenmpke2iz3n3mklqdbf3im',0.0,23.7,0.0,0.0,83.3,0.0,0.0,0.0,70.0,1788017893612);
INSERT INTO "integration_health_samples" VALUES('cmtenmpkn2iz9n3mky1vh9bz6','cmtenmpke2iz3n3mklqdbf3im',0.0,23.7,0.0,0.0,83.3,0.0,0.0,0.0,70.0,1788018193612);
INSERT INTO "integration_health_samples" VALUES('cmtenmpkn2izan3mk0t8rucyi','cmtenmpke2iz3n3mklqdbf3im',0.0,23.7,0.0,0.0,83.3,0.0,0.0,0.0,70.0,1788018493612);
INSERT INTO "integration_health_samples" VALUES('cmtenmpkn2izbn3mk0ca05zdj','cmtenmpke2iz3n3mklqdbf3im',0.0,23.7,0.0,0.0,83.3,0.0,0.0,0.0,70.0,1788018793612);
INSERT INTO "integration_health_samples" VALUES('cmtenmpkn2izcn3mkkateobbx','cmtenmpke2iz3n3mklqdbf3im',0.0,23.7,0.0,0.0,83.3,0.0,0.0,0.0,70.0,1788019093612);
INSERT INTO "integration_health_samples" VALUES('cmtenmpkn2izdn3mk80p3q78l','cmtenmpke2iz3n3mklqdbf3im',0.0,23.7,0.0,0.0,83.3,0.0,0.0,0.0,70.0,1788019393612);
INSERT INTO "integration_health_samples" VALUES('cmtenmpkn2izen3mkdq93k2jz','cmtenmpke2iz3n3mklqdbf3im',0.0,23.7,0.0,0.0,83.3,0.0,0.0,0.0,70.0,1788019693612);
INSERT INTO "integration_health_samples" VALUES('cmtenmpkn2izfn3mk8uiv1g9w','cmtenmpke2iz3n3mklqdbf3im',0.0,23.7,0.0,0.0,83.3,0.0,0.0,0.0,70.0,1788019993612);
INSERT INTO "integration_health_samples" VALUES('cmtenmpkn2izgn3mktgjp8qmu','cmtenmpke2iz3n3mklqdbf3im',0.0,23.7,0.0,0.0,83.3,0.0,0.0,0.0,70.0,1788020293612);
INSERT INTO "integration_health_samples" VALUES('cmtenmpkn2izhn3mknbckv7ot','cmtenmpke2iz3n3mklqdbf3im',0.0,23.7,0.0,0.0,83.3,0.0,0.0,0.0,70.0,1788020593612);
INSERT INTO "integration_health_samples" VALUES('cmtenmpkn2izin3mkraf6bgse','cmtenmpke2iz3n3mklqdbf3im',0.0,23.7,0.0,0.0,83.3,0.0,0.0,0.0,70.0,1788020893612);
INSERT INTO "integration_health_samples" VALUES('cmtenmpkn2izjn3mk1vcsjzli','cmtenmpke2iz3n3mklqdbf3im',0.0,23.7,0.0,0.0,83.3,0.0,0.0,0.0,70.0,1788021193612);
INSERT INTO "integration_health_samples" VALUES('cmtenmpkn2izkn3mka0m9t637','cmtenmpke2iz3n3mklqdbf3im',0.0,23.7,0.0,0.0,83.3,0.0,0.0,0.0,70.0,1788021493612);
INSERT INTO "integration_health_samples" VALUES('cmtenmpkn2izln3mk31bwviu4','cmtenmpke2iz3n3mklqdbf3im',0.0,23.7,0.0,0.0,83.3,0.0,0.0,0.0,70.0,1788021793612);
INSERT INTO "integration_health_samples" VALUES('cmtenmpkn2izmn3mkobs2n95f','cmtenmpke2iz3n3mklqdbf3im',0.0,23.7,0.0,0.0,83.3,0.0,0.0,0.0,70.0,1788022093612);
INSERT INTO "integration_health_samples" VALUES('cmtenmpkn2iznn3mktk6wi0p0','cmtenmpke2iz3n3mklqdbf3im',0.0,23.7,0.0,0.0,83.3,0.0,0.0,0.0,70.0,1788022393612);
INSERT INTO "integration_health_samples" VALUES('cmtenmpkn2izon3mk8rmu7wv9','cmtenmpke2iz3n3mklqdbf3im',0.0,23.7,0.0,0.0,83.3,0.0,0.0,0.0,70.0,1788022693612);
INSERT INTO "integration_health_samples" VALUES('cmtenmpkn2izpn3mkod494t7a','cmtenmpke2iz3n3mklqdbf3im',0.0,23.7,0.0,0.0,83.3,0.0,0.0,0.0,70.0,1788022993612);
INSERT INTO "integration_health_samples" VALUES('cmtenmpkn2izqn3mkjp8j86tt','cmtenmpke2iz3n3mklqdbf3im',0.0,23.7,0.0,0.0,83.3,0.0,0.0,0.0,70.0,1788023293612);
INSERT INTO "integration_health_samples" VALUES('cmtenmpkn2izrn3mk0wzbxgxh','cmtenmpke2iz3n3mklqdbf3im',0.0,23.7,0.0,0.0,83.3,0.0,0.0,0.0,70.0,1788023593612);
INSERT INTO "integration_health_samples" VALUES('cmtenmpkn2izsn3mkmd4o6qjb','cmtenmpke2iz3n3mklqdbf3im',0.0,23.7,0.0,0.0,83.3,0.0,0.0,0.0,70.0,1788023893612);
INSERT INTO "integration_health_samples" VALUES('cmtenmpkn2iztn3mk9cltgstk','cmtenmpke2iz3n3mklqdbf3im',0.0,23.7,0.0,0.0,83.3,0.0,0.0,0.0,70.0,1788024193612);
INSERT INTO "integration_health_samples" VALUES('cmtenmpkn2izun3mkd1bqiw2y','cmtenmpke2iz3n3mklqdbf3im',0.0,23.7,0.0,0.0,83.3,0.0,0.0,0.0,70.0,1788024493612);
INSERT INTO "integration_health_samples" VALUES('cmteo6ww6000bn3u04ca4sszj','cmtenmpgk2ittn3mkvzsl4pu4',96.7,95.0,42.9,100.0,96.7,98.3,98.3,100.0,70.0,1788025457650);
INSERT INTO "integration_health_samples" VALUES('cmteo6x1a000hn3u0fpc3kd94','cmtenmpgk2ittn3mkvzsl4pu4',96.7,95.0,42.9,100.0,96.7,98.3,98.3,100.0,70.0,1788025457831);
INSERT INTO "integration_health_samples" VALUES('cmteo6x5p000rn3u02jmw12dj','cmtenmpgk2ittn3mkvzsl4pu4',96.7,95.0,42.9,100.0,96.7,98.3,98.3,100.0,70.0,1788025458000);
INSERT INTO "integration_health_samples" VALUES('cmteo8tim002pn3u0d97uoxzl','cmtenmpgk2ittn3mkvzsl4pu4',96.7,95.0,42.9,100.0,96.7,98.3,98.3,100.0,70.0,1788025546594);
INSERT INTO "integration_health_samples" VALUES('cmteo8tm5002zn3u0s27df9h9','cmtenmpgk2ittn3mkvzsl4pu4',65.0,81.0,51.5,68.3,63.3,95.1,95.1,100.0,70.0,1788025546722);
INSERT INTO "integration_health_samples" VALUES('cmteo8ton0039n3u0ib3x6w5n','cmtenmpgk2ittn3mkvzsl4pu4',96.7,95.0,51.5,100.0,96.7,98.3,98.3,100.0,70.0,1788025546811);
INSERT INTO "integration_health_samples" VALUES('cmteo97d60062n3u0p7b7t1vb','cmtenmpgk2ittn3mkvzsl4pu4',96.7,95.0,51.5,100.0,96.7,98.3,98.3,100.0,70.0,1788025564542);
INSERT INTO "integration_health_samples" VALUES('cmteo97hf006cn3u02boquixw','cmtenmpgk2ittn3mkvzsl4pu4',65.0,81.0,61.8,68.3,63.3,95.1,95.1,100.0,70.0,1788025564695);
INSERT INTO "integration_health_samples" VALUES('cmteo97kg006mn3u0u38bee0l','cmtenmpgk2ittn3mkvzsl4pu4',96.6,95.0,61.8,100.0,96.7,98.3,98.3,100.0,70.0,1788025564802);
INSERT INTO "integration_health_samples" VALUES('cmteol3fb000fn3x0nug7whkv','cmtenmpgk2ittn3mkvzsl4pu4',96.6,95.0,61.8,100.0,96.7,98.3,98.3,100.0,70.0,1788026119306);
INSERT INTO "integration_health_samples" VALUES('cmteol3ic000pn3x0kk3dtymv','cmtenmpgk2ittn3mkvzsl4pu4',65.0,81.0,74.2,68.3,63.3,95.1,95.1,100.0,70.0,1788026119417);
INSERT INTO "integration_health_samples" VALUES('cmteol3l4000zn3x0i2r23fh9','cmtenmpgk2ittn3mkvzsl4pu4',96.5,95.0,74.2,100.0,96.7,98.3,98.3,100.0,70.0,1788026119518);
INSERT INTO "integration_health_samples" VALUES('cmtevjhbw000xn30we85aa1rt','cmtenmpgk2ittn3mkvzsl4pu4',96.5,95.0,74.2,100.0,96.7,98.3,98.3,100.0,70.0,1788037801326);
INSERT INTO "integration_health_samples" VALUES('cmtevjhes0017n30wceumkzen','cmtenmpgk2ittn3mkvzsl4pu4',65.0,81.0,89.0,68.3,63.3,95.1,95.1,100.0,70.0,1788037801433);
INSERT INTO "integration_health_samples" VALUES('cmtevjhhs001hn30w5m0o7kak','cmtenmpgk2ittn3mkvzsl4pu4',96.3,95.0,89.0,100.0,96.7,98.3,98.3,100.0,70.0,1788037801540);
INSERT INTO "integration_health_samples" VALUES('cmtewblsm00a3n3moehyfp0fs','cmtenmpgk2ittn3mkvzsl4pu4',96.3,95.0,89.0,100.0,96.7,98.3,98.3,100.0,70.0,1788039113481);
INSERT INTO "integration_health_samples" VALUES('cmtewblwe00adn3mop4itbwhd','cmtenmpgk2ittn3mkvzsl4pu4',65.0,81.0,106.8,68.3,63.3,95.1,95.1,100.0,70.0,1788039113619);
INSERT INTO "integration_health_samples" VALUES('cmtewblza00ann3moe73bjkhu','cmtenmpgk2ittn3mkvzsl4pu4',96.2,95.0,106.8,100.0,96.7,98.3,98.3,100.0,70.0,1788039113723);
INSERT INTO "integration_health_samples" VALUES('cmtewrwdu003rn3awv0pnmdsz','cmtenmpgk2ittn3mkvzsl4pu4',96.2,95.0,106.8,100.0,96.7,98.3,98.3,100.0,70.0,1788039873704);
INSERT INTO "integration_health_samples" VALUES('cmtewrwgn0041n3aw1ra9wkdn','cmtenmpgk2ittn3mkvzsl4pu4',65.0,81.0,128.2,68.3,63.3,95.1,95.1,100.0,70.0,1788039873804);
INSERT INTO "integration_health_samples" VALUES('cmtewrwjl004bn3awtx0udoti','cmtenmpgk2ittn3mkvzsl4pu4',96.0,95.0,128.2,100.0,96.7,98.3,98.3,100.0,70.0,1788039873910);
INSERT INTO "integration_health_samples" VALUES('cmtewsjlr00bvn3awr1n4d5gc','cmtenmpgk2ittn3mkvzsl4pu4',96.0,95.0,128.2,100.0,96.7,98.3,98.3,100.0,70.0,1788039903794);
INSERT INTO "integration_health_samples" VALUES('cmtewsjo900c5n3aw0xew4wy1','cmtenmpgk2ittn3mkvzsl4pu4',65.0,81.0,153.8,68.3,63.3,95.1,95.1,100.0,70.0,1788039903882);
INSERT INTO "integration_health_samples" VALUES('cmtewsjqz00cfn3aw653r2w65','cmtenmpgk2ittn3mkvzsl4pu4',95.8,95.0,153.8,100.0,96.7,98.3,98.3,100.0,70.0,1788039903982);
INSERT INTO "integration_health_samples" VALUES('cmtewsxsh00etn3awoldeb7kf','cmtenmpgk2ittn3mkvzsl4pu4',95.8,95.0,153.8,100.0,96.7,98.3,98.3,100.0,70.0,1788039922183);
INSERT INTO "integration_health_samples" VALUES('cmtewsxvh00f3n3awaks28b02','cmtenmpgk2ittn3mkvzsl4pu4',65.0,81.0,184.6,68.3,63.3,95.1,95.1,100.0,70.0,1788039922289);
INSERT INTO "integration_health_samples" VALUES('cmtewsxyj00fdn3awqvyxvrld','cmtenmpgk2ittn3mkvzsl4pu4',95.5,95.0,184.6,100.0,96.7,98.3,98.3,100.0,70.0,1788039922401);
INSERT INTO "integration_health_samples" VALUES('cmtewt42e00hpn3awvr8fyga2','cmtenmpgk2ittn3mkvzsl4pu4',95.5,95.0,184.6,100.0,96.7,98.3,98.3,100.0,70.0,1788039930313);
INSERT INTO "integration_health_samples" VALUES('cmtewt45o00hzn3aw6j4gurn3','cmtenmpgk2ittn3mkvzsl4pu4',65.0,81.0,221.5,68.3,63.3,95.1,95.1,100.0,70.0,1788039930434);
INSERT INTO "integration_health_samples" VALUES('cmtewt48000i9n3awsur5f1a6','cmtenmpgk2ittn3mkvzsl4pu4',95.2,95.0,221.5,100.0,96.7,98.3,98.3,100.0,70.0,1788039930518);
INSERT INTO "integration_health_samples" VALUES('cmtewuyiy00kdn3awoc9hv7fw','cmtenmpgk2ittn3mkvzsl4pu4',95.2,95.0,221.5,100.0,96.7,98.3,98.3,100.0,70.0,1788040016443);
INSERT INTO "integration_health_samples" VALUES('cmtewuyne00knn3awsgmplqfx','cmtenmpgk2ittn3mkvzsl4pu4',65.0,81.0,265.8,68.3,63.3,95.1,95.1,100.0,70.0,1788040016608);
INSERT INTO "integration_health_samples" VALUES('cmtewuypn00kxn3awugad6652','cmtenmpgk2ittn3mkvzsl4pu4',94.9,95.0,265.8,100.0,96.7,98.3,98.3,100.0,70.0,1788040016686);
INSERT INTO "integration_health_samples" VALUES('cmtewwtq500nzn3awkxygetdn','cmtenmpgk2ittn3mkvzsl4pu4',94.9,95.0,265.8,100.0,96.7,98.3,98.3,100.0,70.0,1788040103535);
INSERT INTO "integration_health_samples" VALUES('cmtewwttj00o9n3awmajtzfbn','cmtenmpgk2ittn3mkvzsl4pu4',65.0,81.0,319.0,68.3,63.3,95.1,95.1,100.0,70.0,1788040103660);
INSERT INTO "integration_health_samples" VALUES('cmtewwtw500ojn3aw8qv4164m','cmtenmpgk2ittn3mkvzsl4pu4',94.4,95.0,319.0,100.0,96.7,98.3,98.3,100.0,70.0,1788040103752);
CREATE TABLE "integration_mappings" (
    "id" TEXT NOT NULL PRIMARY KEY,
    "connectorId" TEXT NOT NULL,
    "sourceField" TEXT NOT NULL,
    "targetField" TEXT NOT NULL,
    "dataType" TEXT NOT NULL DEFAULT 'number',
    "sourceUnit" TEXT NOT NULL DEFAULT '',
    "targetUnit" TEXT NOT NULL DEFAULT '',
    "transform" TEXT NOT NULL DEFAULT 'none',
    "defaultValue" TEXT NOT NULL DEFAULT '',
    "minValue" REAL,
    "maxValue" REAL,
    "isRequired" BOOLEAN NOT NULL DEFAULT false,
    "notes" TEXT NOT NULL DEFAULT '',
    CONSTRAINT "integration_mappings_connectorId_fkey" FOREIGN KEY ("connectorId") REFERENCES "integration_connectors" ("id") ON DELETE CASCADE ON UPDATE CASCADE
);
INSERT INTO "integration_mappings" VALUES('cmtenmpgk2itun3mklwg0x9cz','cmtenmpgk2ittn3mkvzsl4pu4','asset_id','assetCode','string','','','none','',NULL,NULL,1,'A record whose asset is unknown is discarded, never attached to a guess.');
INSERT INTO "integration_mappings" VALUES('cmtenmpgk2itvn3mkge01gd9u','cmtenmpgk2ittn3mkvzsl4pu4','timestamp','ts','timestamp','','','none','',NULL,NULL,1,'Used for freshness scoring and duplicate detection.');
INSERT INTO "integration_mappings" VALUES('cmtenmpgk2itwn3mkj6q6y88d','cmtenmpgk2ittn3mkvzsl4pu4','active_power','loadMw','number','kW','MW','convert','',0.0,5000.0,1,'');
INSERT INTO "integration_mappings" VALUES('cmtenmpgk2ityn3mkz9pxr13v','cmtenmpgk2ittn3mkvzsl4pu4','bus_voltage','voltageKv','number','V','kV','convert','',0.0,800.0,0,'');
INSERT INTO "integration_mappings" VALUES('cmtenmpgk2itzn3mkyskad7sj','cmtenmpgk2ittn3mkvzsl4pu4','line_current','currentA','number','A','A','none','',0.0,6000.0,0,'');
INSERT INTO "integration_mappings" VALUES('cmtenmpgk2iu0n3mkyinjubak','cmtenmpgk2ittn3mkvzsl4pu4','loading_pct','loadPct','number','pct','%','convert','',0.0,200.0,0,'');
INSERT INTO "integration_mappings" VALUES('cmtenmphb2iuyn3mk8gyn68a4','cmtenmphb2iuxn3mk2td6q9ti','asset_id','assetCode','string','','','none','',NULL,NULL,1,'A record whose asset is unknown is discarded, never attached to a guess.');
INSERT INTO "integration_mappings" VALUES('cmtenmphc2iuzn3mkmn75poa3','cmtenmphb2iuxn3mk2td6q9ti','timestamp','ts','timestamp','','','none','',NULL,NULL,1,'Used for freshness scoring and duplicate detection.');
INSERT INTO "integration_mappings" VALUES('cmtenmphc2iv0n3mk2ure7ezo','cmtenmphb2iuxn3mk2td6q9ti','active_power','loadMw','number','kW','MW','convert','',0.0,5000.0,1,'');
INSERT INTO "integration_mappings" VALUES('cmtenmphc2iv1n3mkku9l0ttd','cmtenmphb2iuxn3mk2td6q9ti','transformer_temperature','tempC','number','F','C','convert','',-20.0,200.0,1,'');
INSERT INTO "integration_mappings" VALUES('cmtenmphc2iv2n3mkp9ibvwyg','cmtenmphb2iuxn3mk2td6q9ti','bus_voltage','voltageKv','number','V','kV','convert','',0.0,800.0,0,'');
INSERT INTO "integration_mappings" VALUES('cmtenmphc2iv3n3mka8k9xwun','cmtenmphb2iuxn3mk2td6q9ti','loading_pct','loadPct','number','pct','%','convert','',0.0,200.0,0,'');
INSERT INTO "integration_mappings" VALUES('cmtenmpi42iw1n3mknl2y2u3b','cmtenmpi42iw0n3mknzlxosha','asset_id','assetCode','string','','','none','',NULL,NULL,1,'A record whose asset is unknown is discarded, never attached to a guess.');
INSERT INTO "integration_mappings" VALUES('cmtenmpi42iw2n3mk93d3ypgd','cmtenmpi42iw0n3mknzlxosha','timestamp','ts','timestamp','','','none','',NULL,NULL,1,'Used for freshness scoring and duplicate detection.');
INSERT INTO "integration_mappings" VALUES('cmtenmpi42iw3n3mk2yhvp6sg','cmtenmpi42iw0n3mknzlxosha','ambient_temp_f','ambientC','number','F','C','convert','',-30.0,70.0,1,'');
INSERT INTO "integration_mappings" VALUES('cmtenmpi42iw4n3mk4ww6z9g3','cmtenmpi42iw0n3mknzlxosha','humidity_pct','humidityPct','number','pct','%','convert','',0.0,100.0,0,'');
INSERT INTO "integration_mappings" VALUES('cmtenmpiy2ix2n3mk4jmdyeh1','cmtenmpiy2ix1n3mklhtgtunk','asset_id','assetCode','string','','','none','',NULL,NULL,1,'A record whose asset is unknown is discarded, never attached to a guess.');
INSERT INTO "integration_mappings" VALUES('cmtenmpiy2ix3n3mkcrgrhkyw','cmtenmpiy2ix1n3mklhtgtunk','timestamp','ts','timestamp','','','none','',NULL,NULL,1,'Used for freshness scoring and duplicate detection.');
INSERT INTO "integration_mappings" VALUES('cmtenmpiy2ix4n3mkq89muzmj','cmtenmpiy2ix1n3mklhtgtunk','transformer_temperature','tempC','number','F','C','convert','',-20.0,200.0,1,'');
INSERT INTO "integration_mappings" VALUES('cmtenmpiy2ix5n3mkto8xlu3m','cmtenmpiy2ix1n3mklhtgtunk','vibration_mm_s','vibrationMmS','number','','mm/s','none','',0.0,25.0,0,'');
INSERT INTO "integration_mappings" VALUES('cmtenmpjo2iy3n3mkai6ylhtl','cmtenmpjo2iy2n3mkakoeqg6i','asset_id','assetCode','string','','','none','',NULL,NULL,1,'A record whose asset is unknown is discarded, never attached to a guess.');
INSERT INTO "integration_mappings" VALUES('cmtenmpjo2iy4n3mkavmahnhn','cmtenmpjo2iy2n3mkakoeqg6i','timestamp','ts','timestamp','','','none','',NULL,NULL,1,'Used for freshness scoring and duplicate detection.');
INSERT INTO "integration_mappings" VALUES('cmtenmpjo2iy5n3mktcie91ed','cmtenmpjo2iy2n3mkakoeqg6i','work_order_open','hasOpenWorkOrder','boolean','','','none','',NULL,NULL,0,'');
INSERT INTO "integration_mappings" VALUES('cmtenmpjo2iy6n3mks49nr0z1','cmtenmpjo2iy2n3mkakoeqg6i','last_service_days','daysSinceService','number','','','none','',0.0,4000.0,0,'');
INSERT INTO "integration_mappings" VALUES('cmtenmpke2iz4n3mkbpntscav','cmtenmpke2iz3n3mklqdbf3im','asset_id','assetCode','string','','','none','',NULL,NULL,1,'A record whose asset is unknown is discarded, never attached to a guess.');
INSERT INTO "integration_mappings" VALUES('cmtenmpke2iz5n3mk1luwmfdk','cmtenmpke2iz3n3mklqdbf3im','timestamp','ts','timestamp','','','none','',NULL,NULL,1,'Used for freshness scoring and duplicate detection.');
INSERT INTO "integration_mappings" VALUES('cmtenmpke2iz6n3mk6wt6xtwt','cmtenmpke2iz3n3mklqdbf3im','active_power','availableMw','number','kW','MW','convert','',0.0,9000.0,0,'');
INSERT INTO "integration_mappings" VALUES('cmtewwtz600opn3aw4cbvwkt9','cmtenmpgk2ittn3mkvzsl4pu4','transformer_temperature','tempC','number','F','C','none','',-20.0,200.0,1,'');
CREATE TABLE "integrations" (
    "id" TEXT NOT NULL PRIMARY KEY,
    "key" TEXT NOT NULL,
    "name" TEXT NOT NULL,
    "nameAr" TEXT NOT NULL,
    "category" TEXT NOT NULL,
    "protocol" TEXT NOT NULL,
    "description" TEXT NOT NULL,
    "descriptionAr" TEXT NOT NULL,
    "status" TEXT NOT NULL DEFAULT 'planned',
    "direction" TEXT NOT NULL DEFAULT 'inbound',
    "createdAt" DATETIME NOT NULL DEFAULT CURRENT_TIMESTAMP
);
INSERT INTO "integrations" VALUES('cmtenmd8h00ndn3mkc6erg1zo','simulation-layer','NABDH Simulation Layer','طبقة المحاكاة في نَبْض','internal','in-process','The deterministic digital twin that generates all telemetry in this build.','التوأم الرقمي الحتمي الذي يولّد جميع القياسات في هذه النسخة.','connected','inbound',1788024499073);
INSERT INTO "integrations" VALUES('cmtenmd8h00nen3mkpgjhg273','rest-api','REST Ingestion API','واجهة الإدخال REST','transport','HTTPS / JSON','Authenticated REST endpoints for batch telemetry and asset synchronisation.','نقاط REST موثّقة لإدخال القياسات دفعيًا ومزامنة الأصول.','available','inbound',1788024499073);
INSERT INTO "integrations" VALUES('cmtenmd8h00nfn3mk84noq42c','sse-stream','Server-Sent Events Stream','بث الأحداث من الخادم','transport','SSE','Live push channel used by the Command Center and Control Room views.','قناة بث مباشر تستخدمها شاشات مركز التحكم وغرفة العمليات.','connected','outbound',1788024499073);
INSERT INTO "integrations" VALUES('cmtenmd8h00ngn3mka7ti3i23','scada','SCADA','سكادا','operations','IEC 60870-5-104','Real-time measurements and breaker status from the control system.','القياسات اللحظية وحالة القواطع من نظام التحكم.','planned','inbound',1788024499073);
INSERT INTO "integrations" VALUES('cmtenmd8h00nhn3mkpoey7gcg','ems','EMS','نظام إدارة الطاقة','operations','ICCP / TASE.2','State estimation, dispatch and reserve data from energy management.','تقدير الحالة والتوزيع وبيانات الاحتياطي من نظام إدارة الطاقة.','planned','bidirectional',1788024499073);
INSERT INTO "integrations" VALUES('cmtenmd8h00nin3mkwky6pk1d','dms','DMS','نظام إدارة التوزيع','operations','CIM / IEC 61968','Distribution network model and switching state.','نموذج شبكة التوزيع وحالة المفاتيح.','planned','bidirectional',1788024499073);
INSERT INTO "integrations" VALUES('cmtenmd8h00njn3mkhpn61d6t','ami','AMI / Smart Meters','العدادات الذكية','metering','DLMS/COSEM','Interval consumption data for demand disaggregation.','بيانات الاستهلاك الفترية لتفكيك الطلب.','planned','inbound',1788024499073);
INSERT INTO "integrations" VALUES('cmtenmd8h00nkn3mk71tokpyo','iot-mqtt','IoT Sensor Bus','ناقل مستشعرات إنترنت الأشياء','sensing','MQTT 5','High-frequency condition monitoring from retrofitted sensors.','مراقبة الحالة عالية التردد من مستشعرات مضافة.','planned','inbound',1788024499073);
INSERT INTO "integrations" VALUES('cmtenmd8h00nln3mk7boy9q0e','opc-ua','OPC-UA Gateway','بوابة OPC-UA','sensing','OPC-UA','Plant-level process data from generation and industrial customers.','بيانات العمليات على مستوى المحطات من التوليد والعملاء الصناعيين.','planned','inbound',1788024499073);
INSERT INTO "integrations" VALUES('cmtenmd8h00nmn3mkau2pf57i','weather-api','Weather Service','خدمة الأرصاد','external','HTTPS / JSON','Numerical weather prediction feeding load and renewable forecasts.','التنبؤ الجوي العددي الذي يغذي توقعات الأحمال والمتجددة.','planned','inbound',1788024499073);
INSERT INTO "integrations" VALUES('cmtenmd8h00nnn3mk35eriyns','gis','GIS','نظم المعلومات الجغرافية','external','WFS / GeoJSON','Authoritative asset geometry and network connectivity.','الهندسة الجغرافية المعتمدة للأصول وترابط الشبكة.','planned','inbound',1788024499073);
INSERT INTO "integrations" VALUES('cmtenmd8h00non3mkfayphre7','sap-pm','SAP Plant Maintenance','صيانة المنشآت SAP','enterprise','OData','Work orders, notifications and maintenance history.','أوامر العمل والإشعارات وسجل الصيانة.','planned','bidirectional',1788024499073);
INSERT INTO "integrations" VALUES('cmtenmd8h00npn3mkw223s1pj','renewable-scada','Renewable Plant SCADA','سكادا محطات المتجددة','operations','IEC 61850','Inverter and turbine level telemetry from solar and wind plants.','قياسات على مستوى العاكسات والتوربينات من محطات الشمس والرياح.','planned','inbound',1788024499073);
INSERT INTO "integrations" VALUES('cmtenmd8h00nqn3mkcp4tc4gg','bess-ems','Battery EMS','نظام إدارة البطاريات','operations','Modbus TCP','State of charge, available power and thermal state of storage fleets.','حالة الشحن والقدرة المتاحة والحالة الحرارية لأساطيل التخزين.','planned','bidirectional',1788024499073);
INSERT INTO "integrations" VALUES('cmtenmd8h00nrn3mk6v1xri33','notification-webhook','Notification Webhook','ويب هوك الإشعارات','transport','HTTPS','Outbound alert delivery to email, SMS and paging gateways.','إرسال التنبيهات إلى بوابات البريد والرسائل النصية والنداء.','available','outbound',1788024499073);
INSERT INTO "integrations" VALUES('cmtenmd8h00nsn3mkutzvl5ky','csv-import','CSV Import','استيراد CSV','transport','File','Bulk historical import for backfilling asset and reading history.','استيراد تاريخي دفعي لتعبئة سجلات الأصول والقياسات.','available','inbound',1788024499073);
CREATE TABLE "knowledge_edges" (
    "id" TEXT NOT NULL PRIMARY KEY,
    "fromNodeId" TEXT NOT NULL,
    "toNodeId" TEXT NOT NULL,
    "relation" TEXT NOT NULL,
    "relationAr" TEXT NOT NULL,
    "weight" REAL NOT NULL DEFAULT 1,
    "createdAt" DATETIME NOT NULL DEFAULT CURRENT_TIMESTAMP,
    CONSTRAINT "knowledge_edges_fromNodeId_fkey" FOREIGN KEY ("fromNodeId") REFERENCES "knowledge_nodes" ("id") ON DELETE CASCADE ON UPDATE CASCADE,
    CONSTRAINT "knowledge_edges_toNodeId_fkey" FOREIGN KEY ("toNodeId") REFERENCES "knowledge_nodes" ("id") ON DELETE CASCADE ON UPDATE CASCADE
);
INSERT INTO "knowledge_edges" VALUES('cmtenmo2h2hlmn3mkem34df4m','cmtenmo1g2hekn3mk6iqmvzf8','cmtenmo1g2henn3mkoz3n6acy','increases','يرفع',3.0,1788024513111);
INSERT INTO "knowledge_edges" VALUES('cmtenmo2h2hlnn3mka27v9912','cmtenmo1g2hekn3mk6iqmvzf8','cmtenmo1g2hemn3mkir9ldxi4','increases','يرفع',2.6,1788024513111);
INSERT INTO "knowledge_edges" VALUES('cmtenmo2h2hlon3mkatgnf3we','cmtenmo1g2hekn3mk6iqmvzf8','cmtenmo1g2heln3mk14vai006','reduces','يخفض',2.2,1788024513111);
INSERT INTO "knowledge_edges" VALUES('cmtenmo2h2hlpn3mk6mwk07pp','cmtenmo1g2heln3mk14vai006','cmtenmo1g2henn3mkoz3n6acy','reduces','يخفض',2.8,1788024513111);
INSERT INTO "knowledge_edges" VALUES('cmtenmo2h2hlqn3mkfvso8qlt','cmtenmo1g2hemn3mkir9ldxi4','cmtenmo1g2heon3mku8008lo2','increases','يرفع',3.0,1788024513111);
INSERT INTO "knowledge_edges" VALUES('cmtenmo2h2hlrn3mkmh8ejg8j','cmtenmo1g2heon3mku8008lo2','cmtenmo1g2henn3mkoz3n6acy','increases','يرفع',3.0,1788024513111);
INSERT INTO "knowledge_edges" VALUES('cmtenmo2h2hlsn3mk83157w99','cmtenmo1g2henn3mkoz3n6acy','cmtenmo1g2hepn3mk6vdbqvfh','increases','يرفع',3.4,1788024513111);
INSERT INTO "knowledge_edges" VALUES('cmtenmo2h2hltn3mkrdchq7a9','cmtenmo1g2heon3mku8008lo2','cmtenmo1g2hepn3mk6vdbqvfh','increases','يرفع',3.2,1788024513111);
INSERT INTO "knowledge_edges" VALUES('cmtenmo2h2hlun3mk9afsj4fn','cmtenmo1g2heqn3mkpx1g8wnz','cmtenmo1g2heon3mku8008lo2','shifts onto','ينقل إلى',2.4,1788024513111);
INSERT INTO "knowledge_edges" VALUES('cmtenmo2h2hlvn3mk71iu2enh','cmtenmo1g2hepn3mk6vdbqvfh','cmtenmo1g2hern3mkczpu9ckn','can trigger','قد يُطلق',2.8,1788024513111);
INSERT INTO "knowledge_edges" VALUES('cmtenmo2h2hlwn3mki9eu6jfi','cmtenmo1g2hesn3mk9rqg3ghn','cmtenmo1g2heon3mku8008lo2','reduces','يخفض',2.8,1788024513111);
INSERT INTO "knowledge_edges" VALUES('cmtenmo2h2hlxn3mk3md5chem','cmtenmo1g2hetn3mkk4lx3ouq','cmtenmo1g2heon3mku8008lo2','reduces','يخفض',2.6,1788024513111);
INSERT INTO "knowledge_edges" VALUES('cmtenmo2h2hlyn3mksstjic9z','cmtenmo1g2heun3mkas1lafrr','cmtenmo1g2hemn3mkir9ldxi4','reduces','يخفض',2.6,1788024513111);
INSERT INTO "knowledge_edges" VALUES('cmtenmo2h2hlzn3mkwzh3jq1l','cmtenmo1g2hesn3mk9rqg3ghn','cmtenmo1g2hepn3mk6vdbqvfh','mitigates','يخفف',2.4,1788024513111);
INSERT INTO "knowledge_edges" VALUES('cmtenmo2h2hm0n3mkxgmdya2a','cmtenmo1g2hetn3mkk4lx3ouq','cmtenmo1g2hepn3mk6vdbqvfh','mitigates','يخفف',2.2,1788024513111);
INSERT INTO "knowledge_edges" VALUES('cmtenmo2h2hm1n3mkpzigamj2','cmtenmo1g2heun3mkas1lafrr','cmtenmo1g2hepn3mk6vdbqvfh','mitigates','يخفف',2.2,1788024513111);
INSERT INTO "knowledge_edges" VALUES('cmtenmo2h2hm2n3mkebhx8ebu','cmtenmo1g2hekn3mk6iqmvzf8','cmtenmo1g2hevn3mka3y05xhy','affects','يؤثر في',2.0,1788024513111);
INSERT INTO "knowledge_edges" VALUES('cmtenmo2h2hm3n3mkxwu4xbve','cmtenmo1g2hekn3mk6iqmvzf8','cmtenmo1g2hewn3mkeo6t9mxr','affects','يؤثر في',2.0,1788024513111);
INSERT INTO "knowledge_edges" VALUES('cmtenmo2h2hm4n3mkh4hjhk7f','cmtenmo1g2hekn3mk6iqmvzf8','cmtenmo1g2hexn3mkbdsbqkyu','affects','يؤثر في',2.0,1788024513111);
INSERT INTO "knowledge_edges" VALUES('cmtenmo2h2hm5n3mkd7tb6sot','cmtenmo1g2hekn3mk6iqmvzf8','cmtenmo1g2heyn3mktxr1ybng','affects','يؤثر في',2.0,1788024513111);
INSERT INTO "knowledge_edges" VALUES('cmtenmo2i2hm6n3mkflq2hdsc','cmtenmo1g2hekn3mk6iqmvzf8','cmtenmo1g2hezn3mkoldprrxl','affects','يؤثر في',2.0,1788024513111);
INSERT INTO "knowledge_edges" VALUES('cmtenmo2i2hm7n3mkn5ix5egc','cmtenmo1g2hekn3mk6iqmvzf8','cmtenmo1g2hf0n3mkfsv69k0f','affects','يؤثر في',2.0,1788024513111);
INSERT INTO "knowledge_edges" VALUES('cmtenmo2i2hm8n3mk3w9zxou2','cmtenmo1g2hekn3mk6iqmvzf8','cmtenmo1g2hf1n3mk0cam2qv2','affects','يؤثر في',2.0,1788024513111);
INSERT INTO "knowledge_edges" VALUES('cmtenmo2i2hm9n3mkzeyvv8by','cmtenmo1g2hekn3mk6iqmvzf8','cmtenmo1g2hf2n3mk2ygl2tht','affects','يؤثر في',2.0,1788024513111);
INSERT INTO "knowledge_edges" VALUES('cmtenmo2i2hman3mkpl6ldnji','cmtenmo1g2hekn3mk6iqmvzf8','cmtenmo1g2hf3n3mkzftrob1v','affects','يؤثر في',2.0,1788024513111);
INSERT INTO "knowledge_edges" VALUES('cmtenmo2i2hmbn3mkxms07wku','cmtenmo1g2hekn3mk6iqmvzf8','cmtenmo1g2hf4n3mkajqio9p7','affects','يؤثر في',2.0,1788024513111);
INSERT INTO "knowledge_edges" VALUES('cmtenmo2i2hmcn3mk8iavs3p0','cmtenmo1g2hevn3mka3y05xhy','cmtenmo1g2hf5n3mkzi0zat6v','contains','تضم',1.4,1788024513111);
INSERT INTO "knowledge_edges" VALUES('cmtenmo2i2hmdn3mkq6kp4bll','cmtenmo1g2hf5n3mkzi0zat6v','cmtenmo1g2hepn3mk6vdbqvfh','carries','يحمل',2.406,1788024513111);
INSERT INTO "knowledge_edges" VALUES('cmtenmo2i2hmen3mktoiu0ao9','cmtenmo1g2hevn3mka3y05xhy','cmtenmo1g2hf6n3mk45lin00p','contains','تضم',1.4,1788024513111);
INSERT INTO "knowledge_edges" VALUES('cmtenmo2i2hmfn3mk0kv20rmc','cmtenmo1g2hf6n3mk45lin00p','cmtenmo1g2hepn3mk6vdbqvfh','carries','يحمل',2.374,1788024513111);
INSERT INTO "knowledge_edges" VALUES('cmtenmo2i2hmgn3mk5jgfwxwh','cmtenmo1g2hevn3mka3y05xhy','cmtenmo1g2hf7n3mk0s22928u','contains','تضم',1.4,1788024513111);
INSERT INTO "knowledge_edges" VALUES('cmtenmo2i2hmhn3mkvgvz4e0c','cmtenmo1g2hf7n3mk0s22928u','cmtenmo1g2hepn3mk6vdbqvfh','carries','يحمل',1.956,1788024513111);
INSERT INTO "knowledge_edges" VALUES('cmtenmo2i2hmin3mk8zup8rou','cmtenmo1g2hevn3mka3y05xhy','cmtenmo1g2hf8n3mkx2ifrozu','contains','تضم',1.4,1788024513111);
INSERT INTO "knowledge_edges" VALUES('cmtenmo2i2hmjn3mkqgi2lq2z','cmtenmo1g2hf8n3mkx2ifrozu','cmtenmo1g2hepn3mk6vdbqvfh','carries','يحمل',2.356,1788024513111);
INSERT INTO "knowledge_edges" VALUES('cmtenmo2i2hmkn3mkyl3i7a6o','cmtenmo1g2hevn3mka3y05xhy','cmtenmo1g2hf9n3mkuwa2gf1q','contains','تضم',1.4,1788024513111);
INSERT INTO "knowledge_edges" VALUES('cmtenmo2i2hmln3mkuf5yizz6','cmtenmo1g2hf9n3mkuwa2gf1q','cmtenmo1g2hepn3mk6vdbqvfh','carries','يحمل',1.978,1788024513111);
INSERT INTO "knowledge_edges" VALUES('cmtenmo2i2hmmn3mkatozk8mm','cmtenmo1g2hevn3mka3y05xhy','cmtenmo1g2hfan3mkd87qxgf5','contains','تضم',1.4,1788024513111);
INSERT INTO "knowledge_edges" VALUES('cmtenmo2i2hmnn3mkvczsfhn7','cmtenmo1g2hfan3mkd87qxgf5','cmtenmo1g2hepn3mk6vdbqvfh','carries','يحمل',1.904,1788024513111);
INSERT INTO "knowledge_edges" VALUES('cmtenmo2i2hmon3mkhfatmyj5','cmtenmo1g2hevn3mka3y05xhy','cmtenmo1g2hfbn3mky4twpoys','contains','تضم',1.4,1788024513111);
INSERT INTO "knowledge_edges" VALUES('cmtenmo2i2hmpn3mk4p2u3sav','cmtenmo1g2hfbn3mky4twpoys','cmtenmo1g2hepn3mk6vdbqvfh','carries','يحمل',2.31,1788024513111);
INSERT INTO "knowledge_edges" VALUES('cmtenmo2i2hmqn3mk5zqbfbvf','cmtenmo1g2hevn3mka3y05xhy','cmtenmo1g2hfcn3mkmjgsmwot','contains','تضم',1.4,1788024513111);
INSERT INTO "knowledge_edges" VALUES('cmtenmo2i2hmrn3mkmfkix88z','cmtenmo1g2hfcn3mkmjgsmwot','cmtenmo1g2hepn3mk6vdbqvfh','carries','يحمل',2.086,1788024513111);
INSERT INTO "knowledge_edges" VALUES('cmtenmo2i2hmsn3mkfghj8bb8','cmtenmo1g2hevn3mka3y05xhy','cmtenmo1g2hfdn3mk8v19bz4a','contains','تضم',1.4,1788024513111);
INSERT INTO "knowledge_edges" VALUES('cmtenmo2i2hmtn3mk5kuxrkm0','cmtenmo1g2hfdn3mk8v19bz4a','cmtenmo1g2hepn3mk6vdbqvfh','carries','يحمل',2.278,1788024513111);
INSERT INTO "knowledge_edges" VALUES('cmtenmo2i2hmun3mkqt6bvf15','cmtenmo1g2hevn3mka3y05xhy','cmtenmo1g2hfen3mk9yd2j78j','contains','تضم',1.4,1788024513111);
INSERT INTO "knowledge_edges" VALUES('cmtenmo2i2hmvn3mkz4ldrcyb','cmtenmo1g2hfen3mk9yd2j78j','cmtenmo1g2hepn3mk6vdbqvfh','carries','يحمل',2.198,1788024513111);
INSERT INTO "knowledge_edges" VALUES('cmtenmo2i2hmwn3mkbgbm9nt9','cmtenmo1g2hevn3mka3y05xhy','cmtenmo1g2hffn3mk8ut5ytce','contains','تضم',1.4,1788024513111);
INSERT INTO "knowledge_edges" VALUES('cmtenmo2i2hmxn3mkuw8ppcx9','cmtenmo1g2hffn3mk8ut5ytce','cmtenmo1g2hepn3mk6vdbqvfh','carries','يحمل',2.006,1788024513111);
INSERT INTO "knowledge_edges" VALUES('cmtenmo2i2hmyn3mkpn47tdgs','cmtenmo1g2hevn3mka3y05xhy','cmtenmo1g2hfgn3mkc9bmslis','contains','تضم',1.4,1788024513111);
INSERT INTO "knowledge_edges" VALUES('cmtenmo2i2hmzn3mkey9daytw','cmtenmo1g2hfgn3mkc9bmslis','cmtenmo1g2hepn3mk6vdbqvfh','carries','يحمل',2.55,1788024513111);
INSERT INTO "knowledge_edges" VALUES('cmtenmo2i2hn0n3mk7rq5qn8t','cmtenmo1g2henn3mkoz3n6acy','cmtenmo1g2hfgn3mkc9bmslis','constrains','يقيّد',1.6,1788024513111);
INSERT INTO "knowledge_edges" VALUES('cmtenmo2i2hn1n3mk61xhieyf','cmtenmo1g2hevn3mka3y05xhy','cmtenmo1h2hfhn3mk3swwvnbt','contains','تضم',1.4,1788024513111);
INSERT INTO "knowledge_edges" VALUES('cmtenmo2i2hn2n3mkwf9eylhp','cmtenmo1h2hfhn3mk3swwvnbt','cmtenmo1g2hepn3mk6vdbqvfh','carries','يحمل',1.74,1788024513111);
INSERT INTO "knowledge_edges" VALUES('cmtenmo2i2hn3n3mkhb8gx083','cmtenmo1g2henn3mkoz3n6acy','cmtenmo1h2hfhn3mk3swwvnbt','constrains','يقيّد',1.6,1788024513111);
INSERT INTO "knowledge_edges" VALUES('cmtenmo2i2hn4n3mklgl5igy2','cmtenmo1g2hevn3mka3y05xhy','cmtenmo1h2hfin3mki1e7v6ux','contains','تضم',1.4,1788024513111);
INSERT INTO "knowledge_edges" VALUES('cmtenmo2i2hn5n3mkr9qfiyod','cmtenmo1h2hfin3mki1e7v6ux','cmtenmo1g2hepn3mk6vdbqvfh','carries','يحمل',1.448,1788024513111);
INSERT INTO "knowledge_edges" VALUES('cmtenmo2i2hn6n3mkmb0rwcli','cmtenmo1g2henn3mkoz3n6acy','cmtenmo1h2hfin3mki1e7v6ux','constrains','يقيّد',1.6,1788024513111);
INSERT INTO "knowledge_edges" VALUES('cmtenmo2i2hn7n3mkd5e4i6jo','cmtenmo1g2hevn3mka3y05xhy','cmtenmo1h2hfjn3mkj3jq1q8s','contains','تضم',1.4,1788024513111);
INSERT INTO "knowledge_edges" VALUES('cmtenmo2i2hn8n3mkaporai64','cmtenmo1h2hfjn3mkj3jq1q8s','cmtenmo1g2hepn3mk6vdbqvfh','carries','يحمل',2.64,1788024513111);
INSERT INTO "knowledge_edges" VALUES('cmtenmo2i2hn9n3mkhftusmn9','cmtenmo1g2henn3mkoz3n6acy','cmtenmo1h2hfjn3mkj3jq1q8s','constrains','يقيّد',1.6,1788024513111);
INSERT INTO "knowledge_edges" VALUES('cmtenmo2i2hnan3mkgt6t9gdg','cmtenmo1g2hevn3mka3y05xhy','cmtenmo1h2hfkn3mk40788e7l','contains','تضم',1.4,1788024513111);
INSERT INTO "knowledge_edges" VALUES('cmtenmo2i2hnbn3mktwutpwqv','cmtenmo1h2hfkn3mk40788e7l','cmtenmo1g2hepn3mk6vdbqvfh','carries','يحمل',2.766,1788024513111);
INSERT INTO "knowledge_edges" VALUES('cmtenmo2i2hncn3mkrak8o0dp','cmtenmo1g2henn3mkoz3n6acy','cmtenmo1h2hfkn3mk40788e7l','constrains','يقيّد',1.6,1788024513111);
INSERT INTO "knowledge_edges" VALUES('cmtenmo2i2hndn3mkzv8ni8oj','cmtenmo1g2hevn3mka3y05xhy','cmtenmo1h2hfln3mkew3vwdv8','contains','تضم',1.4,1788024513111);
INSERT INTO "knowledge_edges" VALUES('cmtenmo2i2hnen3mkfegvkzxs','cmtenmo1h2hfln3mkew3vwdv8','cmtenmo1g2hepn3mk6vdbqvfh','carries','يحمل',1.998,1788024513111);
INSERT INTO "knowledge_edges" VALUES('cmtenmo2i2hnfn3mkt9e29azc','cmtenmo1g2henn3mkoz3n6acy','cmtenmo1h2hfln3mkew3vwdv8','constrains','يقيّد',1.6,1788024513111);
INSERT INTO "knowledge_edges" VALUES('cmtenmo2i2hngn3mkgiy5fftm','cmtenmo1g2hevn3mka3y05xhy','cmtenmo1h2hfmn3mktr3i1ly1','contains','تضم',1.4,1788024513111);
INSERT INTO "knowledge_edges" VALUES('cmtenmo2i2hnhn3mkmxvvsxdh','cmtenmo1h2hfmn3mktr3i1ly1','cmtenmo1g2hepn3mk6vdbqvfh','carries','يحمل',1.718,1788024513111);
INSERT INTO "knowledge_edges" VALUES('cmtenmo2i2hnin3mkj9y60bxi','cmtenmo1g2henn3mkoz3n6acy','cmtenmo1h2hfmn3mktr3i1ly1','constrains','يقيّد',1.6,1788024513111);
INSERT INTO "knowledge_edges" VALUES('cmtenmo2i2hnjn3mkra9s4o90','cmtenmo1g2hevn3mka3y05xhy','cmtenmo1h2hfnn3mkrqbm8eqz','contains','تضم',1.4,1788024513111);
INSERT INTO "knowledge_edges" VALUES('cmtenmo2i2hnkn3mkquam3j6r','cmtenmo1h2hfnn3mkrqbm8eqz','cmtenmo1g2hepn3mk6vdbqvfh','carries','يحمل',1.976,1788024513111);
INSERT INTO "knowledge_edges" VALUES('cmtenmo2i2hnln3mkqif2feeu','cmtenmo1g2henn3mkoz3n6acy','cmtenmo1h2hfnn3mkrqbm8eqz','constrains','يقيّد',1.6,1788024513111);
INSERT INTO "knowledge_edges" VALUES('cmtenmo2i2hnmn3mkw1uj9uaf','cmtenmo1g2hevn3mka3y05xhy','cmtenmo1h2hfon3mkh3ua7g3r','contains','تضم',1.4,1788024513111);
INSERT INTO "knowledge_edges" VALUES('cmtenmo2i2hnnn3mk4mar86d2','cmtenmo1h2hfon3mkh3ua7g3r','cmtenmo1g2hepn3mk6vdbqvfh','carries','يحمل',2.0,1788024513111);
INSERT INTO "knowledge_edges" VALUES('cmtenmo2i2hnon3mkyetv3rdy','cmtenmo1g2henn3mkoz3n6acy','cmtenmo1h2hfon3mkh3ua7g3r','constrains','يقيّد',1.6,1788024513111);
INSERT INTO "knowledge_edges" VALUES('cmtenmo2i2hnpn3mktxg835qa','cmtenmo1g2hevn3mka3y05xhy','cmtenmo1h2hfpn3mkoofdhvls','contains','تضم',1.4,1788024513111);
INSERT INTO "knowledge_edges" VALUES('cmtenmo2i2hnqn3mkyg76bmgx','cmtenmo1h2hfpn3mkoofdhvls','cmtenmo1g2hepn3mk6vdbqvfh','carries','يحمل',2.864,1788024513111);
INSERT INTO "knowledge_edges" VALUES('cmtenmo2i2hnrn3mkak0tc0yi','cmtenmo1g2henn3mkoz3n6acy','cmtenmo1h2hfpn3mkoofdhvls','constrains','يقيّد',1.6,1788024513111);
INSERT INTO "knowledge_edges" VALUES('cmtenmo2i2hnsn3mk8nw8h40q','cmtenmo1g2hevn3mka3y05xhy','cmtenmo1h2hfqn3mktrxw8roy','contains','تضم',1.4,1788024513111);
INSERT INTO "knowledge_edges" VALUES('cmtenmo2i2hntn3mkgpv1iskv','cmtenmo1h2hfqn3mktrxw8roy','cmtenmo1g2hepn3mk6vdbqvfh','carries','يحمل',1.872,1788024513111);
INSERT INTO "knowledge_edges" VALUES('cmtenmo2i2hnun3mk227vbie2','cmtenmo1g2henn3mkoz3n6acy','cmtenmo1h2hfqn3mktrxw8roy','constrains','يقيّد',1.6,1788024513111);
INSERT INTO "knowledge_edges" VALUES('cmtenmo2i2hnvn3mk230ysibg','cmtenmo1g2hevn3mka3y05xhy','cmtenmo1h2hfrn3mkr9dekb4f','contains','تضم',1.4,1788024513111);
INSERT INTO "knowledge_edges" VALUES('cmtenmo2i2hnwn3mkym7sgxae','cmtenmo1h2hfrn3mkr9dekb4f','cmtenmo1g2hepn3mk6vdbqvfh','carries','يحمل',1.704,1788024513111);
INSERT INTO "knowledge_edges" VALUES('cmtenmo2i2hnxn3mk1vx82o69','cmtenmo1g2henn3mkoz3n6acy','cmtenmo1h2hfrn3mkr9dekb4f','constrains','يقيّد',1.6,1788024513111);
INSERT INTO "knowledge_edges" VALUES('cmtenmo2i2hnyn3mkefggkz0i','cmtenmo1g2hevn3mka3y05xhy','cmtenmo1h2hfsn3mk6aor83ik','contains','تضم',1.4,1788024513111);
INSERT INTO "knowledge_edges" VALUES('cmtenmo2i2hnzn3mkvgb1j213','cmtenmo1h2hfsn3mk6aor83ik','cmtenmo1g2hepn3mk6vdbqvfh','carries','يحمل',2.116,1788024513111);
INSERT INTO "knowledge_edges" VALUES('cmtenmo2i2ho0n3mk5a51knsh','cmtenmo1g2henn3mkoz3n6acy','cmtenmo1h2hfsn3mk6aor83ik','constrains','يقيّد',1.6,1788024513111);
INSERT INTO "knowledge_edges" VALUES('cmtenmo2i2ho1n3mkd6hfwxlh','cmtenmo1g2hevn3mka3y05xhy','cmtenmo1h2hftn3mk6ckda5yq','contains','تضم',1.4,1788024513111);
INSERT INTO "knowledge_edges" VALUES('cmtenmo2i2ho2n3mks0obuk97','cmtenmo1h2hftn3mk6ckda5yq','cmtenmo1g2hepn3mk6vdbqvfh','carries','يحمل',1.468,1788024513111);
INSERT INTO "knowledge_edges" VALUES('cmtenmo2i2ho3n3mke06s9w6h','cmtenmo1g2henn3mkoz3n6acy','cmtenmo1h2hftn3mk6ckda5yq','constrains','يقيّد',1.6,1788024513111);
INSERT INTO "knowledge_edges" VALUES('cmtenmo2i2ho4n3mkumrb2uol','cmtenmo1g2hevn3mka3y05xhy','cmtenmo1h2hfun3mkx88fw1gt','contains','تضم',1.4,1788024513111);
INSERT INTO "knowledge_edges" VALUES('cmtenmo2i2ho5n3mk35f90l1c','cmtenmo1h2hfun3mkx88fw1gt','cmtenmo1g2hepn3mk6vdbqvfh','carries','يحمل',1.664,1788024513111);
INSERT INTO "knowledge_edges" VALUES('cmtenmo2i2ho6n3mko0n2z5jj','cmtenmo1g2henn3mkoz3n6acy','cmtenmo1h2hfun3mkx88fw1gt','constrains','يقيّد',1.6,1788024513111);
INSERT INTO "knowledge_edges" VALUES('cmtenmo2i2ho7n3mkmrtos96j','cmtenmo1g2hevn3mka3y05xhy','cmtenmo1h2hfvn3mkyr4wpoer','contains','تضم',1.4,1788024513111);
INSERT INTO "knowledge_edges" VALUES('cmtenmo2i2ho8n3mk7wywrtcs','cmtenmo1h2hfvn3mkyr4wpoer','cmtenmo1g2hepn3mk6vdbqvfh','carries','يحمل',1.706,1788024513111);
INSERT INTO "knowledge_edges" VALUES('cmtenmo2i2ho9n3mksrbn0jct','cmtenmo1g2henn3mkoz3n6acy','cmtenmo1h2hfvn3mkyr4wpoer','constrains','يقيّد',1.6,1788024513111);
INSERT INTO "knowledge_edges" VALUES('cmtenmo2i2hoan3mkveg8hs3o','cmtenmo1g2hevn3mka3y05xhy','cmtenmo1h2hfwn3mktkrbs44z','contains','تضم',1.4,1788024513111);
INSERT INTO "knowledge_edges" VALUES('cmtenmo2i2hobn3mkmwqlgdwr','cmtenmo1h2hfwn3mktkrbs44z','cmtenmo1g2hepn3mk6vdbqvfh','carries','يحمل',2.068,1788024513111);
INSERT INTO "knowledge_edges" VALUES('cmtenmo2i2hocn3mks6ggr69d','cmtenmo1g2henn3mkoz3n6acy','cmtenmo1h2hfwn3mktkrbs44z','constrains','يقيّد',1.6,1788024513111);
INSERT INTO "knowledge_edges" VALUES('cmtenmo2i2hodn3mkh82hywxi','cmtenmo1g2hevn3mka3y05xhy','cmtenmo1h2hfxn3mk61j6tjue','contains','تضم',1.4,1788024513111);
INSERT INTO "knowledge_edges" VALUES('cmtenmo2i2hoen3mkudcpd31v','cmtenmo1h2hfxn3mk61j6tjue','cmtenmo1g2hepn3mk6vdbqvfh','carries','يحمل',2.846,1788024513111);
INSERT INTO "knowledge_edges" VALUES('cmtenmo2i2hofn3mkue5op32x','cmtenmo1g2henn3mkoz3n6acy','cmtenmo1h2hfxn3mk61j6tjue','constrains','يقيّد',1.6,1788024513111);
INSERT INTO "knowledge_edges" VALUES('cmtenmo2i2hogn3mkl5ouyv71','cmtenmo1g2hevn3mka3y05xhy','cmtenmo1h2hfyn3mkuranx1uq','contains','تضم',1.4,1788024513111);
INSERT INTO "knowledge_edges" VALUES('cmtenmo2i2hohn3mkq3xuvqli','cmtenmo1h2hfyn3mkuranx1uq','cmtenmo1g2hepn3mk6vdbqvfh','carries','يحمل',2.182,1788024513111);
INSERT INTO "knowledge_edges" VALUES('cmtenmo2i2hoin3mkss8ev4eo','cmtenmo1g2henn3mkoz3n6acy','cmtenmo1h2hfyn3mkuranx1uq','constrains','يقيّد',1.6,1788024513111);
INSERT INTO "knowledge_edges" VALUES('cmtenmo2i2hojn3mkcqpvzj7p','cmtenmo1g2hevn3mka3y05xhy','cmtenmo1h2hfzn3mk2igtvyv5','contains','تضم',1.4,1788024513111);
INSERT INTO "knowledge_edges" VALUES('cmtenmo2i2hokn3mkenpg2bc9','cmtenmo1h2hfzn3mk2igtvyv5','cmtenmo1g2hepn3mk6vdbqvfh','carries','يحمل',2.606,1788024513111);
INSERT INTO "knowledge_edges" VALUES('cmtenmo2i2holn3mk9lkv88h2','cmtenmo1g2henn3mkoz3n6acy','cmtenmo1h2hfzn3mk2igtvyv5','constrains','يقيّد',1.6,1788024513111);
INSERT INTO "knowledge_edges" VALUES('cmtenmo2j2homn3mk8ssxcob4','cmtenmo1g2hevn3mka3y05xhy','cmtenmo1h2hg0n3mkyrvfk519','contains','تضم',1.4,1788024513111);
INSERT INTO "knowledge_edges" VALUES('cmtenmo2j2honn3mk13jr3iww','cmtenmo1h2hg0n3mkyrvfk519','cmtenmo1g2hepn3mk6vdbqvfh','carries','يحمل',2.794,1788024513111);
INSERT INTO "knowledge_edges" VALUES('cmtenmo2j2hoon3mk84pvg2yd','cmtenmo1g2henn3mkoz3n6acy','cmtenmo1h2hg0n3mkyrvfk519','constrains','يقيّد',1.6,1788024513111);
INSERT INTO "knowledge_edges" VALUES('cmtenmo2j2hopn3mkr4j5sye0','cmtenmo1g2hevn3mka3y05xhy','cmtenmo1h2hg1n3mkzprluak6','contains','تضم',1.4,1788024513111);
INSERT INTO "knowledge_edges" VALUES('cmtenmo2j2hoqn3mka8956p8c','cmtenmo1h2hg1n3mkzprluak6','cmtenmo1g2hepn3mk6vdbqvfh','carries','يحمل',1.85,1788024513111);
INSERT INTO "knowledge_edges" VALUES('cmtenmo2j2horn3mkoc3g5xv6','cmtenmo1g2henn3mkoz3n6acy','cmtenmo1h2hg1n3mkzprluak6','constrains','يقيّد',1.6,1788024513111);
INSERT INTO "knowledge_edges" VALUES('cmtenmo2j2hosn3mkojkncw6f','cmtenmo1g2hevn3mka3y05xhy','cmtenmo1h2hg2n3mkwe934m5v','contains','تضم',1.4,1788024513111);
INSERT INTO "knowledge_edges" VALUES('cmtenmo2j2hotn3mk7ctcyewk','cmtenmo1h2hg2n3mkwe934m5v','cmtenmo1g2hepn3mk6vdbqvfh','carries','يحمل',1.55,1788024513111);
INSERT INTO "knowledge_edges" VALUES('cmtenmo2j2houn3mkwcobnuz4','cmtenmo1g2henn3mkoz3n6acy','cmtenmo1h2hg2n3mkwe934m5v','constrains','يقيّد',1.6,1788024513111);
INSERT INTO "knowledge_edges" VALUES('cmtenmo2j2hovn3mk9zbv3c9k','cmtenmo1g2hevn3mka3y05xhy','cmtenmo1h2hg3n3mkwaekqbbe','contains','تضم',1.4,1788024513111);
INSERT INTO "knowledge_edges" VALUES('cmtenmo2j2hown3mkponiq7ef','cmtenmo1h2hg3n3mkwaekqbbe','cmtenmo1g2hepn3mk6vdbqvfh','carries','يحمل',1.782,1788024513111);
INSERT INTO "knowledge_edges" VALUES('cmtenmo2j2hoxn3mkre4pwzls','cmtenmo1g2henn3mkoz3n6acy','cmtenmo1h2hg3n3mkwaekqbbe','constrains','يقيّد',1.6,1788024513111);
INSERT INTO "knowledge_edges" VALUES('cmtenmo2j2hoyn3mkqribo75b','cmtenmo1g2hevn3mka3y05xhy','cmtenmo1h2hg4n3mk3g2xypls','contains','تضم',1.4,1788024513111);
INSERT INTO "knowledge_edges" VALUES('cmtenmo2j2hozn3mkvwcc2vgk','cmtenmo1h2hg4n3mk3g2xypls','cmtenmo1g2hepn3mk6vdbqvfh','carries','يحمل',2.348,1788024513111);
INSERT INTO "knowledge_edges" VALUES('cmtenmo2j2hp0n3mkm4pi7asu','cmtenmo1g2henn3mkoz3n6acy','cmtenmo1h2hg4n3mk3g2xypls','constrains','يقيّد',1.6,1788024513111);
INSERT INTO "knowledge_edges" VALUES('cmtenmo2j2hp1n3mk361ohaw5','cmtenmo1g2hevn3mka3y05xhy','cmtenmo1h2hg5n3mk3pc66qvg','contains','تضم',1.4,1788024513111);
INSERT INTO "knowledge_edges" VALUES('cmtenmo2j2hp2n3mkjo1xbu7v','cmtenmo1h2hg5n3mk3pc66qvg','cmtenmo1g2hepn3mk6vdbqvfh','carries','يحمل',1.788,1788024513111);
INSERT INTO "knowledge_edges" VALUES('cmtenmo2j2hp3n3mkd9gqhdsv','cmtenmo1g2henn3mkoz3n6acy','cmtenmo1h2hg5n3mk3pc66qvg','constrains','يقيّد',1.6,1788024513111);
INSERT INTO "knowledge_edges" VALUES('cmtenmo2j2hp4n3mk0gs3z9pc','cmtenmo1g2hevn3mka3y05xhy','cmtenmo1h2hg6n3mkexu6hsfl','contains','تضم',1.4,1788024513111);
INSERT INTO "knowledge_edges" VALUES('cmtenmo2j2hp5n3mkhmxlyoa3','cmtenmo1h2hg6n3mkexu6hsfl','cmtenmo1g2hepn3mk6vdbqvfh','carries','يحمل',2.04,1788024513111);
INSERT INTO "knowledge_edges" VALUES('cmtenmo2j2hp6n3mkv8a4gchi','cmtenmo1g2henn3mkoz3n6acy','cmtenmo1h2hg6n3mkexu6hsfl','constrains','يقيّد',1.6,1788024513111);
INSERT INTO "knowledge_edges" VALUES('cmtenmo2j2hp7n3mkps8dc4tz','cmtenmo1g2hevn3mka3y05xhy','cmtenmo1h2hg7n3mk20bmf0cz','contains','تضم',1.4,1788024513111);
INSERT INTO "knowledge_edges" VALUES('cmtenmo2j2hp8n3mk9wfglewp','cmtenmo1h2hg7n3mk20bmf0cz','cmtenmo1g2hepn3mk6vdbqvfh','carries','يحمل',2.186,1788024513111);
INSERT INTO "knowledge_edges" VALUES('cmtenmo2j2hp9n3mkw4lwp195','cmtenmo1g2henn3mkoz3n6acy','cmtenmo1h2hg7n3mk20bmf0cz','constrains','يقيّد',1.6,1788024513111);
INSERT INTO "knowledge_edges" VALUES('cmtenmo2j2hpan3mkxgmemmn4','cmtenmo1g2hevn3mka3y05xhy','cmtenmo1h2hg8n3mkekxpbw7g','contains','تضم',1.4,1788024513111);
INSERT INTO "knowledge_edges" VALUES('cmtenmo2j2hpbn3mkv5soxt6o','cmtenmo1h2hg8n3mkekxpbw7g','cmtenmo1g2hepn3mk6vdbqvfh','carries','يحمل',2.208,1788024513111);
INSERT INTO "knowledge_edges" VALUES('cmtenmo2j2hpcn3mkax23o2ga','cmtenmo1g2henn3mkoz3n6acy','cmtenmo1h2hg8n3mkekxpbw7g','constrains','يقيّد',1.6,1788024513111);
INSERT INTO "knowledge_edges" VALUES('cmtenmo2j2hpdn3mkd52vlk5a','cmtenmo1g2hevn3mka3y05xhy','cmtenmo1h2hg9n3mkypejkot0','contains','تضم',1.4,1788024513111);
INSERT INTO "knowledge_edges" VALUES('cmtenmo2j2hpen3mk7uyz4loh','cmtenmo1h2hg9n3mkypejkot0','cmtenmo1g2hepn3mk6vdbqvfh','carries','يحمل',2.43,1788024513111);
INSERT INTO "knowledge_edges" VALUES('cmtenmo2j2hpfn3mkdekrsah6','cmtenmo1g2henn3mkoz3n6acy','cmtenmo1h2hg9n3mkypejkot0','constrains','يقيّد',1.6,1788024513111);
INSERT INTO "knowledge_edges" VALUES('cmtenmo2j2hpgn3mk9nyj1xaa','cmtenmo1g2hevn3mka3y05xhy','cmtenmo1h2hgan3mk0h4u37h2','contains','تضم',1.4,1788024513111);
INSERT INTO "knowledge_edges" VALUES('cmtenmo2j2hphn3mkzyve6wql','cmtenmo1h2hgan3mk0h4u37h2','cmtenmo1g2hepn3mk6vdbqvfh','carries','يحمل',2.452,1788024513111);
INSERT INTO "knowledge_edges" VALUES('cmtenmo2j2hpin3mkmom4p5w6','cmtenmo1g2henn3mkoz3n6acy','cmtenmo1h2hgan3mk0h4u37h2','constrains','يقيّد',1.6,1788024513111);
INSERT INTO "knowledge_edges" VALUES('cmtenmo2j2hpjn3mkm5j7i07g','cmtenmo1g2hevn3mka3y05xhy','cmtenmo1h2hgbn3mkztvi6zz9','contains','تضم',1.4,1788024513111);
INSERT INTO "knowledge_edges" VALUES('cmtenmo2j2hpkn3mkplw3g4og','cmtenmo1h2hgbn3mkztvi6zz9','cmtenmo1g2hepn3mk6vdbqvfh','carries','يحمل',2.172,1788024513111);
INSERT INTO "knowledge_edges" VALUES('cmtenmo2j2hpln3mkzdaezf2f','cmtenmo1g2henn3mkoz3n6acy','cmtenmo1h2hgbn3mkztvi6zz9','constrains','يقيّد',1.6,1788024513111);
INSERT INTO "knowledge_edges" VALUES('cmtenmo2j2hpmn3mkc8fvktbn','cmtenmo1g2hevn3mka3y05xhy','cmtenmo1h2hgcn3mkvgv3m3gu','contains','تضم',1.4,1788024513111);
INSERT INTO "knowledge_edges" VALUES('cmtenmo2j2hpnn3mkr6izss5k','cmtenmo1h2hgcn3mkvgv3m3gu','cmtenmo1g2hepn3mk6vdbqvfh','carries','يحمل',1.764,1788024513111);
INSERT INTO "knowledge_edges" VALUES('cmtenmo2j2hpon3mk3wgs7o2p','cmtenmo1g2hevn3mka3y05xhy','cmtenmo1h2hgdn3mk13nnc0dc','contains','تضم',1.4,1788024513111);
INSERT INTO "knowledge_edges" VALUES('cmtenmo2j2hppn3mk80gxyieq','cmtenmo1h2hgdn3mk13nnc0dc','cmtenmo1g2hepn3mk6vdbqvfh','carries','يحمل',2.08,1788024513111);
INSERT INTO "knowledge_edges" VALUES('cmtenmo2j2hpqn3mk4yutqo0e','cmtenmo1g2hevn3mka3y05xhy','cmtenmo1h2hgen3mko9omjuxi','contains','تضم',1.4,1788024513111);
INSERT INTO "knowledge_edges" VALUES('cmtenmo2j2hprn3mkx6s8vl84','cmtenmo1h2hgen3mko9omjuxi','cmtenmo1g2hepn3mk6vdbqvfh','carries','يحمل',1.558,1788024513111);
INSERT INTO "knowledge_edges" VALUES('cmtenmo2j2hpsn3mk5imic224','cmtenmo1g2hevn3mka3y05xhy','cmtenmo1h2hgfn3mkuhww4n76','contains','تضم',1.4,1788024513111);
INSERT INTO "knowledge_edges" VALUES('cmtenmo2j2hptn3mkyoe0kyyu','cmtenmo1h2hgfn3mkuhww4n76','cmtenmo1g2hepn3mk6vdbqvfh','carries','يحمل',1.992,1788024513111);
INSERT INTO "knowledge_edges" VALUES('cmtenmo2j2hpun3mkkbcjz3es','cmtenmo1g2hevn3mka3y05xhy','cmtenmo1h2hggn3mklniczf4p','contains','تضم',1.4,1788024513111);
INSERT INTO "knowledge_edges" VALUES('cmtenmo2j2hpvn3mkl0tdyrwq','cmtenmo1h2hggn3mklniczf4p','cmtenmo1g2hepn3mk6vdbqvfh','carries','يحمل',1.918,1788024513111);
INSERT INTO "knowledge_edges" VALUES('cmtenmo2j2hpwn3mkuwwkvk9f','cmtenmo1g2hevn3mka3y05xhy','cmtenmo1h2hghn3mk4x65tiea','contains','تضم',1.4,1788024513111);
INSERT INTO "knowledge_edges" VALUES('cmtenmo2j2hpxn3mkssvqucuu','cmtenmo1h2hghn3mk4x65tiea','cmtenmo1g2hepn3mk6vdbqvfh','carries','يحمل',1.974,1788024513111);
INSERT INTO "knowledge_edges" VALUES('cmtenmo2j2hpyn3mkkfj10w8x','cmtenmo1g2hevn3mka3y05xhy','cmtenmo1h2hgin3mklscgy5dk','contains','تضم',1.4,1788024513111);
INSERT INTO "knowledge_edges" VALUES('cmtenmo2j2hpzn3mkytnfi5py','cmtenmo1h2hgin3mklscgy5dk','cmtenmo1g2hepn3mk6vdbqvfh','carries','يحمل',2.096,1788024513111);
INSERT INTO "knowledge_edges" VALUES('cmtenmo2j2hq0n3mkyfdx3203','cmtenmo1g2hewn3mkeo6t9mxr','cmtenmo1h2hgjn3mk1qdryc6z','contains','تضم',1.4,1788024513111);
INSERT INTO "knowledge_edges" VALUES('cmtenmo2j2hq1n3mkuy15uho6','cmtenmo1h2hgjn3mk1qdryc6z','cmtenmo1g2hepn3mk6vdbqvfh','carries','يحمل',1.248,1788024513111);
INSERT INTO "knowledge_edges" VALUES('cmtenmo2j2hq2n3mkgt1mq9kw','cmtenmo1g2hewn3mkeo6t9mxr','cmtenmo1h2hgkn3mkmhk7gazm','contains','تضم',1.4,1788024513111);
INSERT INTO "knowledge_edges" VALUES('cmtenmo2j2hq3n3mkj2cp9onf','cmtenmo1h2hgkn3mkmhk7gazm','cmtenmo1g2hepn3mk6vdbqvfh','carries','يحمل',1.242,1788024513111);
INSERT INTO "knowledge_edges" VALUES('cmtenmo2j2hq4n3mkaqvg1wj5','cmtenmo1g2hewn3mkeo6t9mxr','cmtenmo1h2hgln3mk6wze8cjb','contains','تضم',1.4,1788024513111);
INSERT INTO "knowledge_edges" VALUES('cmtenmo2j2hq5n3mkdqjpxyfh','cmtenmo1h2hgln3mk6wze8cjb','cmtenmo1g2hepn3mk6vdbqvfh','carries','يحمل',1.244,1788024513111);
INSERT INTO "knowledge_edges" VALUES('cmtenmo2j2hq6n3mkbws9d9ho','cmtenmo1g2hewn3mkeo6t9mxr','cmtenmo1h2hgmn3mkhkzgv0u9','contains','تضم',1.4,1788024513111);
INSERT INTO "knowledge_edges" VALUES('cmtenmo2j2hq7n3mkb30s9nme','cmtenmo1h2hgmn3mkhkzgv0u9','cmtenmo1g2hepn3mk6vdbqvfh','carries','يحمل',1.25,1788024513111);
INSERT INTO "knowledge_edges" VALUES('cmtenmo2j2hq8n3mkrzkriqpq','cmtenmo1g2hewn3mkeo6t9mxr','cmtenmo1h2hgnn3mktxy617p3','contains','تضم',1.4,1788024513111);
INSERT INTO "knowledge_edges" VALUES('cmtenmo2j2hq9n3mkqe0i6p5p','cmtenmo1h2hgnn3mktxy617p3','cmtenmo1g2hepn3mk6vdbqvfh','carries','يحمل',1.254,1788024513111);
INSERT INTO "knowledge_edges" VALUES('cmtenmo2j2hqan3mk5w986bvp','cmtenmo1g2hewn3mkeo6t9mxr','cmtenmo1h2hgon3mka6q2oew7','contains','تضم',1.4,1788024513111);
INSERT INTO "knowledge_edges" VALUES('cmtenmo2j2hqbn3mkerzcoivc','cmtenmo1h2hgon3mka6q2oew7','cmtenmo1g2hepn3mk6vdbqvfh','carries','يحمل',1.348,1788024513111);
INSERT INTO "knowledge_edges" VALUES('cmtenmo2j2hqcn3mk4ttbumww','cmtenmo1g2hewn3mkeo6t9mxr','cmtenmo1h2hgpn3mksiofq5ua','contains','تضم',1.4,1788024513111);
INSERT INTO "knowledge_edges" VALUES('cmtenmo2j2hqdn3mk2uk1og0q','cmtenmo1h2hgpn3mksiofq5ua','cmtenmo1g2hepn3mk6vdbqvfh','carries','يحمل',1.24,1788024513111);
INSERT INTO "knowledge_edges" VALUES('cmtenmo2j2hqen3mktc2s1f89','cmtenmo1g2henn3mkoz3n6acy','cmtenmo1h2hgpn3mksiofq5ua','constrains','يقيّد',1.6,1788024513111);
INSERT INTO "knowledge_edges" VALUES('cmtenmo2j2hqfn3mk5qz7x1z8','cmtenmo1g2hewn3mkeo6t9mxr','cmtenmo1h2hgqn3mk86257sdz','contains','تضم',1.4,1788024513111);
INSERT INTO "knowledge_edges" VALUES('cmtenmo2j2hqgn3mk32gbmulw','cmtenmo1h2hgqn3mk86257sdz','cmtenmo1g2hepn3mk6vdbqvfh','carries','يحمل',1.248,1788024513111);
INSERT INTO "knowledge_edges" VALUES('cmtenmo2j2hqhn3mk1nzohaqp','cmtenmo1g2henn3mkoz3n6acy','cmtenmo1h2hgqn3mk86257sdz','constrains','يقيّد',1.6,1788024513111);
INSERT INTO "knowledge_edges" VALUES('cmtenmo2j2hqin3mkhd23uk9u','cmtenmo1g2hewn3mkeo6t9mxr','cmtenmo1h2hgrn3mkdnwl9ht6','contains','تضم',1.4,1788024513111);
INSERT INTO "knowledge_edges" VALUES('cmtenmo2j2hqjn3mkw90t3e7f','cmtenmo1h2hgrn3mkdnwl9ht6','cmtenmo1g2hepn3mk6vdbqvfh','carries','يحمل',1.22,1788024513111);
INSERT INTO "knowledge_edges" VALUES('cmtenmo2j2hqkn3mkti0gpoyy','cmtenmo1g2henn3mkoz3n6acy','cmtenmo1h2hgrn3mkdnwl9ht6','constrains','يقيّد',1.6,1788024513111);
INSERT INTO "knowledge_edges" VALUES('cmtenmo2j2hqln3mkpl5hhtdh','cmtenmo1g2hewn3mkeo6t9mxr','cmtenmo1h2hgsn3mkvsjpf3cf','contains','تضم',1.4,1788024513111);
INSERT INTO "knowledge_edges" VALUES('cmtenmo2j2hqmn3mkgsu4el81','cmtenmo1h2hgsn3mkvsjpf3cf','cmtenmo1g2hepn3mk6vdbqvfh','carries','يحمل',1.236,1788024513111);
INSERT INTO "knowledge_edges" VALUES('cmtenmo2j2hqnn3mkrmlv4vij','cmtenmo1g2henn3mkoz3n6acy','cmtenmo1h2hgsn3mkvsjpf3cf','constrains','يقيّد',1.6,1788024513111);
INSERT INTO "knowledge_edges" VALUES('cmtenmo2j2hqon3mkqcnb3wb8','cmtenmo1g2hewn3mkeo6t9mxr','cmtenmo1h2hgtn3mk16btwgx5','contains','تضم',1.4,1788024513111);
INSERT INTO "knowledge_edges" VALUES('cmtenmo2j2hqpn3mkt65tydi8','cmtenmo1h2hgtn3mk16btwgx5','cmtenmo1g2hepn3mk6vdbqvfh','carries','يحمل',1.222,1788024513111);
INSERT INTO "knowledge_edges" VALUES('cmtenmo2j2hqqn3mkvuhad524','cmtenmo1g2henn3mkoz3n6acy','cmtenmo1h2hgtn3mk16btwgx5','constrains','يقيّد',1.6,1788024513111);
INSERT INTO "knowledge_edges" VALUES('cmtenmo2j2hqrn3mk7k47lfg0','cmtenmo1g2hewn3mkeo6t9mxr','cmtenmo1h2hgun3mkoj24hec7','contains','تضم',1.4,1788024513111);
INSERT INTO "knowledge_edges" VALUES('cmtenmo2j2hqsn3mktc9hq21w','cmtenmo1h2hgun3mkoj24hec7','cmtenmo1g2hepn3mk6vdbqvfh','carries','يحمل',1.286,1788024513111);
INSERT INTO "knowledge_edges" VALUES('cmtenmo2j2hqtn3mksg26bww8','cmtenmo1g2henn3mkoz3n6acy','cmtenmo1h2hgun3mkoj24hec7','constrains','يقيّد',1.6,1788024513111);
INSERT INTO "knowledge_edges" VALUES('cmtenmo2j2hqun3mk8vpw6g0z','cmtenmo1g2hewn3mkeo6t9mxr','cmtenmo1h2hgvn3mkkcpdv498','contains','تضم',1.4,1788024513111);
INSERT INTO "knowledge_edges" VALUES('cmtenmo2j2hqvn3mkvq7lv8rr','cmtenmo1h2hgvn3mkkcpdv498','cmtenmo1g2hepn3mk6vdbqvfh','carries','يحمل',1.27,1788024513111);
INSERT INTO "knowledge_edges" VALUES('cmtenmo2j2hqwn3mkoub7w00o','cmtenmo1g2henn3mkoz3n6acy','cmtenmo1h2hgvn3mkkcpdv498','constrains','يقيّد',1.6,1788024513111);
INSERT INTO "knowledge_edges" VALUES('cmtenmo2j2hqxn3mkprs992z0','cmtenmo1g2hewn3mkeo6t9mxr','cmtenmo1h2hgwn3mkjb5jxcfs','contains','تضم',1.4,1788024513111);
INSERT INTO "knowledge_edges" VALUES('cmtenmo2j2hqyn3mkqnebu9cy','cmtenmo1h2hgwn3mkjb5jxcfs','cmtenmo1g2hepn3mk6vdbqvfh','carries','يحمل',1.368,1788024513111);
INSERT INTO "knowledge_edges" VALUES('cmtenmo2j2hqzn3mk8olbzfsw','cmtenmo1g2henn3mkoz3n6acy','cmtenmo1h2hgwn3mkjb5jxcfs','constrains','يقيّد',1.6,1788024513111);
INSERT INTO "knowledge_edges" VALUES('cmtenmo2j2hr0n3mknkedpqmt','cmtenmo1g2hewn3mkeo6t9mxr','cmtenmo1h2hgxn3mkbupyinq2','contains','تضم',1.4,1788024513111);
INSERT INTO "knowledge_edges" VALUES('cmtenmo2j2hr1n3mkii9jgzcj','cmtenmo1h2hgxn3mkbupyinq2','cmtenmo1g2hepn3mk6vdbqvfh','carries','يحمل',1.224,1788024513111);
INSERT INTO "knowledge_edges" VALUES('cmtenmo2j2hr2n3mk329n3apz','cmtenmo1g2henn3mkoz3n6acy','cmtenmo1h2hgxn3mkbupyinq2','constrains','يقيّد',1.6,1788024513111);
INSERT INTO "knowledge_edges" VALUES('cmtenmo2k2hr3n3mkwbaj94qm','cmtenmo1g2hewn3mkeo6t9mxr','cmtenmo1h2hgyn3mkre6bul68','contains','تضم',1.4,1788024513111);
INSERT INTO "knowledge_edges" VALUES('cmtenmo2k2hr4n3mkyra24hyx','cmtenmo1h2hgyn3mkre6bul68','cmtenmo1g2hepn3mk6vdbqvfh','carries','يحمل',1.242,1788024513111);
INSERT INTO "knowledge_edges" VALUES('cmtenmo2k2hr5n3mkdigqev2h','cmtenmo1g2henn3mkoz3n6acy','cmtenmo1h2hgyn3mkre6bul68','constrains','يقيّد',1.6,1788024513111);
INSERT INTO "knowledge_edges" VALUES('cmtenmo2k2hr6n3mk5sngdioo','cmtenmo1g2hewn3mkeo6t9mxr','cmtenmo1i2hgzn3mkgp35xv65','contains','تضم',1.4,1788024513111);
INSERT INTO "knowledge_edges" VALUES('cmtenmo2k2hr7n3mks9uexazj','cmtenmo1i2hgzn3mkgp35xv65','cmtenmo1g2hepn3mk6vdbqvfh','carries','يحمل',1.262,1788024513111);
INSERT INTO "knowledge_edges" VALUES('cmtenmo2k2hr8n3mkjs4gfd75','cmtenmo1g2henn3mkoz3n6acy','cmtenmo1i2hgzn3mkgp35xv65','constrains','يقيّد',1.6,1788024513111);
INSERT INTO "knowledge_edges" VALUES('cmtenmo2k2hr9n3mkik4twjo9','cmtenmo1g2hewn3mkeo6t9mxr','cmtenmo1i2hh0n3mkejlvyb89','contains','تضم',1.4,1788024513111);
INSERT INTO "knowledge_edges" VALUES('cmtenmo2k2hran3mkz3x21wjz','cmtenmo1i2hh0n3mkejlvyb89','cmtenmo1g2hepn3mk6vdbqvfh','carries','يحمل',1.238,1788024513111);
INSERT INTO "knowledge_edges" VALUES('cmtenmo2k2hrbn3mkc4olc1gk','cmtenmo1g2henn3mkoz3n6acy','cmtenmo1i2hh0n3mkejlvyb89','constrains','يقيّد',1.6,1788024513111);
INSERT INTO "knowledge_edges" VALUES('cmtenmo2k2hrcn3mk1geqhqs5','cmtenmo1g2hewn3mkeo6t9mxr','cmtenmo1i2hh1n3mkx9fummvw','contains','تضم',1.4,1788024513111);
INSERT INTO "knowledge_edges" VALUES('cmtenmo2k2hrdn3mk1cs8fpvc','cmtenmo1i2hh1n3mkx9fummvw','cmtenmo1g2hepn3mk6vdbqvfh','carries','يحمل',1.226,1788024513111);
INSERT INTO "knowledge_edges" VALUES('cmtenmo2k2hren3mklgyyc35d','cmtenmo1g2henn3mkoz3n6acy','cmtenmo1i2hh1n3mkx9fummvw','constrains','يقيّد',1.6,1788024513111);
INSERT INTO "knowledge_edges" VALUES('cmtenmo2k2hrfn3mkhn7dfeme','cmtenmo1g2hewn3mkeo6t9mxr','cmtenmo1i2hh2n3mk1aojocdb','contains','تضم',1.4,1788024513111);
INSERT INTO "knowledge_edges" VALUES('cmtenmo2k2hrgn3mkzhf9xnbt','cmtenmo1i2hh2n3mk1aojocdb','cmtenmo1g2hepn3mk6vdbqvfh','carries','يحمل',1.212,1788024513111);
INSERT INTO "knowledge_edges" VALUES('cmtenmo2k2hrhn3mk10pqiw04','cmtenmo1g2henn3mkoz3n6acy','cmtenmo1i2hh2n3mk1aojocdb','constrains','يقيّد',1.6,1788024513111);
INSERT INTO "knowledge_edges" VALUES('cmtenmo2k2hrin3mkatf3skca','cmtenmo1g2hewn3mkeo6t9mxr','cmtenmo1i2hh3n3mk2m50fzws','contains','تضم',1.4,1788024513111);
INSERT INTO "knowledge_edges" VALUES('cmtenmo2k2hrjn3mkgpa60rby','cmtenmo1i2hh3n3mk2m50fzws','cmtenmo1g2hepn3mk6vdbqvfh','carries','يحمل',1.234,1788024513111);
INSERT INTO "knowledge_edges" VALUES('cmtenmo2k2hrkn3mkkqutduaf','cmtenmo1g2hewn3mkeo6t9mxr','cmtenmo1i2hh4n3mkl73nqptp','contains','تضم',1.4,1788024513111);
INSERT INTO "knowledge_edges" VALUES('cmtenmo2k2hrln3mko05gb7sa','cmtenmo1i2hh4n3mkl73nqptp','cmtenmo1g2hepn3mk6vdbqvfh','carries','يحمل',1.218,1788024513111);
INSERT INTO "knowledge_edges" VALUES('cmtenmo2k2hrmn3mk07xkx07a','cmtenmo1g2hewn3mkeo6t9mxr','cmtenmo1i2hh5n3mkoi6muho8','contains','تضم',1.4,1788024513111);
INSERT INTO "knowledge_edges" VALUES('cmtenmo2k2hrnn3mkx2o49x5t','cmtenmo1i2hh5n3mkoi6muho8','cmtenmo1g2hepn3mk6vdbqvfh','carries','يحمل',1.22,1788024513111);
INSERT INTO "knowledge_edges" VALUES('cmtenmo2k2hron3mk6qmlgyyb','cmtenmo1g2hewn3mkeo6t9mxr','cmtenmo1i2hh6n3mkp0h7vkks','contains','تضم',1.4,1788024513111);
INSERT INTO "knowledge_edges" VALUES('cmtenmo2k2hrpn3mkt5b6zw4w','cmtenmo1i2hh6n3mkp0h7vkks','cmtenmo1g2hepn3mk6vdbqvfh','carries','يحمل',1.212,1788024513111);
INSERT INTO "knowledge_edges" VALUES('cmtenmo2k2hrqn3mko5t5khi5','cmtenmo1g2hewn3mkeo6t9mxr','cmtenmo1i2hh7n3mk7xr5b5qv','contains','تضم',1.4,1788024513111);
INSERT INTO "knowledge_edges" VALUES('cmtenmo2k2hrrn3mko6dt17ph','cmtenmo1i2hh7n3mk7xr5b5qv','cmtenmo1g2hepn3mk6vdbqvfh','carries','يحمل',1.22,1788024513111);
INSERT INTO "knowledge_edges" VALUES('cmtenmo2k2hrsn3mkqpcpzo8s','cmtenmo1g2hexn3mkbdsbqkyu','cmtenmo1i2hh8n3mkz9luv5v1','contains','تضم',1.4,1788024513111);
INSERT INTO "knowledge_edges" VALUES('cmtenmo2k2hrtn3mk7wxsquw6','cmtenmo1i2hh8n3mkz9luv5v1','cmtenmo1g2hepn3mk6vdbqvfh','carries','يحمل',1.346,1788024513111);
INSERT INTO "knowledge_edges" VALUES('cmtenmo2k2hrun3mkgm365s4b','cmtenmo1g2hexn3mkbdsbqkyu','cmtenmo1i2hh9n3mkny3kwpue','contains','تضم',1.4,1788024513111);
INSERT INTO "knowledge_edges" VALUES('cmtenmo2k2hrvn3mkl9d8gdnv','cmtenmo1i2hh9n3mkny3kwpue','cmtenmo1g2hepn3mk6vdbqvfh','carries','يحمل',1.294,1788024513111);
INSERT INTO "knowledge_edges" VALUES('cmtenmo2k2hrwn3mksb08n3dx','cmtenmo1g2hexn3mkbdsbqkyu','cmtenmo1i2hhan3mk6rdw12cq','contains','تضم',1.4,1788024513111);
INSERT INTO "knowledge_edges" VALUES('cmtenmo2k2hrxn3mkjqqpuk0w','cmtenmo1i2hhan3mk6rdw12cq','cmtenmo1g2hepn3mk6vdbqvfh','carries','يحمل',1.428,1788024513111);
INSERT INTO "knowledge_edges" VALUES('cmtenmo2k2hryn3mkhtqnkk5m','cmtenmo1g2hexn3mkbdsbqkyu','cmtenmo1i2hhbn3mkddlzxgn7','contains','تضم',1.4,1788024513111);
INSERT INTO "knowledge_edges" VALUES('cmtenmo2k2hrzn3mkdox30wsh','cmtenmo1i2hhbn3mkddlzxgn7','cmtenmo1g2hepn3mk6vdbqvfh','carries','يحمل',1.274,1788024513111);
INSERT INTO "knowledge_edges" VALUES('cmtenmo2k2hs0n3mk0evo3jwm','cmtenmo1g2hexn3mkbdsbqkyu','cmtenmo1i2hhcn3mk0g2pjvj8','contains','تضم',1.4,1788024513111);
INSERT INTO "knowledge_edges" VALUES('cmtenmo2k2hs1n3mkg5gm909r','cmtenmo1i2hhcn3mk0g2pjvj8','cmtenmo1g2hepn3mk6vdbqvfh','carries','يحمل',1.382,1788024513111);
INSERT INTO "knowledge_edges" VALUES('cmtenmo2k2hs2n3mkaow518qk','cmtenmo1g2hexn3mkbdsbqkyu','cmtenmo1i2hhdn3mkfil99nfi','contains','تضم',1.4,1788024513111);
INSERT INTO "knowledge_edges" VALUES('cmtenmo2k2hs3n3mkpzwnbrsj','cmtenmo1i2hhdn3mkfil99nfi','cmtenmo1g2hepn3mk6vdbqvfh','carries','يحمل',1.3,1788024513111);
INSERT INTO "knowledge_edges" VALUES('cmtenmo2k2hs4n3mkov65cwcf','cmtenmo1g2hexn3mkbdsbqkyu','cmtenmo1i2hhen3mkhc8mlbjm','contains','تضم',1.4,1788024513111);
INSERT INTO "knowledge_edges" VALUES('cmtenmo2k2hs5n3mka4b1ry92','cmtenmo1i2hhen3mkhc8mlbjm','cmtenmo1g2hepn3mk6vdbqvfh','carries','يحمل',1.274,1788024513111);
INSERT INTO "knowledge_edges" VALUES('cmtenmo2k2hs6n3mk8y6okpn5','cmtenmo1g2hexn3mkbdsbqkyu','cmtenmo1i2hhfn3mk3zklvf2j','contains','تضم',1.4,1788024513111);
INSERT INTO "knowledge_edges" VALUES('cmtenmo2k2hs7n3mknxu5qgul','cmtenmo1i2hhfn3mk3zklvf2j','cmtenmo1g2hepn3mk6vdbqvfh','carries','يحمل',1.284,1788024513111);
INSERT INTO "knowledge_edges" VALUES('cmtenmo2k2hs8n3mk6w2h1zbq','cmtenmo1g2henn3mkoz3n6acy','cmtenmo1i2hhfn3mk3zklvf2j','constrains','يقيّد',1.6,1788024513111);
INSERT INTO "knowledge_edges" VALUES('cmtenmo2k2hs9n3mk0whnpmoe','cmtenmo1g2hexn3mkbdsbqkyu','cmtenmo1i2hhgn3mkqiurzmlh','contains','تضم',1.4,1788024513111);
INSERT INTO "knowledge_edges" VALUES('cmtenmo2k2hsan3mkssxk2nqz','cmtenmo1i2hhgn3mkqiurzmlh','cmtenmo1g2hepn3mk6vdbqvfh','carries','يحمل',1.276,1788024513111);
INSERT INTO "knowledge_edges" VALUES('cmtenmo2k2hsbn3mknseul5yy','cmtenmo1g2henn3mkoz3n6acy','cmtenmo1i2hhgn3mkqiurzmlh','constrains','يقيّد',1.6,1788024513111);
INSERT INTO "knowledge_edges" VALUES('cmtenmo2k2hscn3mk1zxhrxss','cmtenmo1g2hexn3mkbdsbqkyu','cmtenmo1i2hhhn3mkc0er3285','contains','تضم',1.4,1788024513111);
INSERT INTO "knowledge_edges" VALUES('cmtenmo2k2hsdn3mkw1ny47e9','cmtenmo1i2hhhn3mkc0er3285','cmtenmo1g2hepn3mk6vdbqvfh','carries','يحمل',1.588,1788024513111);
INSERT INTO "knowledge_edges" VALUES('cmtenmo2k2hsen3mk8f5l9ep8','cmtenmo1g2henn3mkoz3n6acy','cmtenmo1i2hhhn3mkc0er3285','constrains','يقيّد',1.6,1788024513111);
INSERT INTO "knowledge_edges" VALUES('cmtenmo2k2hsfn3mksettmvr6','cmtenmo1g2hexn3mkbdsbqkyu','cmtenmo1i2hhin3mkn8ax0aum','contains','تضم',1.4,1788024513111);
INSERT INTO "knowledge_edges" VALUES('cmtenmo2k2hsgn3mk9tmlaamq','cmtenmo1i2hhin3mkn8ax0aum','cmtenmo1g2hepn3mk6vdbqvfh','carries','يحمل',1.9,1788024513111);
INSERT INTO "knowledge_edges" VALUES('cmtenmo2k2hshn3mk90spe192','cmtenmo1g2henn3mkoz3n6acy','cmtenmo1i2hhin3mkn8ax0aum','constrains','يقيّد',1.6,1788024513111);
INSERT INTO "knowledge_edges" VALUES('cmtenmo2k2hsin3mk17kqmlnx','cmtenmo1g2hexn3mkbdsbqkyu','cmtenmo1i2hhjn3mk2zfwfvrb','contains','تضم',1.4,1788024513111);
INSERT INTO "knowledge_edges" VALUES('cmtenmo2k2hsjn3mkbw43svgo','cmtenmo1i2hhjn3mk2zfwfvrb','cmtenmo1g2hepn3mk6vdbqvfh','carries','يحمل',1.326,1788024513111);
INSERT INTO "knowledge_edges" VALUES('cmtenmo2k2hskn3mkukyp88wu','cmtenmo1g2henn3mkoz3n6acy','cmtenmo1i2hhjn3mk2zfwfvrb','constrains','يقيّد',1.6,1788024513111);
INSERT INTO "knowledge_edges" VALUES('cmtenmo2k2hsln3mkxiwa9vd7','cmtenmo1g2hexn3mkbdsbqkyu','cmtenmo1i2hhkn3mk2qgvy0y3','contains','تضم',1.4,1788024513111);
INSERT INTO "knowledge_edges" VALUES('cmtenmo2k2hsmn3mkyi5ot9yz','cmtenmo1i2hhkn3mk2qgvy0y3','cmtenmo1g2hepn3mk6vdbqvfh','carries','يحمل',1.808,1788024513111);
INSERT INTO "knowledge_edges" VALUES('cmtenmo2k2hsnn3mkud8ulkz8','cmtenmo1g2henn3mkoz3n6acy','cmtenmo1i2hhkn3mk2qgvy0y3','constrains','يقيّد',1.6,1788024513111);
INSERT INTO "knowledge_edges" VALUES('cmtenmo2k2hson3mkiilg4cld','cmtenmo1g2hexn3mkbdsbqkyu','cmtenmo1i2hhln3mkg0wcxwiz','contains','تضم',1.4,1788024513111);
INSERT INTO "knowledge_edges" VALUES('cmtenmo2k2hspn3mkzjy46gxk','cmtenmo1i2hhln3mkg0wcxwiz','cmtenmo1g2hepn3mk6vdbqvfh','carries','يحمل',1.286,1788024513111);
INSERT INTO "knowledge_edges" VALUES('cmtenmo2k2hsqn3mkodrz20sg','cmtenmo1g2henn3mkoz3n6acy','cmtenmo1i2hhln3mkg0wcxwiz','constrains','يقيّد',1.6,1788024513111);
INSERT INTO "knowledge_edges" VALUES('cmtenmo2k2hsrn3mkoxfd1l2x','cmtenmo1g2hexn3mkbdsbqkyu','cmtenmo1i2hhmn3mkhyvc2don','contains','تضم',1.4,1788024513111);
INSERT INTO "knowledge_edges" VALUES('cmtenmo2k2hssn3mk3401puwv','cmtenmo1i2hhmn3mkhyvc2don','cmtenmo1g2hepn3mk6vdbqvfh','carries','يحمل',1.36,1788024513111);
INSERT INTO "knowledge_edges" VALUES('cmtenmo2k2hstn3mksqlb1fiq','cmtenmo1g2henn3mkoz3n6acy','cmtenmo1i2hhmn3mkhyvc2don','constrains','يقيّد',1.6,1788024513111);
INSERT INTO "knowledge_edges" VALUES('cmtenmo2k2hsun3mkxvyurrdf','cmtenmo1g2hexn3mkbdsbqkyu','cmtenmo1i2hhnn3mk798ix9gv','contains','تضم',1.4,1788024513111);
INSERT INTO "knowledge_edges" VALUES('cmtenmo2k2hsvn3mku2hrl605','cmtenmo1i2hhnn3mk798ix9gv','cmtenmo1g2hepn3mk6vdbqvfh','carries','يحمل',1.26,1788024513111);
INSERT INTO "knowledge_edges" VALUES('cmtenmo2k2hswn3mknt8b37ut','cmtenmo1g2henn3mkoz3n6acy','cmtenmo1i2hhnn3mk798ix9gv','constrains','يقيّد',1.6,1788024513111);
INSERT INTO "knowledge_edges" VALUES('cmtenmo2k2hsxn3mkcg62736m','cmtenmo1g2hexn3mkbdsbqkyu','cmtenmo1i2hhon3mkb2gatesb','contains','تضم',1.4,1788024513111);
INSERT INTO "knowledge_edges" VALUES('cmtenmo2k2hsyn3mknmab4z1i','cmtenmo1i2hhon3mkb2gatesb','cmtenmo1g2hepn3mk6vdbqvfh','carries','يحمل',1.282,1788024513111);
INSERT INTO "knowledge_edges" VALUES('cmtenmo2k2hszn3mkdjb7tv5h','cmtenmo1g2henn3mkoz3n6acy','cmtenmo1i2hhon3mkb2gatesb','constrains','يقيّد',1.6,1788024513111);
INSERT INTO "knowledge_edges" VALUES('cmtenmo2k2ht0n3mk5tiffl0k','cmtenmo1g2hexn3mkbdsbqkyu','cmtenmo1i2hhpn3mkvbom70iz','contains','تضم',1.4,1788024513111);
INSERT INTO "knowledge_edges" VALUES('cmtenmo2k2ht1n3mkeby7b7c3','cmtenmo1i2hhpn3mkvbom70iz','cmtenmo1g2hepn3mk6vdbqvfh','carries','يحمل',1.278,1788024513111);
INSERT INTO "knowledge_edges" VALUES('cmtenmo2k2ht2n3mkw8mmnmo4','cmtenmo1g2henn3mkoz3n6acy','cmtenmo1i2hhpn3mkvbom70iz','constrains','يقيّد',1.6,1788024513111);
INSERT INTO "knowledge_edges" VALUES('cmtenmo2k2ht3n3mkzd1fc757','cmtenmo1g2hexn3mkbdsbqkyu','cmtenmo1i2hhqn3mkrub86kze','contains','تضم',1.4,1788024513111);
INSERT INTO "knowledge_edges" VALUES('cmtenmo2k2ht4n3mkgxqvoqn5','cmtenmo1i2hhqn3mkrub86kze','cmtenmo1g2hepn3mk6vdbqvfh','carries','يحمل',1.272,1788024513111);
INSERT INTO "knowledge_edges" VALUES('cmtenmo2k2ht5n3mk6gjwpf9g','cmtenmo1g2henn3mkoz3n6acy','cmtenmo1i2hhqn3mkrub86kze','constrains','يقيّد',1.6,1788024513111);
INSERT INTO "knowledge_edges" VALUES('cmtenmo2k2ht6n3mk7ia3x4jq','cmtenmo1g2hexn3mkbdsbqkyu','cmtenmo1i2hhrn3mkfqtcdk2a','contains','تضم',1.4,1788024513111);
INSERT INTO "knowledge_edges" VALUES('cmtenmo2k2ht7n3mkj8vl7694','cmtenmo1i2hhrn3mkfqtcdk2a','cmtenmo1g2hepn3mk6vdbqvfh','carries','يحمل',1.994,1788024513111);
INSERT INTO "knowledge_edges" VALUES('cmtenmo2k2ht8n3mk3b195th5','cmtenmo1g2henn3mkoz3n6acy','cmtenmo1i2hhrn3mkfqtcdk2a','constrains','يقيّد',1.6,1788024513111);
INSERT INTO "knowledge_edges" VALUES('cmtenmo2k2ht9n3mkybg6kzn8','cmtenmo1g2hexn3mkbdsbqkyu','cmtenmo1i2hhsn3mkya6w9bf7','contains','تضم',1.4,1788024513111);
INSERT INTO "knowledge_edges" VALUES('cmtenmo2k2htan3mk7qidvk74','cmtenmo1i2hhsn3mkya6w9bf7','cmtenmo1g2hepn3mk6vdbqvfh','carries','يحمل',1.72,1788024513111);
INSERT INTO "knowledge_edges" VALUES('cmtenmo2k2htbn3mkiexiy3ta','cmtenmo1g2henn3mkoz3n6acy','cmtenmo1i2hhsn3mkya6w9bf7','constrains','يقيّد',1.6,1788024513111);
INSERT INTO "knowledge_edges" VALUES('cmtenmo2k2htcn3mkpj2fk6kz','cmtenmo1g2hexn3mkbdsbqkyu','cmtenmo1i2hhtn3mk9sw0tj36','contains','تضم',1.4,1788024513111);
INSERT INTO "knowledge_edges" VALUES('cmtenmo2k2htdn3mkn8o6ymzc','cmtenmo1i2hhtn3mk9sw0tj36','cmtenmo1g2hepn3mk6vdbqvfh','carries','يحمل',1.268,1788024513111);
INSERT INTO "knowledge_edges" VALUES('cmtenmo2k2hten3mkbog1mwf6','cmtenmo1g2henn3mkoz3n6acy','cmtenmo1i2hhtn3mk9sw0tj36','constrains','يقيّد',1.6,1788024513111);
INSERT INTO "knowledge_edges" VALUES('cmtenmo2k2htfn3mkyglpokk3','cmtenmo1g2hexn3mkbdsbqkyu','cmtenmo1i2hhun3mkrkuyainv','contains','تضم',1.4,1788024513111);
INSERT INTO "knowledge_edges" VALUES('cmtenmo2k2htgn3mk3gpghft4','cmtenmo1i2hhun3mkrkuyainv','cmtenmo1g2hepn3mk6vdbqvfh','carries','يحمل',1.338,1788024513111);
INSERT INTO "knowledge_edges" VALUES('cmtenmo2k2hthn3mknxnt1ksb','cmtenmo1g2henn3mkoz3n6acy','cmtenmo1i2hhun3mkrkuyainv','constrains','يقيّد',1.6,1788024513111);
INSERT INTO "knowledge_edges" VALUES('cmtenmo2k2htin3mkr4qbt8ld','cmtenmo1g2hexn3mkbdsbqkyu','cmtenmo1i2hhvn3mkb95mr6ci','contains','تضم',1.4,1788024513111);
INSERT INTO "knowledge_edges" VALUES('cmtenmo2k2htjn3mkw08oeedc','cmtenmo1i2hhvn3mkb95mr6ci','cmtenmo1g2hepn3mk6vdbqvfh','carries','يحمل',1.276,1788024513111);
INSERT INTO "knowledge_edges" VALUES('cmtenmo2k2htkn3mkra9l2wqb','cmtenmo1g2henn3mkoz3n6acy','cmtenmo1i2hhvn3mkb95mr6ci','constrains','يقيّد',1.6,1788024513111);
INSERT INTO "knowledge_edges" VALUES('cmtenmo2l2htln3mkj65894o0','cmtenmo1g2hexn3mkbdsbqkyu','cmtenmo1i2hhwn3mkcdx9r24f','contains','تضم',1.4,1788024513111);
INSERT INTO "knowledge_edges" VALUES('cmtenmo2l2htmn3mkgvyxdnrj','cmtenmo1i2hhwn3mkcdx9r24f','cmtenmo1g2hepn3mk6vdbqvfh','carries','يحمل',1.298,1788024513111);
INSERT INTO "knowledge_edges" VALUES('cmtenmo2l2htnn3mk5t346ss8','cmtenmo1g2henn3mkoz3n6acy','cmtenmo1i2hhwn3mkcdx9r24f','constrains','يقيّد',1.6,1788024513111);
INSERT INTO "knowledge_edges" VALUES('cmtenmo2l2hton3mk35akkqhl','cmtenmo1g2hexn3mkbdsbqkyu','cmtenmo1i2hhxn3mkese9rst6','contains','تضم',1.4,1788024513111);
INSERT INTO "knowledge_edges" VALUES('cmtenmo2l2htpn3mkdex0u1dw','cmtenmo1i2hhxn3mkese9rst6','cmtenmo1g2hepn3mk6vdbqvfh','carries','يحمل',1.256,1788024513111);
INSERT INTO "knowledge_edges" VALUES('cmtenmo2l2htqn3mkpkag30oz','cmtenmo1g2hexn3mkbdsbqkyu','cmtenmo1i2hhyn3mkrugvfqf0','contains','تضم',1.4,1788024513111);
INSERT INTO "knowledge_edges" VALUES('cmtenmo2l2htrn3mk9naxso0m','cmtenmo1i2hhyn3mkrugvfqf0','cmtenmo1g2hepn3mk6vdbqvfh','carries','يحمل',1.24,1788024513111);
INSERT INTO "knowledge_edges" VALUES('cmtenmo2l2htsn3mkwwkogc2g','cmtenmo1g2hexn3mkbdsbqkyu','cmtenmo1i2hhzn3mki21sisku','contains','تضم',1.4,1788024513111);
INSERT INTO "knowledge_edges" VALUES('cmtenmo2l2httn3mkimbun97n','cmtenmo1i2hhzn3mki21sisku','cmtenmo1g2hepn3mk6vdbqvfh','carries','يحمل',1.3,1788024513111);
INSERT INTO "knowledge_edges" VALUES('cmtenmo2l2htun3mkclifipkt','cmtenmo1g2hexn3mkbdsbqkyu','cmtenmo1i2hi0n3mkhn5eavsd','contains','تضم',1.4,1788024513111);
INSERT INTO "knowledge_edges" VALUES('cmtenmo2l2htvn3mk81buc3lj','cmtenmo1i2hi0n3mkhn5eavsd','cmtenmo1g2hepn3mk6vdbqvfh','carries','يحمل',1.32,1788024513111);
INSERT INTO "knowledge_edges" VALUES('cmtenmo2l2htwn3mkwxpel11m','cmtenmo1g2hexn3mkbdsbqkyu','cmtenmo1i2hi1n3mk3y30p4vf','contains','تضم',1.4,1788024513111);
INSERT INTO "knowledge_edges" VALUES('cmtenmo2l2htxn3mkqtllziwn','cmtenmo1i2hi1n3mk3y30p4vf','cmtenmo1g2hepn3mk6vdbqvfh','carries','يحمل',1.38,1788024513111);
INSERT INTO "knowledge_edges" VALUES('cmtenmo2l2htyn3mki3po5h1q','cmtenmo1g2hexn3mkbdsbqkyu','cmtenmo1i2hi2n3mk87thi6i5','contains','تضم',1.4,1788024513111);
INSERT INTO "knowledge_edges" VALUES('cmtenmo2l2htzn3mkncbui7r6','cmtenmo1i2hi2n3mk87thi6i5','cmtenmo1g2hepn3mk6vdbqvfh','carries','يحمل',1.348,1788024513111);
INSERT INTO "knowledge_edges" VALUES('cmtenmo2l2hu0n3mkgyzk7odv','cmtenmo1g2heyn3mktxr1ybng','cmtenmo1i2hi3n3mk27wrup7k','contains','تضم',1.4,1788024513111);
INSERT INTO "knowledge_edges" VALUES('cmtenmo2l2hu1n3mkg8gzg782','cmtenmo1i2hi3n3mk27wrup7k','cmtenmo1g2hepn3mk6vdbqvfh','carries','يحمل',1.52,1788024513111);
INSERT INTO "knowledge_edges" VALUES('cmtenmo2l2hu2n3mkkix7m5xm','cmtenmo1g2heyn3mktxr1ybng','cmtenmo1i2hi4n3mk6j7efabb','contains','تضم',1.4,1788024513111);
INSERT INTO "knowledge_edges" VALUES('cmtenmo2l2hu3n3mkalggibj6','cmtenmo1i2hi4n3mk6j7efabb','cmtenmo1g2hepn3mk6vdbqvfh','carries','يحمل',1.322,1788024513111);
INSERT INTO "knowledge_edges" VALUES('cmtenmo2l2hu4n3mk51pinbss','cmtenmo1g2heyn3mktxr1ybng','cmtenmo1i2hi5n3mknj1tnehe','contains','تضم',1.4,1788024513111);
INSERT INTO "knowledge_edges" VALUES('cmtenmo2l2hu5n3mk8c4gf6lw','cmtenmo1i2hi5n3mknj1tnehe','cmtenmo1g2hepn3mk6vdbqvfh','carries','يحمل',1.524,1788024513111);
INSERT INTO "knowledge_edges" VALUES('cmtenmo2l2hu6n3mkwc1argu9','cmtenmo1g2heyn3mktxr1ybng','cmtenmo1i2hi6n3mk25htojep','contains','تضم',1.4,1788024513111);
INSERT INTO "knowledge_edges" VALUES('cmtenmo2l2hu7n3mkio64pitb','cmtenmo1i2hi6n3mk25htojep','cmtenmo1g2hepn3mk6vdbqvfh','carries','يحمل',1.31,1788024513111);
INSERT INTO "knowledge_edges" VALUES('cmtenmo2l2hu8n3mk8rtbt0iv','cmtenmo1g2heyn3mktxr1ybng','cmtenmo1i2hi7n3mka1kicwqw','contains','تضم',1.4,1788024513111);
INSERT INTO "knowledge_edges" VALUES('cmtenmo2l2hu9n3mkr6t8h64e','cmtenmo1i2hi7n3mka1kicwqw','cmtenmo1g2hepn3mk6vdbqvfh','carries','يحمل',1.444,1788024513111);
INSERT INTO "knowledge_edges" VALUES('cmtenmo2l2huan3mkn15p97oz','cmtenmo1g2henn3mkoz3n6acy','cmtenmo1i2hi7n3mka1kicwqw','constrains','يقيّد',1.6,1788024513111);
INSERT INTO "knowledge_edges" VALUES('cmtenmo2l2hubn3mk7tcfmd2o','cmtenmo1g2heyn3mktxr1ybng','cmtenmo1i2hi8n3mkth7hhr5g','contains','تضم',1.4,1788024513111);
INSERT INTO "knowledge_edges" VALUES('cmtenmo2l2hucn3mkyjz2f1n9','cmtenmo1i2hi8n3mkth7hhr5g','cmtenmo1g2hepn3mk6vdbqvfh','carries','يحمل',2.196,1788024513111);
INSERT INTO "knowledge_edges" VALUES('cmtenmo2l2hudn3mknu7mms9l','cmtenmo1g2henn3mkoz3n6acy','cmtenmo1i2hi8n3mkth7hhr5g','constrains','يقيّد',1.6,1788024513111);
INSERT INTO "knowledge_edges" VALUES('cmtenmo2l2huen3mkpme5ky18','cmtenmo1g2heyn3mktxr1ybng','cmtenmo1i2hi9n3mkx9izall6','contains','تضم',1.4,1788024513111);
INSERT INTO "knowledge_edges" VALUES('cmtenmo2l2hufn3mk6mapig6m','cmtenmo1i2hi9n3mkx9izall6','cmtenmo1g2hepn3mk6vdbqvfh','carries','يحمل',1.266,1788024513111);
INSERT INTO "knowledge_edges" VALUES('cmtenmo2l2hugn3mkndrtijmv','cmtenmo1g2henn3mkoz3n6acy','cmtenmo1i2hi9n3mkx9izall6','constrains','يقيّد',1.6,1788024513111);
INSERT INTO "knowledge_edges" VALUES('cmtenmo2l2huhn3mkee64l4gm','cmtenmo1g2heyn3mktxr1ybng','cmtenmo1i2hian3mklg4mit4x','contains','تضم',1.4,1788024513111);
INSERT INTO "knowledge_edges" VALUES('cmtenmo2l2huin3mko862im6l','cmtenmo1i2hian3mklg4mit4x','cmtenmo1g2hepn3mk6vdbqvfh','carries','يحمل',1.28,1788024513111);
INSERT INTO "knowledge_edges" VALUES('cmtenmo2l2hujn3mku36hnidh','cmtenmo1g2henn3mkoz3n6acy','cmtenmo1i2hian3mklg4mit4x','constrains','يقيّد',1.6,1788024513111);
INSERT INTO "knowledge_edges" VALUES('cmtenmo2l2hukn3mk12lwpw9a','cmtenmo1g2heyn3mktxr1ybng','cmtenmo1i2hibn3mkfq6w59uf','contains','تضم',1.4,1788024513111);
INSERT INTO "knowledge_edges" VALUES('cmtenmo2l2huln3mk011dmt3e','cmtenmo1i2hibn3mkfq6w59uf','cmtenmo1g2hepn3mk6vdbqvfh','carries','يحمل',1.266,1788024513111);
INSERT INTO "knowledge_edges" VALUES('cmtenmo2l2humn3mkbqukhxgw','cmtenmo1g2henn3mkoz3n6acy','cmtenmo1i2hibn3mkfq6w59uf','constrains','يقيّد',1.6,1788024513111);
INSERT INTO "knowledge_edges" VALUES('cmtenmo2l2hunn3mkn3czqcqx','cmtenmo1g2heyn3mktxr1ybng','cmtenmo1i2hicn3mkl0dy3hgw','contains','تضم',1.4,1788024513111);
INSERT INTO "knowledge_edges" VALUES('cmtenmo2l2huon3mkgm57njog','cmtenmo1i2hicn3mkl0dy3hgw','cmtenmo1g2hepn3mk6vdbqvfh','carries','يحمل',1.614,1788024513111);
INSERT INTO "knowledge_edges" VALUES('cmtenmo2l2hupn3mkayu1v09e','cmtenmo1g2henn3mkoz3n6acy','cmtenmo1i2hicn3mkl0dy3hgw','constrains','يقيّد',1.6,1788024513111);
INSERT INTO "knowledge_edges" VALUES('cmtenmo2l2huqn3mkbog4b8hb','cmtenmo1g2heyn3mktxr1ybng','cmtenmo1i2hidn3mkdwc8n4y7','contains','تضم',1.4,1788024513111);
INSERT INTO "knowledge_edges" VALUES('cmtenmo2l2hurn3mkensgggyj','cmtenmo1i2hidn3mkdwc8n4y7','cmtenmo1g2hepn3mk6vdbqvfh','carries','يحمل',1.308,1788024513111);
INSERT INTO "knowledge_edges" VALUES('cmtenmo2l2husn3mkbgzud0qm','cmtenmo1g2henn3mkoz3n6acy','cmtenmo1i2hidn3mkdwc8n4y7','constrains','يقيّد',1.6,1788024513111);
INSERT INTO "knowledge_edges" VALUES('cmtenmo2l2hutn3mkeenyoukh','cmtenmo1g2heyn3mktxr1ybng','cmtenmo1i2hien3mk0osnpl1l','contains','تضم',1.4,1788024513111);
INSERT INTO "knowledge_edges" VALUES('cmtenmo2l2huun3mkbme0qy1n','cmtenmo1i2hien3mk0osnpl1l','cmtenmo1g2hepn3mk6vdbqvfh','carries','يحمل',1.37,1788024513111);
INSERT INTO "knowledge_edges" VALUES('cmtenmo2l2huvn3mk6t0dh1pj','cmtenmo1g2henn3mkoz3n6acy','cmtenmo1i2hien3mk0osnpl1l','constrains','يقيّد',1.6,1788024513111);
INSERT INTO "knowledge_edges" VALUES('cmtenmo2l2huwn3mkvbzsr3il','cmtenmo1g2heyn3mktxr1ybng','cmtenmo1i2hifn3mkgjy8ko7m','contains','تضم',1.4,1788024513111);
INSERT INTO "knowledge_edges" VALUES('cmtenmo2l2huxn3mkj3abqky9','cmtenmo1i2hifn3mkgjy8ko7m','cmtenmo1g2hepn3mk6vdbqvfh','carries','يحمل',1.28,1788024513111);
INSERT INTO "knowledge_edges" VALUES('cmtenmo2l2huyn3mknzgptpxw','cmtenmo1g2heyn3mktxr1ybng','cmtenmo1i2hign3mkvj5wzcj8','contains','تضم',1.4,1788024513111);
INSERT INTO "knowledge_edges" VALUES('cmtenmo2l2huzn3mkky7v66yl','cmtenmo1i2hign3mkvj5wzcj8','cmtenmo1g2hepn3mk6vdbqvfh','carries','يحمل',1.252,1788024513111);
INSERT INTO "knowledge_edges" VALUES('cmtenmo2l2hv0n3mkozctrn1v','cmtenmo1g2heyn3mktxr1ybng','cmtenmo1i2hihn3mkrsp50haw','contains','تضم',1.4,1788024513111);
INSERT INTO "knowledge_edges" VALUES('cmtenmo2l2hv1n3mkqwmddd9c','cmtenmo1i2hihn3mkrsp50haw','cmtenmo1g2hepn3mk6vdbqvfh','carries','يحمل',1.468,1788024513111);
INSERT INTO "knowledge_edges" VALUES('cmtenmo2l2hv2n3mkboxda8td','cmtenmo1g2heyn3mktxr1ybng','cmtenmo1i2hiin3mk3j40dsdg','contains','تضم',1.4,1788024513111);
INSERT INTO "knowledge_edges" VALUES('cmtenmo2l2hv3n3mk0qrigqvx','cmtenmo1i2hiin3mk3j40dsdg','cmtenmo1g2hepn3mk6vdbqvfh','carries','يحمل',1.27,1788024513111);
INSERT INTO "knowledge_edges" VALUES('cmtenmo2l2hv4n3mk4aicp7cc','cmtenmo1g2hezn3mkoldprrxl','cmtenmo1i2hijn3mkoky1j58s','contains','تضم',1.4,1788024513111);
INSERT INTO "knowledge_edges" VALUES('cmtenmo2l2hv5n3mk0jxdgob7','cmtenmo1i2hijn3mkoky1j58s','cmtenmo1g2hepn3mk6vdbqvfh','carries','يحمل',1.408,1788024513111);
INSERT INTO "knowledge_edges" VALUES('cmtenmo2l2hv6n3mkhdg4t8j5','cmtenmo1g2hezn3mkoldprrxl','cmtenmo1i2hikn3mkz7p3lq57','contains','تضم',1.4,1788024513111);
INSERT INTO "knowledge_edges" VALUES('cmtenmo2l2hv7n3mkpqncbj5h','cmtenmo1i2hikn3mkz7p3lq57','cmtenmo1g2hepn3mk6vdbqvfh','carries','يحمل',1.54,1788024513111);
INSERT INTO "knowledge_edges" VALUES('cmtenmo2l2hv8n3mkblo42l26','cmtenmo1g2hezn3mkoldprrxl','cmtenmo1i2hiln3mkp250aumf','contains','تضم',1.4,1788024513111);
INSERT INTO "knowledge_edges" VALUES('cmtenmo2l2hv9n3mki3qph2yb','cmtenmo1i2hiln3mkp250aumf','cmtenmo1g2hepn3mk6vdbqvfh','carries','يحمل',1.348,1788024513111);
INSERT INTO "knowledge_edges" VALUES('cmtenmo2l2hvan3mkp7b907hu','cmtenmo1g2hezn3mkoldprrxl','cmtenmo1i2himn3mkn9g9avts','contains','تضم',1.4,1788024513111);
INSERT INTO "knowledge_edges" VALUES('cmtenmo2l2hvbn3mknee81v39','cmtenmo1i2himn3mkn9g9avts','cmtenmo1g2hepn3mk6vdbqvfh','carries','يحمل',1.296,1788024513111);
INSERT INTO "knowledge_edges" VALUES('cmtenmo2l2hvcn3mkkugshngs','cmtenmo1g2henn3mkoz3n6acy','cmtenmo1i2himn3mkn9g9avts','constrains','يقيّد',1.6,1788024513111);
INSERT INTO "knowledge_edges" VALUES('cmtenmo2l2hvdn3mk1szsc137','cmtenmo1g2hezn3mkoldprrxl','cmtenmo1j2hinn3mkswlup0j7','contains','تضم',1.4,1788024513111);
INSERT INTO "knowledge_edges" VALUES('cmtenmo2l2hven3mkx5xnwvnb','cmtenmo1j2hinn3mkswlup0j7','cmtenmo1g2hepn3mk6vdbqvfh','carries','يحمل',1.312,1788024513111);
INSERT INTO "knowledge_edges" VALUES('cmtenmo2l2hvfn3mkuj9ck9r8','cmtenmo1g2henn3mkoz3n6acy','cmtenmo1j2hinn3mkswlup0j7','constrains','يقيّد',1.6,1788024513111);
INSERT INTO "knowledge_edges" VALUES('cmtenmo2l2hvgn3mksefg4vrg','cmtenmo1g2hezn3mkoldprrxl','cmtenmo1j2hion3mk788ffhpx','contains','تضم',1.4,1788024513111);
INSERT INTO "knowledge_edges" VALUES('cmtenmo2l2hvhn3mkjg9fytl0','cmtenmo1j2hion3mk788ffhpx','cmtenmo1g2hepn3mk6vdbqvfh','carries','يحمل',1.56,1788024513111);
INSERT INTO "knowledge_edges" VALUES('cmtenmo2l2hvin3mk195y13e5','cmtenmo1g2henn3mkoz3n6acy','cmtenmo1j2hion3mk788ffhpx','constrains','يقيّد',1.6,1788024513111);
INSERT INTO "knowledge_edges" VALUES('cmtenmo2l2hvjn3mkh9pu4u2a','cmtenmo1g2hezn3mkoldprrxl','cmtenmo1j2hipn3mknj1pxs90','contains','تضم',1.4,1788024513111);
INSERT INTO "knowledge_edges" VALUES('cmtenmo2l2hvkn3mktgg1r6o4','cmtenmo1j2hipn3mknj1pxs90','cmtenmo1g2hepn3mk6vdbqvfh','carries','يحمل',1.866,1788024513111);
INSERT INTO "knowledge_edges" VALUES('cmtenmo2l2hvln3mkq78x9oxa','cmtenmo1g2henn3mkoz3n6acy','cmtenmo1j2hipn3mknj1pxs90','constrains','يقيّد',1.6,1788024513111);
INSERT INTO "knowledge_edges" VALUES('cmtenmo2l2hvmn3mk4z2ky7dm','cmtenmo1g2hezn3mkoldprrxl','cmtenmo1j2hiqn3mkwbhznz05','contains','تضم',1.4,1788024513111);
INSERT INTO "knowledge_edges" VALUES('cmtenmo2l2hvnn3mkx6gp67cm','cmtenmo1j2hiqn3mkwbhznz05','cmtenmo1g2hepn3mk6vdbqvfh','carries','يحمل',1.284,1788024513111);
INSERT INTO "knowledge_edges" VALUES('cmtenmo2l2hvon3mkw0v9g1v1','cmtenmo1g2henn3mkoz3n6acy','cmtenmo1j2hiqn3mkwbhznz05','constrains','يقيّد',1.6,1788024513111);
INSERT INTO "knowledge_edges" VALUES('cmtenmo2l2hvpn3mkanrt6p71','cmtenmo1g2hezn3mkoldprrxl','cmtenmo1j2hirn3mk8vbtgjb9','contains','تضم',1.4,1788024513111);
INSERT INTO "knowledge_edges" VALUES('cmtenmo2l2hvqn3mkebcitrzv','cmtenmo1j2hirn3mk8vbtgjb9','cmtenmo1g2hepn3mk6vdbqvfh','carries','يحمل',1.314,1788024513111);
INSERT INTO "knowledge_edges" VALUES('cmtenmo2l2hvrn3mkdbyhzpxp','cmtenmo1g2henn3mkoz3n6acy','cmtenmo1j2hirn3mk8vbtgjb9','constrains','يقيّد',1.6,1788024513111);
INSERT INTO "knowledge_edges" VALUES('cmtenmo2l2hvsn3mkik3nu2k6','cmtenmo1g2hezn3mkoldprrxl','cmtenmo1j2hisn3mkwrhczb4m','contains','تضم',1.4,1788024513111);
INSERT INTO "knowledge_edges" VALUES('cmtenmo2l2hvtn3mki6ounuy9','cmtenmo1j2hisn3mkwrhczb4m','cmtenmo1g2hepn3mk6vdbqvfh','carries','يحمل',1.292,1788024513111);
INSERT INTO "knowledge_edges" VALUES('cmtenmo2l2hvun3mk7rdfwrdl','cmtenmo1g2hezn3mkoldprrxl','cmtenmo1j2hitn3mksj7kb7nh','contains','تضم',1.4,1788024513111);
INSERT INTO "knowledge_edges" VALUES('cmtenmo2l2hvvn3mkgoodcp39','cmtenmo1j2hitn3mksj7kb7nh','cmtenmo1g2hepn3mk6vdbqvfh','carries','يحمل',1.27,1788024513111);
INSERT INTO "knowledge_edges" VALUES('cmtenmo2l2hvwn3mkalv6g28s','cmtenmo1g2hezn3mkoldprrxl','cmtenmo1j2hiun3mkcjny1q8v','contains','تضم',1.4,1788024513111);
INSERT INTO "knowledge_edges" VALUES('cmtenmo2l2hvxn3mkw2hstzt4','cmtenmo1j2hiun3mkcjny1q8v','cmtenmo1g2hepn3mk6vdbqvfh','carries','يحمل',1.526,1788024513111);
INSERT INTO "knowledge_edges" VALUES('cmtenmo2l2hvyn3mknb8cchxq','cmtenmo1g2hezn3mkoldprrxl','cmtenmo1j2hivn3mkrlx0fw6z','contains','تضم',1.4,1788024513111);
INSERT INTO "knowledge_edges" VALUES('cmtenmo2l2hvzn3mkwd54lq1g','cmtenmo1j2hivn3mkrlx0fw6z','cmtenmo1g2hepn3mk6vdbqvfh','carries','يحمل',1.782,1788024513111);
INSERT INTO "knowledge_edges" VALUES('cmtenmo2l2hw0n3mk5pftxzmn','cmtenmo1g2hf0n3mkfsv69k0f','cmtenmo1j2hiwn3mkgd9z1685','contains','تضم',1.4,1788024513111);
INSERT INTO "knowledge_edges" VALUES('cmtenmo2l2hw1n3mkodd7292d','cmtenmo1j2hiwn3mkgd9z1685','cmtenmo1g2hepn3mk6vdbqvfh','carries','يحمل',1.286,1788024513111);
INSERT INTO "knowledge_edges" VALUES('cmtenmo2l2hw2n3mkbjjexq0m','cmtenmo1g2hf0n3mkfsv69k0f','cmtenmo1j2hixn3mkk9emulxk','contains','تضم',1.4,1788024513111);
INSERT INTO "knowledge_edges" VALUES('cmtenmo2l2hw3n3mkh8tpy02h','cmtenmo1j2hixn3mkk9emulxk','cmtenmo1g2hepn3mk6vdbqvfh','carries','يحمل',1.238,1788024513111);
INSERT INTO "knowledge_edges" VALUES('cmtenmo2l2hw4n3mkzliaioqa','cmtenmo1g2hf0n3mkfsv69k0f','cmtenmo1j2hiyn3mknj0wd5sk','contains','تضم',1.4,1788024513111);
INSERT INTO "knowledge_edges" VALUES('cmtenmo2l2hw5n3mko57de69l','cmtenmo1j2hiyn3mknj0wd5sk','cmtenmo1g2hepn3mk6vdbqvfh','carries','يحمل',1.258,1788024513111);
INSERT INTO "knowledge_edges" VALUES('cmtenmo2m2hw6n3mkyhcghqrp','cmtenmo1g2henn3mkoz3n6acy','cmtenmo1j2hiyn3mknj0wd5sk','constrains','يقيّد',1.6,1788024513111);
INSERT INTO "knowledge_edges" VALUES('cmtenmo2m2hw7n3mk216kffkn','cmtenmo1g2hf0n3mkfsv69k0f','cmtenmo1j2hizn3mkbixy44re','contains','تضم',1.4,1788024513111);
INSERT INTO "knowledge_edges" VALUES('cmtenmo2m2hw8n3mkkrrc70vz','cmtenmo1j2hizn3mkbixy44re','cmtenmo1g2hepn3mk6vdbqvfh','carries','يحمل',1.582,1788024513111);
INSERT INTO "knowledge_edges" VALUES('cmtenmo2m2hw9n3mk6ijx9eqj','cmtenmo1g2henn3mkoz3n6acy','cmtenmo1j2hizn3mkbixy44re','constrains','يقيّد',1.6,1788024513111);
INSERT INTO "knowledge_edges" VALUES('cmtenmo2m2hwan3mk1tt9gaew','cmtenmo1g2hf0n3mkfsv69k0f','cmtenmo1j2hj0n3mklq9wncyx','contains','تضم',1.4,1788024513111);
INSERT INTO "knowledge_edges" VALUES('cmtenmo2m2hwbn3mk1xgkmhl4','cmtenmo1j2hj0n3mklq9wncyx','cmtenmo1g2hepn3mk6vdbqvfh','carries','يحمل',1.268,1788024513111);
INSERT INTO "knowledge_edges" VALUES('cmtenmo2m2hwcn3mk2r1od2cm','cmtenmo1g2henn3mkoz3n6acy','cmtenmo1j2hj0n3mklq9wncyx','constrains','يقيّد',1.6,1788024513111);
INSERT INTO "knowledge_edges" VALUES('cmtenmo2m2hwdn3mksq9lzm6n','cmtenmo1g2hf0n3mkfsv69k0f','cmtenmo1j2hj1n3mkk97ur8d3','contains','تضم',1.4,1788024513111);
INSERT INTO "knowledge_edges" VALUES('cmtenmo2m2hwen3mkn2winpb5','cmtenmo1j2hj1n3mkk97ur8d3','cmtenmo1g2hepn3mk6vdbqvfh','carries','يحمل',1.2,1788024513111);
INSERT INTO "knowledge_edges" VALUES('cmtenmo2m2hwfn3mknpce4w77','cmtenmo1g2hf0n3mkfsv69k0f','cmtenmo1j2hj2n3mklkjx4nnj','contains','تضم',1.4,1788024513111);
INSERT INTO "knowledge_edges" VALUES('cmtenmo2m2hwgn3mkd97os2sk','cmtenmo1j2hj2n3mklkjx4nnj','cmtenmo1g2hepn3mk6vdbqvfh','carries','يحمل',1.232,1788024513111);
INSERT INTO "knowledge_edges" VALUES('cmtenmo2m2hwhn3mke2zf5l1o','cmtenmo1g2hf0n3mkfsv69k0f','cmtenmo1j2hj3n3mk9r9i0hvk','contains','تضم',1.4,1788024513111);
INSERT INTO "knowledge_edges" VALUES('cmtenmo2m2hwin3mkzl453hys','cmtenmo1j2hj3n3mk9r9i0hvk','cmtenmo1g2hepn3mk6vdbqvfh','carries','يحمل',1.294,1788024513111);
INSERT INTO "knowledge_edges" VALUES('cmtenmo2m2hwjn3mkr3xrihmd','cmtenmo1g2hf1n3mk0cam2qv2','cmtenmo1j2hj4n3mk7k7j0745','contains','تضم',1.4,1788024513111);
INSERT INTO "knowledge_edges" VALUES('cmtenmo2m2hwkn3mkfzxknh9l','cmtenmo1j2hj4n3mk7k7j0745','cmtenmo1g2hepn3mk6vdbqvfh','carries','يحمل',1.224,1788024513111);
INSERT INTO "knowledge_edges" VALUES('cmtenmo2m2hwln3mkupr6w2yt','cmtenmo1g2hf1n3mk0cam2qv2','cmtenmo1j2hj5n3mkigydslca','contains','تضم',1.4,1788024513111);
INSERT INTO "knowledge_edges" VALUES('cmtenmo2m2hwmn3mk41yvmvof','cmtenmo1j2hj5n3mkigydslca','cmtenmo1g2hepn3mk6vdbqvfh','carries','يحمل',1.212,1788024513111);
INSERT INTO "knowledge_edges" VALUES('cmtenmo2m2hwnn3mkdhguuooz','cmtenmo1g2hf1n3mk0cam2qv2','cmtenmo1j2hj6n3mkxs6a2fvu','contains','تضم',1.4,1788024513111);
INSERT INTO "knowledge_edges" VALUES('cmtenmo2m2hwon3mkappgvev3','cmtenmo1j2hj6n3mkxs6a2fvu','cmtenmo1g2hepn3mk6vdbqvfh','carries','يحمل',1.226,1788024513111);
INSERT INTO "knowledge_edges" VALUES('cmtenmo2m2hwpn3mkf5p3h8fh','cmtenmo1g2henn3mkoz3n6acy','cmtenmo1j2hj6n3mkxs6a2fvu','constrains','يقيّد',1.6,1788024513111);
INSERT INTO "knowledge_edges" VALUES('cmtenmo2m2hwqn3mko033qoti','cmtenmo1g2hf1n3mk0cam2qv2','cmtenmo1j2hj7n3mkxxy4uhnn','contains','تضم',1.4,1788024513111);
INSERT INTO "knowledge_edges" VALUES('cmtenmo2m2hwrn3mkwdtx9dh7','cmtenmo1j2hj7n3mkxxy4uhnn','cmtenmo1g2hepn3mk6vdbqvfh','carries','يحمل',1.246,1788024513111);
INSERT INTO "knowledge_edges" VALUES('cmtenmo2m2hwsn3mk86d1y548','cmtenmo1g2henn3mkoz3n6acy','cmtenmo1j2hj7n3mkxxy4uhnn','constrains','يقيّد',1.6,1788024513111);
INSERT INTO "knowledge_edges" VALUES('cmtenmo2m2hwtn3mk414hxy02','cmtenmo1g2hf1n3mk0cam2qv2','cmtenmo1j2hj8n3mknnt3yjrr','contains','تضم',1.4,1788024513111);
INSERT INTO "knowledge_edges" VALUES('cmtenmo2m2hwun3mka2sj7msu','cmtenmo1j2hj8n3mknnt3yjrr','cmtenmo1g2hepn3mk6vdbqvfh','carries','يحمل',1.256,1788024513111);
INSERT INTO "knowledge_edges" VALUES('cmtenmo2m2hwvn3mk6eztxswc','cmtenmo1g2henn3mkoz3n6acy','cmtenmo1j2hj8n3mknnt3yjrr','constrains','يقيّد',1.6,1788024513111);
INSERT INTO "knowledge_edges" VALUES('cmtenmo2m2hwwn3mki1pjrpgf','cmtenmo1g2hf1n3mk0cam2qv2','cmtenmo1j2hj9n3mkg5wtjdwo','contains','تضم',1.4,1788024513111);
INSERT INTO "knowledge_edges" VALUES('cmtenmo2m2hwxn3mkgrvgpwgv','cmtenmo1j2hj9n3mkg5wtjdwo','cmtenmo1g2hepn3mk6vdbqvfh','carries','يحمل',1.206,1788024513111);
INSERT INTO "knowledge_edges" VALUES('cmtenmo2m2hwyn3mkgri2d8hg','cmtenmo1g2hf1n3mk0cam2qv2','cmtenmo1j2hjan3mkl8m5ui5d','contains','تضم',1.4,1788024513111);
INSERT INTO "knowledge_edges" VALUES('cmtenmo2m2hwzn3mkw0u8fwfb','cmtenmo1j2hjan3mkl8m5ui5d','cmtenmo1g2hepn3mk6vdbqvfh','carries','يحمل',1.202,1788024513111);
INSERT INTO "knowledge_edges" VALUES('cmtenmo2m2hx0n3mknte6zdxy','cmtenmo1g2hf1n3mk0cam2qv2','cmtenmo1j2hjbn3mkfdxno2k8','contains','تضم',1.4,1788024513111);
INSERT INTO "knowledge_edges" VALUES('cmtenmo2m2hx1n3mk0uo20ukx','cmtenmo1j2hjbn3mkfdxno2k8','cmtenmo1g2hepn3mk6vdbqvfh','carries','يحمل',1.204,1788024513111);
INSERT INTO "knowledge_edges" VALUES('cmtenmo2m2hx2n3mksr7ayt58','cmtenmo1g2hf2n3mk2ygl2tht','cmtenmo1j2hjcn3mko6avvpwf','contains','تضم',1.4,1788024513111);
INSERT INTO "knowledge_edges" VALUES('cmtenmo2m2hx3n3mkjdqktyqd','cmtenmo1j2hjcn3mko6avvpwf','cmtenmo1g2hepn3mk6vdbqvfh','carries','يحمل',1.236,1788024513111);
INSERT INTO "knowledge_edges" VALUES('cmtenmo2m2hx4n3mkapxkafng','cmtenmo1g2hf2n3mk2ygl2tht','cmtenmo1j2hjdn3mkqgejfpur','contains','تضم',1.4,1788024513111);
INSERT INTO "knowledge_edges" VALUES('cmtenmo2m2hx5n3mkxlhmwie4','cmtenmo1j2hjdn3mkqgejfpur','cmtenmo1g2hepn3mk6vdbqvfh','carries','يحمل',1.206,1788024513111);
INSERT INTO "knowledge_edges" VALUES('cmtenmo2m2hx6n3mkwervkfx7','cmtenmo1g2hf2n3mk2ygl2tht','cmtenmo1j2hjen3mkjx70cph5','contains','تضم',1.4,1788024513111);
INSERT INTO "knowledge_edges" VALUES('cmtenmo2m2hx7n3mkwalj9ord','cmtenmo1j2hjen3mkjx70cph5','cmtenmo1g2hepn3mk6vdbqvfh','carries','يحمل',1.224,1788024513111);
INSERT INTO "knowledge_edges" VALUES('cmtenmo2m2hx8n3mkdyn0pwuj','cmtenmo1g2henn3mkoz3n6acy','cmtenmo1j2hjen3mkjx70cph5','constrains','يقيّد',1.6,1788024513111);
INSERT INTO "knowledge_edges" VALUES('cmtenmo2m2hx9n3mkjmh3bymv','cmtenmo1g2hf2n3mk2ygl2tht','cmtenmo1j2hjfn3mk78g9bhcq','contains','تضم',1.4,1788024513111);
INSERT INTO "knowledge_edges" VALUES('cmtenmo2m2hxan3mk60xsddmi','cmtenmo1j2hjfn3mk78g9bhcq','cmtenmo1g2hepn3mk6vdbqvfh','carries','يحمل',1.214,1788024513111);
INSERT INTO "knowledge_edges" VALUES('cmtenmo2m2hxbn3mkr4xyin88','cmtenmo1g2henn3mkoz3n6acy','cmtenmo1j2hjfn3mk78g9bhcq','constrains','يقيّد',1.6,1788024513111);
INSERT INTO "knowledge_edges" VALUES('cmtenmo2m2hxcn3mk685npxlf','cmtenmo1g2hf2n3mk2ygl2tht','cmtenmo1j2hjgn3mk180gks4f','contains','تضم',1.4,1788024513111);
INSERT INTO "knowledge_edges" VALUES('cmtenmo2m2hxdn3mk806umd2c','cmtenmo1j2hjgn3mk180gks4f','cmtenmo1g2hepn3mk6vdbqvfh','carries','يحمل',1.196,1788024513111);
INSERT INTO "knowledge_edges" VALUES('cmtenmo2m2hxen3mkrr02r8cc','cmtenmo1g2henn3mkoz3n6acy','cmtenmo1j2hjgn3mk180gks4f','constrains','يقيّد',1.6,1788024513111);
INSERT INTO "knowledge_edges" VALUES('cmtenmo2m2hxfn3mkl1c9u07k','cmtenmo1g2hf2n3mk2ygl2tht','cmtenmo1j2hjhn3mkt1ladj9p','contains','تضم',1.4,1788024513111);
INSERT INTO "knowledge_edges" VALUES('cmtenmo2m2hxgn3mky3rlpho1','cmtenmo1j2hjhn3mkt1ladj9p','cmtenmo1g2hepn3mk6vdbqvfh','carries','يحمل',1.252,1788024513111);
INSERT INTO "knowledge_edges" VALUES('cmtenmo2m2hxhn3mkd8lhctwj','cmtenmo1g2henn3mkoz3n6acy','cmtenmo1j2hjhn3mkt1ladj9p','constrains','يقيّد',1.6,1788024513111);
INSERT INTO "knowledge_edges" VALUES('cmtenmo2m2hxin3mks1shhq1n','cmtenmo1g2hf2n3mk2ygl2tht','cmtenmo1j2hjin3mktkevky47','contains','تضم',1.4,1788024513111);
INSERT INTO "knowledge_edges" VALUES('cmtenmo2m2hxjn3mk9fdp6pci','cmtenmo1j2hjin3mktkevky47','cmtenmo1g2hepn3mk6vdbqvfh','carries','يحمل',1.196,1788024513111);
INSERT INTO "knowledge_edges" VALUES('cmtenmo2m2hxkn3mklndmpu2k','cmtenmo1g2hf2n3mk2ygl2tht','cmtenmo1j2hjjn3mkvybd52vd','contains','تضم',1.4,1788024513111);
INSERT INTO "knowledge_edges" VALUES('cmtenmo2m2hxln3mkhysfe511','cmtenmo1j2hjjn3mkvybd52vd','cmtenmo1g2hepn3mk6vdbqvfh','carries','يحمل',1.206,1788024513111);
INSERT INTO "knowledge_edges" VALUES('cmtenmo2m2hxmn3mk479iwotu','cmtenmo1g2hf2n3mk2ygl2tht','cmtenmo1j2hjkn3mk2dme9wc3','contains','تضم',1.4,1788024513111);
INSERT INTO "knowledge_edges" VALUES('cmtenmo2m2hxnn3mk5krefdtc','cmtenmo1j2hjkn3mk2dme9wc3','cmtenmo1g2hepn3mk6vdbqvfh','carries','يحمل',1.194,1788024513111);
INSERT INTO "knowledge_edges" VALUES('cmtenmo2m2hxon3mkz6x2uk8l','cmtenmo1g2hf3n3mkzftrob1v','cmtenmo1j2hjln3mkmxcyesyw','contains','تضم',1.4,1788024513111);
INSERT INTO "knowledge_edges" VALUES('cmtenmo2m2hxpn3mkzb7nah8a','cmtenmo1j2hjln3mkmxcyesyw','cmtenmo1g2hepn3mk6vdbqvfh','carries','يحمل',1.208,1788024513111);
INSERT INTO "knowledge_edges" VALUES('cmtenmo2m2hxqn3mkk6eqxkft','cmtenmo1g2hf3n3mkzftrob1v','cmtenmo1j2hjmn3mkrja8a5a6','contains','تضم',1.4,1788024513111);
INSERT INTO "knowledge_edges" VALUES('cmtenmo2m2hxrn3mkh53pnjvr','cmtenmo1j2hjmn3mkrja8a5a6','cmtenmo1g2hepn3mk6vdbqvfh','carries','يحمل',1.218,1788024513111);
INSERT INTO "knowledge_edges" VALUES('cmtenmo2m2hxsn3mk99nwj4ch','cmtenmo1g2hf3n3mkzftrob1v','cmtenmo1j2hjnn3mk8r81kiur','contains','تضم',1.4,1788024513111);
INSERT INTO "knowledge_edges" VALUES('cmtenmo2m2hxtn3mkisn075j8','cmtenmo1j2hjnn3mk8r81kiur','cmtenmo1g2hepn3mk6vdbqvfh','carries','يحمل',1.194,1788024513111);
INSERT INTO "knowledge_edges" VALUES('cmtenmo2m2hxun3mkynqjrntc','cmtenmo1g2henn3mkoz3n6acy','cmtenmo1j2hjnn3mk8r81kiur','constrains','يقيّد',1.6,1788024513111);
INSERT INTO "knowledge_edges" VALUES('cmtenmo2m2hxvn3mk0rvf2la9','cmtenmo1g2hf3n3mkzftrob1v','cmtenmo1j2hjon3mkh9ds0w1c','contains','تضم',1.4,1788024513111);
INSERT INTO "knowledge_edges" VALUES('cmtenmo2m2hxwn3mkgblvnci8','cmtenmo1j2hjon3mkh9ds0w1c','cmtenmo1g2hepn3mk6vdbqvfh','carries','يحمل',1.228,1788024513111);
INSERT INTO "knowledge_edges" VALUES('cmtenmo2m2hxxn3mks37b26uk','cmtenmo1g2henn3mkoz3n6acy','cmtenmo1j2hjon3mkh9ds0w1c','constrains','يقيّد',1.6,1788024513111);
INSERT INTO "knowledge_edges" VALUES('cmtenmo2m2hxyn3mky3tvdkt4','cmtenmo1g2hf3n3mkzftrob1v','cmtenmo1j2hjpn3mkeeqt9thg','contains','تضم',1.4,1788024513111);
INSERT INTO "knowledge_edges" VALUES('cmtenmo2m2hxzn3mkkn9ftf96','cmtenmo1j2hjpn3mkeeqt9thg','cmtenmo1g2hepn3mk6vdbqvfh','carries','يحمل',1.226,1788024513111);
INSERT INTO "knowledge_edges" VALUES('cmtenmo2m2hy0n3mkjtukm8ln','cmtenmo1g2henn3mkoz3n6acy','cmtenmo1j2hjpn3mkeeqt9thg','constrains','يقيّد',1.6,1788024513111);
INSERT INTO "knowledge_edges" VALUES('cmtenmo2m2hy1n3mk6r1i52w3','cmtenmo1g2hf3n3mkzftrob1v','cmtenmo1j2hjqn3mkloprl5nu','contains','تضم',1.4,1788024513111);
INSERT INTO "knowledge_edges" VALUES('cmtenmo2m2hy2n3mk6kk7zgx6','cmtenmo1j2hjqn3mkloprl5nu','cmtenmo1g2hepn3mk6vdbqvfh','carries','يحمل',1.172,1788024513111);
INSERT INTO "knowledge_edges" VALUES('cmtenmo2m2hy3n3mkq0th9ykh','cmtenmo1g2hf3n3mkzftrob1v','cmtenmo1j2hjrn3mkuf5nbouj','contains','تضم',1.4,1788024513111);
INSERT INTO "knowledge_edges" VALUES('cmtenmo2m2hy4n3mkb6i4dcx5','cmtenmo1j2hjrn3mkuf5nbouj','cmtenmo1g2hepn3mk6vdbqvfh','carries','يحمل',1.19,1788024513111);
INSERT INTO "knowledge_edges" VALUES('cmtenmo2m2hy5n3mkvz1ozjs1','cmtenmo1g2hf3n3mkzftrob1v','cmtenmo1j2hjsn3mkgk8mifc7','contains','تضم',1.4,1788024513111);
INSERT INTO "knowledge_edges" VALUES('cmtenmo2m2hy6n3mk19g01roh','cmtenmo1j2hjsn3mkgk8mifc7','cmtenmo1g2hepn3mk6vdbqvfh','carries','يحمل',1.198,1788024513111);
INSERT INTO "knowledge_edges" VALUES('cmtenmo2m2hy7n3mkxs37lkik','cmtenmo1g2hf4n3mkajqio9p7','cmtenmo1j2hjtn3mk8uknyzip','contains','تضم',1.4,1788024513111);
INSERT INTO "knowledge_edges" VALUES('cmtenmo2m2hy8n3mky69qnr83','cmtenmo1j2hjtn3mk8uknyzip','cmtenmo1g2hepn3mk6vdbqvfh','carries','يحمل',1.372,1788024513111);
INSERT INTO "knowledge_edges" VALUES('cmtenmo2m2hy9n3mkqvu41w2g','cmtenmo1g2hf4n3mkajqio9p7','cmtenmo1j2hjun3mklg7rtj61','contains','تضم',1.4,1788024513111);
INSERT INTO "knowledge_edges" VALUES('cmtenmo2m2hyan3mkcic2n2gj','cmtenmo1j2hjun3mklg7rtj61','cmtenmo1g2hepn3mk6vdbqvfh','carries','يحمل',1.388,1788024513111);
INSERT INTO "knowledge_edges" VALUES('cmtenmo2m2hybn3mk2i5ezijl','cmtenmo1g2hf4n3mkajqio9p7','cmtenmo1j2hjvn3mkvowyly72','contains','تضم',1.4,1788024513111);
INSERT INTO "knowledge_edges" VALUES('cmtenmo2m2hycn3mkmyucdpu7','cmtenmo1j2hjvn3mkvowyly72','cmtenmo1g2hepn3mk6vdbqvfh','carries','يحمل',1.374,1788024513111);
INSERT INTO "knowledge_edges" VALUES('cmtenmo2m2hydn3mkwhlvz076','cmtenmo1g2henn3mkoz3n6acy','cmtenmo1j2hjvn3mkvowyly72','constrains','يقيّد',1.6,1788024513111);
INSERT INTO "knowledge_edges" VALUES('cmtenmo2m2hyen3mkepcnw4ln','cmtenmo1g2hf4n3mkajqio9p7','cmtenmo1j2hjwn3mkmhdmocxi','contains','تضم',1.4,1788024513111);
INSERT INTO "knowledge_edges" VALUES('cmtenmo2m2hyfn3mk2ab9wgs4','cmtenmo1j2hjwn3mkmhdmocxi','cmtenmo1g2hepn3mk6vdbqvfh','carries','يحمل',1.284,1788024513111);
INSERT INTO "knowledge_edges" VALUES('cmtenmo2m2hygn3mkkkt8t1dt','cmtenmo1g2henn3mkoz3n6acy','cmtenmo1j2hjwn3mkmhdmocxi','constrains','يقيّد',1.6,1788024513111);
INSERT INTO "knowledge_edges" VALUES('cmtenmo2m2hyhn3mko26a5oe5','cmtenmo1g2hf4n3mkajqio9p7','cmtenmo1j2hjxn3mkwje8dsi2','contains','تضم',1.4,1788024513111);
INSERT INTO "knowledge_edges" VALUES('cmtenmo2m2hyin3mk3mdgrug9','cmtenmo1j2hjxn3mkwje8dsi2','cmtenmo1g2hepn3mk6vdbqvfh','carries','يحمل',1.288,1788024513111);
INSERT INTO "knowledge_edges" VALUES('cmtenmo2m2hyjn3mkw5gs93dy','cmtenmo1g2henn3mkoz3n6acy','cmtenmo1j2hjxn3mkwje8dsi2','constrains','يقيّد',1.6,1788024513111);
INSERT INTO "knowledge_edges" VALUES('cmtenmo2m2hykn3mkqwvnmzit','cmtenmo1g2hf4n3mkajqio9p7','cmtenmo1j2hjyn3mkrikf906m','contains','تضم',1.4,1788024513111);
INSERT INTO "knowledge_edges" VALUES('cmtenmo2m2hyln3mkr2z5onkl','cmtenmo1j2hjyn3mkrikf906m','cmtenmo1g2hepn3mk6vdbqvfh','carries','يحمل',1.322,1788024513111);
INSERT INTO "knowledge_edges" VALUES('cmtenmo2m2hymn3mkusunycjp','cmtenmo1g2henn3mkoz3n6acy','cmtenmo1j2hjyn3mkrikf906m','constrains','يقيّد',1.6,1788024513111);
INSERT INTO "knowledge_edges" VALUES('cmtenmo2m2hynn3mk65gee61i','cmtenmo1g2hf4n3mkajqio9p7','cmtenmo1j2hjzn3mkbszwovwb','contains','تضم',1.4,1788024513111);
INSERT INTO "knowledge_edges" VALUES('cmtenmo2m2hyon3mkg7nufay1','cmtenmo1j2hjzn3mkbszwovwb','cmtenmo1g2hepn3mk6vdbqvfh','carries','يحمل',1.37,1788024513111);
INSERT INTO "knowledge_edges" VALUES('cmtenmo2m2hypn3mkzz8exn5e','cmtenmo1g2henn3mkoz3n6acy','cmtenmo1j2hjzn3mkbszwovwb','constrains','يقيّد',1.6,1788024513111);
INSERT INTO "knowledge_edges" VALUES('cmtenmo2m2hyqn3mk7kj6d8bz','cmtenmo1g2hf4n3mkajqio9p7','cmtenmo1j2hk0n3mki16bfi3n','contains','تضم',1.4,1788024513111);
INSERT INTO "knowledge_edges" VALUES('cmtenmo2m2hyrn3mkxycgj70q','cmtenmo1j2hk0n3mki16bfi3n','cmtenmo1g2hepn3mk6vdbqvfh','carries','يحمل',1.826,1788024513111);
INSERT INTO "knowledge_edges" VALUES('cmtenmo2m2hysn3mk78i7vmh9','cmtenmo1g2henn3mkoz3n6acy','cmtenmo1j2hk0n3mki16bfi3n','constrains','يقيّد',1.6,1788024513111);
INSERT INTO "knowledge_edges" VALUES('cmtenmo2m2hytn3mkaffeciiw','cmtenmo1g2hf4n3mkajqio9p7','cmtenmo1j2hk1n3mkn7d3t45r','contains','تضم',1.4,1788024513111);
INSERT INTO "knowledge_edges" VALUES('cmtenmo2m2hyun3mkkctu717e','cmtenmo1j2hk1n3mkn7d3t45r','cmtenmo1g2hepn3mk6vdbqvfh','carries','يحمل',1.308,1788024513111);
INSERT INTO "knowledge_edges" VALUES('cmtenmo2m2hyvn3mk05zp22dm','cmtenmo1g2hf4n3mkajqio9p7','cmtenmo1j2hk2n3mkb8lmm5rk','contains','تضم',1.4,1788024513111);
INSERT INTO "knowledge_edges" VALUES('cmtenmo2m2hywn3mkjbvqcitm','cmtenmo1j2hk2n3mkb8lmm5rk','cmtenmo1g2hepn3mk6vdbqvfh','carries','يحمل',1.266,1788024513111);
INSERT INTO "knowledge_edges" VALUES('cmtenmo2m2hyxn3mk06oh5225','cmtenmo1g2hf4n3mkajqio9p7','cmtenmo1j2hk3n3mknp9ttu4k','contains','تضم',1.4,1788024513111);
INSERT INTO "knowledge_edges" VALUES('cmtenmo2n2hyyn3mkqbqckf19','cmtenmo1j2hk3n3mknp9ttu4k','cmtenmo1g2hepn3mk6vdbqvfh','carries','يحمل',1.382,1788024513111);
INSERT INTO "knowledge_edges" VALUES('cmtenmo2n2hyzn3mkzlvluk2x','cmtenmo1j2hk4n3mkp15uznzb','cmtenmo1g2hepn3mk6vdbqvfh','signature of','بصمة لـ',2.0,1788024513111);
INSERT INTO "knowledge_edges" VALUES('cmtenmo2n2hz0n3mkqhg3spos','cmtenmo1j2hk5n3mkqjradn2x','cmtenmo1g2hepn3mk6vdbqvfh','signature of','بصمة لـ',2.0,1788024513111);
INSERT INTO "knowledge_edges" VALUES('cmtenmo2n2hz1n3mk6b25b246','cmtenmo1j2hk6n3mkjwi569ga','cmtenmo1g2hepn3mk6vdbqvfh','signature of','بصمة لـ',2.0,1788024513111);
INSERT INTO "knowledge_edges" VALUES('cmtenmo2n2hz2n3mkbb90tcrt','cmtenmo1j2hk7n3mkvyvnsewc','cmtenmo1g2hepn3mk6vdbqvfh','signature of','بصمة لـ',2.0,1788024513111);
INSERT INTO "knowledge_edges" VALUES('cmtenmo2n2hz3n3mk1agbu2u4','cmtenmo1j2hk8n3mk2t87dhy9','cmtenmo1g2hepn3mk6vdbqvfh','signature of','بصمة لـ',2.0,1788024513111);
INSERT INTO "knowledge_edges" VALUES('cmtenmo2n2hz4n3mknfuns441','cmtenmo1j2hk9n3mkxju3taex','cmtenmo1g2hepn3mk6vdbqvfh','signature of','بصمة لـ',2.0,1788024513111);
INSERT INTO "knowledge_edges" VALUES('cmtenmo2n2hz5n3mk9cjgjpwm','cmtenmo1j2hkan3mkr9ojnt78','cmtenmo1g2hepn3mk6vdbqvfh','signature of','بصمة لـ',2.0,1788024513111);
INSERT INTO "knowledge_edges" VALUES('cmtenmo2n2hz6n3mksjacj02q','cmtenmo1k2hkbn3mkukwi0ck7','cmtenmo1g2hepn3mk6vdbqvfh','signature of','بصمة لـ',2.0,1788024513111);
INSERT INTO "knowledge_edges" VALUES('cmtenmo2n2hz7n3mk4lutzo4x','cmtenmo1k2hkcn3mkbi8smfom','cmtenmo1g2hepn3mk6vdbqvfh','signature of','بصمة لـ',2.0,1788024513111);
INSERT INTO "knowledge_edges" VALUES('cmtenmo2n2hz8n3mkcmw5x50j','cmtenmo1k2hkdn3mkfenrdp56','cmtenmo1g2hepn3mk6vdbqvfh','signature of','بصمة لـ',2.0,1788024513111);
INSERT INTO "knowledge_edges" VALUES('cmtenmo2n2hz9n3mkzullcqcm','cmtenmo1k2hken3mkkz3u4i51','cmtenmo1g2hepn3mk6vdbqvfh','signature of','بصمة لـ',2.0,1788024513111);
INSERT INTO "knowledge_edges" VALUES('cmtenmo2n2hzan3mkxzoo7bxu','cmtenmo1k2hkfn3mko5sz0pm9','cmtenmo1g2hepn3mk6vdbqvfh','signature of','بصمة لـ',2.0,1788024513111);
INSERT INTO "knowledge_edges" VALUES('cmtenmo2n2hzbn3mkiesiorzo','cmtenmo1k2hkgn3mk933d4ljr','cmtenmo1g2hepn3mk6vdbqvfh','signature of','بصمة لـ',2.0,1788024513111);
INSERT INTO "knowledge_edges" VALUES('cmtenmo2n2hzcn3mkjoqsb1vr','cmtenmo1k2hkhn3mk8qqekg6g','cmtenmo1g2hepn3mk6vdbqvfh','signature of','بصمة لـ',2.0,1788024513111);
INSERT INTO "knowledge_edges" VALUES('cmtenmo2n2hzdn3mk93h5sr1b','cmtenmo1k2hkin3mkbivpm84f','cmtenmo1g2hf4n3mkajqio9p7','occurred in','وقع في',1.6,1788024513111);
INSERT INTO "knowledge_edges" VALUES('cmtenmo2n2hzen3mkkn5ctyjo','cmtenmo1k2hkjn3mkht5mfbs3','cmtenmo1g2hexn3mkbdsbqkyu','occurred in','وقع في',1.6,1788024513111);
INSERT INTO "knowledge_edges" VALUES('cmtenmo2n2hzfn3mkg05xhka5','cmtenmo1g2hfgn3mkc9bmslis','cmtenmo1k2hkkn3mk9b0azq46','experienced','تعرّض لـ',2.0,1788024513111);
INSERT INTO "knowledge_edges" VALUES('cmtenmo2n2hzgn3mkdz3r0wsc','cmtenmo1k2hkkn3mk9b0azq46','cmtenmo1g2hevn3mka3y05xhy','occurred in','وقع في',1.6,1788024513111);
INSERT INTO "knowledge_edges" VALUES('cmtenmo2n2hzhn3mk058hrkai','cmtenmo1k2hkln3mk3nm6ztsx','cmtenmo1g2hewn3mkeo6t9mxr','occurred in','وقع في',1.6,1788024513111);
INSERT INTO "knowledge_edges" VALUES('cmtenmo2n2hzin3mkglydpvvq','cmtenmo1k2hkmn3mkfvvm4sbf','cmtenmo1g2hezn3mkoldprrxl','occurred in','وقع في',1.6,1788024513111);
INSERT INTO "knowledge_edges" VALUES('cmtenmo2n2hzjn3mku4aazmkw','cmtenmo1g2hf5n3mkzi0zat6v','cmtenmo1k2hknn3mkekdqbok1','experienced','تعرّض لـ',2.0,1788024513111);
INSERT INTO "knowledge_edges" VALUES('cmtenmo2n2hzkn3mk3v4ksyem','cmtenmo1k2hkon3mkecq9icx6','cmtenmo1g2hf4n3mkajqio9p7','occurred in','وقع في',1.6,1788024513111);
INSERT INTO "knowledge_edges" VALUES('cmtenmo2n2hzln3mkgicsbg01','cmtenmo1k2hkpn3mk5ftqjibt','cmtenmo1g2hexn3mkbdsbqkyu','occurred in','وقع في',1.6,1788024513111);
INSERT INTO "knowledge_edges" VALUES('cmtenmo2n2hzmn3mk2wcnwp1q','cmtenmo1g2hf5n3mkzi0zat6v','cmtenmo1k2hkqn3mkm95p32q9','raised','أطلق',1.6,1788024513111);
INSERT INTO "knowledge_edges" VALUES('cmtenmo2n2hznn3mkcvy55ymu','cmtenmo1i2hhrn3mkfqtcdk2a','cmtenmo1k2hkrn3mko9cvc7ns','raised','أطلق',1.6,1788024513111);
INSERT INTO "knowledge_edges" VALUES('cmtenmo2n2hzon3mksnq15k17','cmtenmo1h2hg0n3mkyrvfk519','cmtenmo1k2hksn3mkozx3lk7v','raised','أطلق',1.6,1788024513111);
INSERT INTO "knowledge_edges" VALUES('cmtenmo2n2hzpn3mk7xdiuy77','cmtenmo1h2hfpn3mkoofdhvls','cmtenmo1k2hktn3mktd668hfz','raised','أطلق',1.6,1788024513111);
INSERT INTO "knowledge_edges" VALUES('cmtenmo2n2hzqn3mkpctl79nu','cmtenmo1h2hfkn3mk40788e7l','cmtenmo1k2hkun3mkepnfgbqd','raised','أطلق',1.6,1788024513111);
INSERT INTO "knowledge_edges" VALUES('cmtenmo2n2hzrn3mksmg2gvd9','cmtenmo1h2hfxn3mk61j6tjue','cmtenmo1k2hkvn3mko962lnfp','raised','أطلق',1.6,1788024513111);
INSERT INTO "knowledge_edges" VALUES('cmtenmo2n2hzsn3mk0di99j90','cmtenmo1j2hk0n3mki16bfi3n','cmtenmo1k2hkwn3mk6mhnfn8e','raised','أطلق',1.6,1788024513111);
INSERT INTO "knowledge_edges" VALUES('cmtenmo2n2hztn3mkcdel50is','cmtenmo1g2hf6n3mk45lin00p','cmtenmo1k2hkxn3mk0ifdcayk','raised','أطلق',1.6,1788024513111);
INSERT INTO "knowledge_edges" VALUES('cmtenmo2n2hzun3mkn8me3nkj','cmtenmo1g2hf7n3mk0s22928u','cmtenmo1k2hkyn3mk1opuylyb','raised','أطلق',1.6,1788024513111);
INSERT INTO "knowledge_edges" VALUES('cmtenmo2n2hzvn3mk2dsvn32w','cmtenmo1g2hf8n3mkx2ifrozu','cmtenmo1k2hkzn3mk26vzgkqy','raised','أطلق',1.6,1788024513111);
INSERT INTO "knowledge_edges" VALUES('cmtenmo2n2hzwn3mkyyo4z18u','cmtenmo1g2hf9n3mkuwa2gf1q','cmtenmo1k2hl0n3mk9yhw2334','raised','أطلق',1.6,1788024513111);
INSERT INTO "knowledge_edges" VALUES('cmtenmo2n2hzxn3mk3faqd0x4','cmtenmo1g2hfan3mkd87qxgf5','cmtenmo1k2hl1n3mkk8dds7vb','raised','أطلق',1.6,1788024513111);
INSERT INTO "knowledge_edges" VALUES('cmtenmo2n2hzyn3mkn4vnxaku','cmtenmo1i2hhsn3mkya6w9bf7','cmtenmo1k2hl2n3mkkntz1qh0','predicted for','تنبؤ لـ',1.8,1788024513111);
INSERT INTO "knowledge_edges" VALUES('cmtenmo2n2hzzn3mkzo3xe4g7','cmtenmo1h2hg0n3mkyrvfk519','cmtenmo1k2hl5n3mkeywu4ore','predicted for','تنبؤ لـ',1.8,1788024513111);
INSERT INTO "knowledge_edges" VALUES('cmtenmo2n2i00n3mkk2odef56','cmtenmo1i2hhrn3mkfqtcdk2a','cmtenmo1k2hl8n3mkpvofaltn','predicted for','تنبؤ لـ',1.8,1788024513111);
INSERT INTO "knowledge_edges" VALUES('cmtenmo2n2i01n3mk8wgmciai','cmtenmo1j2hipn3mknj1pxs90','cmtenmo1k2hl9n3mkor8dtg5l','predicted for','تنبؤ لـ',1.8,1788024513111);
INSERT INTO "knowledge_edges" VALUES('cmtenmo2n2i02n3mk7ekl1dam','cmtenmo1h2hfpn3mkoofdhvls','cmtenmo1k2hlan3mkhrev74tq','predicted for','تنبؤ لـ',1.8,1788024513111);
INSERT INTO "knowledge_edges" VALUES('cmtenmo2n2i03n3mkk7zrs5i0','cmtenmo1i2hhin3mkn8ax0aum','cmtenmo1k2hlbn3mkz5h3u55p','predicted for','تنبؤ لـ',1.8,1788024513111);
INSERT INTO "knowledge_edges" VALUES('cmtenmo2n2i04n3mkncslu285','cmtenmo1h2hfjn3mkj3jq1q8s','cmtenmo1k2hlcn3mkqrtwudnr','predicted for','تنبؤ لـ',1.8,1788024513111);
INSERT INTO "knowledge_edges" VALUES('cmtenmo2n2i05n3mk3nu5cdsn','cmtenmo1i2hi8n3mkth7hhr5g','cmtenmo1k2hldn3mkkrizkkl9','predicted for','تنبؤ لـ',1.8,1788024513111);
INSERT INTO "knowledge_edges" VALUES('cmtenmo2n2i06n3mkicrbgoog','cmtenmo1h2hg0n3mkyrvfk519','cmtenmo1k2hlen3mkwl26x1ec','predicted for','تنبؤ لـ',1.8,1788024513111);
INSERT INTO "knowledge_edges" VALUES('cmtenmo2n2i07n3mkwh35a800','cmtenmo1i2hhhn3mkc0er3285','cmtenmo1k2hlfn3mk8tzdeger','predicted for','تنبؤ لـ',1.8,1788024513111);
INSERT INTO "knowledge_edges" VALUES('cmtenmo2n2i08n3mk7b816y6p','cmtenmo1j2hivn3mkrlx0fw6z','cmtenmo1k2hlgn3mke772mpub','predicted for','تنبؤ لـ',1.8,1788024513111);
INSERT INTO "knowledge_edges" VALUES('cmtenmo2n2i09n3mk5wjdh4q6','cmtenmo1j2hizn3mkbixy44re','cmtenmo1k2hlhn3mk9cvymhqp','predicted for','تنبؤ لـ',1.8,1788024513111);
INSERT INTO "knowledge_edges" VALUES('cmtenmo2n2i0an3mke22u4645','cmtenmo1i2hhkn3mk2qgvy0y3','cmtenmo1k2hlin3mkh66d7h2s','predicted for','تنبؤ لـ',1.8,1788024513111);
INSERT INTO "knowledge_edges" VALUES('cmtenmo2n2i0bn3mke1jfmkrq','cmtenmo1h2hfxn3mk61j6tjue','cmtenmo1k2hljn3mk8crxbdha','predicted for','تنبؤ لـ',1.8,1788024513111);
INSERT INTO "knowledge_edges" VALUES('cmtenmo2n2i0cn3mkd8atnwb4','cmtenmo1h2hfkn3mk40788e7l','cmtenmo1k2hlkn3mk84c3ar6q','predicted for','تنبؤ لـ',1.8,1788024513111);
INSERT INTO "knowledge_edges" VALUES('cmtenmo2n2i0dn3mk36yvss3x','cmtenmo1j2hk0n3mki16bfi3n','cmtenmo1k2hlln3mkt26hpjk0','predicted for','تنبؤ لـ',1.8,1788024513111);
