CREATE TABLE "sessions" (
    "id" TEXT NOT NULL PRIMARY KEY,
    "userId" TEXT NOT NULL,
    "tokenId" TEXT NOT NULL,
    "ip" TEXT,
    "userAgent" TEXT,
    "createdAt" DATETIME NOT NULL DEFAULT CURRENT_TIMESTAMP,
    "expiresAt" DATETIME NOT NULL,
    "revokedAt" DATETIME,
    CONSTRAINT "sessions_userId_fkey" FOREIGN KEY ("userId") REFERENCES "users" ("id") ON DELETE CASCADE ON UPDATE CASCADE
);
INSERT INTO "sessions" VALUES('cmteo6wmd0001n3u0l70oe305','cmtenmb4300arn3mkv2i7qzxq','247d38955cc8211ee1343d98a4c01b60752e24eed8c01f6575c0d1ea52def1dd','::ffff:127.0.0.1','Python-urllib/3.11',1788025457317,1788054257312,NULL);
INSERT INTO "sessions" VALUES('cmteo6y7n001sn3u0hle0ke32','cmtenmb9000b9n3mk55bze2ty','024a3027f0b297737fc0801ec9641abf85c90cfd05287dc8274f3660d9988796','::ffff:127.0.0.1','Python-urllib/3.11',1788025459379,1788054259378,NULL);
INSERT INTO "sessions" VALUES('cmteo8tat002fn3u0ezd0zehv','cmtenmb4300arn3mkv2i7qzxq','b4c0fb69bd1b0a33799060edddee614407dbe07267412c678bf7917cfb0c66e3','::ffff:127.0.0.1','Python-urllib/3.11',1788025546325,1788054346324,NULL);
INSERT INTO "sessions" VALUES('cmteo8v0b005cn3u00g8ddky0','cmtenmb9000b9n3mk55bze2ty','ee828f37326f530097624708054c20f39c59f4e782a415ecce2c067fb7f07539','::ffff:127.0.0.1','Python-urllib/3.11',1788025548540,1788054348538,NULL);
INSERT INTO "sessions" VALUES('cmteo975q005sn3u0oqbpzb5p','cmtenmb4300arn3mkv2i7qzxq','bd7b77ea2078e33fe199d9f87d2d6239f7495bcd98ef81f1bd4c35cd3a44da61','::ffff:127.0.0.1','Python-urllib/3.11',1788025564286,1788054364284,NULL);
INSERT INTO "sessions" VALUES('cmteo98vu008pn3u0id7f8zgk','cmtenmb9000b9n3mk55bze2ty','d15543556af11393ebb91d0a6aaf47dc6034e72a1b614398a8ef6232cc84ae7f','::ffff:127.0.0.1','Python-urllib/3.11',1788025566523,1788054366521,NULL);
INSERT INTO "sessions" VALUES('cmteo9gpr0099n3u0orizd2g4','cmtenmb7c00axn3mkffhdg12i','0686f78aa2870ca8c154ec98ebeeed017c2cb442e5ea46a3f3a6fcfa2fb2b07d','::ffff:127.0.0.1','Python-urllib/3.11',1788025576671,1788054376670,1788025585163);
INSERT INTO "sessions" VALUES('cmteo9irx009hn3u0jwcaw2fy','cmtenmb4300arn3mkv2i7qzxq','f11373249bbbcf223ad80c81add26f643ea6406543e6a14a2603ea46ce17990a','::ffff:127.0.0.1','Python-urllib/3.11',1788025579341,1788054379340,NULL);
INSERT INTO "sessions" VALUES('cmteo9jb3009ln3u0k5hzj0xj','cmtenmb9000b9n3mk55bze2ty','8f3b9178b6825aef9e8ce88c141472ae4c0eab08f5e9ae3a59b24ffb7db27ed4','::ffff:127.0.0.1','Python-urllib/3.11',1788025580031,1788054380030,NULL);
INSERT INTO "sessions" VALUES('cmteo9rz100brn3u0daomy5jx','cmtenmb7c00axn3mkffhdg12i','183d30d723063fc30a3c0512bbe4001ce7eeb20e5d6c47a6b48f33a9572bacc1','::ffff:127.0.0.1','Python-urllib/3.11',1788025591261,1788054391259,NULL);
INSERT INTO "sessions" VALUES('cmteo9too00e0n3u052c8cjr0','cmtenmb9000b9n3mk55bze2ty','53195690f714fe5c2da80ea9e14b5f799e3b825ea68d55a5e2b7671a2437ae5c','::ffff:127.0.0.1','Python-urllib/3.11',1788025593480,1788054393479,NULL);
INSERT INTO "sessions" VALUES('cmteoaglt00eon3u0zi2yglll','cmtenmb4300arn3mkv2i7qzxq','8cc1fc1d811b972e6f2b7e089f458305624bed9437c70b6e8679a02deda92f0d','::ffff:127.0.0.1','Python-urllib/3.11',1788025623186,1788054423184,NULL);
INSERT INTO "sessions" VALUES('cmteoagrp00esn3u0u0vyn9n8','cmtenmb9000b9n3mk55bze2ty','4a900a6ffbd342222ca3eafcf5b9ccd62834cea16b5ceae1e245dfe7bdf75048','::ffff:127.0.0.1','Python-urllib/3.11',1788025623398,1788054423396,NULL);
INSERT INTO "sessions" VALUES('cmteokvoe0001n3x088ux15np','cmtenmb4300arn3mkv2i7qzxq','a32e0a5a0876beda12b981bf6b51e2e10117a84e9809b58d33098ee7bcccde81','::ffff:127.0.0.1','Python-urllib/3.11',1788026109278,1788054909273,NULL);
INSERT INTO "sessions" VALUES('cmteol34n0005n3x05tlcwvbh','cmtenmb4300arn3mkv2i7qzxq','dd1845656a842b125074bef3c247a9da7a61a1c377a50ff15ea6cd1b09750208','::ffff:127.0.0.1','Python-urllib/3.11',1788026118936,1788054918934,NULL);
INSERT INTO "sessions" VALUES('cmteol4v00032n3x00ak8eigx','cmtenmb9000b9n3mk55bze2ty','63a53e3aa52f52242f2f52171f6f3cc7c06d6337c93bd781f7b3b81078903af4','::ffff:127.0.0.1','Python-urllib/3.11',1788026121181,1788054921179,NULL);
INSERT INTO "sessions" VALUES('cmteol5wp003pn3x02d35cdax','cmtenmb7c00axn3mkffhdg12i','94a07f6b4deb4b54785748b98cd1062573e04447bb6eba3e555b4bb6342be68d','::ffff:127.0.0.1','Python-urllib/3.11',1788026122537,1788054922536,1788026131546);
INSERT INTO "sessions" VALUES('cmteol7wd003xn3x0bm0f3a8j','cmtenmb4300arn3mkv2i7qzxq','e66efba7d4682266046c9267095115f788b1b820f4357609deb5ebb931cde453','::ffff:127.0.0.1','Python-urllib/3.11',1788026125117,1788054925116,NULL);
INSERT INTO "sessions" VALUES('cmteol8fy0041n3x0rj4c7238','cmtenmb9000b9n3mk55bze2ty','f31818e78d94da1edc361f76115a30601ef683114c7aafe20d14a7c8deb16f75','::ffff:127.0.0.1','Python-urllib/3.11',1788026125823,1788054925821,NULL);
INSERT INTO "sessions" VALUES('cmteoldbk0068n3x0rhha8z6z','cmtenmb7c00axn3mkffhdg12i','cc7882480289e1ba167f5cb1e23112aedd4866993155f1b38f056e21da81f493','::ffff:127.0.0.1','Python-urllib/3.11',1788026132145,1788054932143,NULL);
INSERT INTO "sessions" VALUES('cmteolf1r007vn3x0so4f2763','cmtenmb9000b9n3mk55bze2ty','1234e357331fa22abb5af9db996f445b2bd879f73ef54da36122386de95a4f8a','::ffff:127.0.0.1','Python-urllib/3.11',1788026134384,1788054934382,NULL);
INSERT INTO "sessions" VALUES('cmteolfuc008jn3x0tzv13rid','cmtenmb4300arn3mkv2i7qzxq','515f0c65067be865caeddffd04a129f6bf8eec217fef05b931fa770a1519e5e9','::ffff:127.0.0.1','Python-urllib/3.11',1788026135412,1788054935411,NULL);
INSERT INTO "sessions" VALUES('cmteolg20008nn3x03b1z1sxk','cmtenmb9000b9n3mk55bze2ty','247d1d127b7c0f90f90660375b3a0d5b8163a94ff6d0726a4d0e888026b5afdb','::ffff:127.0.0.1','Python-urllib/3.11',1788026135688,1788054935686,NULL);
INSERT INTO "sessions" VALUES('cmtev0xpv0001n32kc2w69o23','cmtenmb4300arn3mkv2i7qzxq','7ac7cab60af75a75f30385e2e21badd08e3b77d3766302b748a0183878269c4c','::ffff:127.0.0.1','Python-urllib/3.11',1788036936115,1788065736080,NULL);
INSERT INTO "sessions" VALUES('cmtev10tf000fn32k71ukqtm1','cmtenmb9000b9n3mk55bze2ty','12039eed19b5e7441c5ba7a585eb8ff3e79e0de23920fc991823694f45723df9','::ffff:127.0.0.1','Python-urllib/3.11',1788036940131,1788065740129,NULL);
INSERT INTO "sessions" VALUES('cmtev61sk0001n3i8jnf8q5l5','cmtenmb4300arn3mkv2i7qzxq','1f2c3900d2b15d4905bb9386fdfb00f24ef0a425da77153ae3e8a4dbfa9b6566','::ffff:127.0.0.1','Python-urllib/3.11',1788037174676,1788065974671,NULL);
INSERT INTO "sessions" VALUES('cmtev64rv000fn3i86ra4hb5l','cmtenmb9000b9n3mk55bze2ty','cd8bc1eace6ed0fb8df6592cef279eae73321ad731a637bdb9a93e6bfb4b75a1','::ffff:127.0.0.1','Python-urllib/3.11',1788037178540,1788065978538,NULL);
INSERT INTO "sessions" VALUES('cmtev9jzw0001n3mgu8kxxne9','cmtenmb4300arn3mkv2i7qzxq','5b557b19de9842160b61206a356197bb204bee09eacd86945c883409b45af092','::ffff:127.0.0.1','Python-urllib/3.11',1788037338236,1788066138231,NULL);
INSERT INTO "sessions" VALUES('cmtev9n0z000fn3mgkrvglt8v','cmtenmb9000b9n3mk55bze2ty','1e73a822bf5e8b5a1afd72f1f6f538b17d82c32abcef8d409c12c90161a9c328','::ffff:127.0.0.1','Python-urllib/3.11',1788037342163,1788066142162,NULL);
INSERT INTO "sessions" VALUES('cmtev9tcc000nn3mgxun8012o','cmtenmb4300arn3mkv2i7qzxq','2d1b2b43ed42c03296dabdb7fdfa960619c1ca6bd667b6286f85a8cd4da868df','::ffff:127.0.0.1','Python-urllib/3.11',1788037350348,1788066150347,NULL);
INSERT INTO "sessions" VALUES('cmtev9vz00011n3mg52npjfqo','cmtenmb9000b9n3mk55bze2ty','95931957a89197a8d19ab8c7b84531a7a357e7124d23858a86f0b46e1438be5c','::ffff:127.0.0.1','Python-urllib/3.11',1788037353756,1788066153755,NULL);
INSERT INTO "sessions" VALUES('cmtevel7y0001n3f8anqob78q','cmtenmb4300arn3mkv2i7qzxq','b2cbf152bbea54154e9c14035f22a9c61120348a25af2a52d77af4b2a265aecb','::ffff:127.0.0.1','Python-urllib/3.11',1788037573102,1788066373096,NULL);
INSERT INTO "sessions" VALUES('cmteveo7w000fn3f8vko94pm8','cmtenmb9000b9n3mk55bze2ty','06c5d1457c226ad90558e5ea685e545f042c15ecb755daab886cb439c998f3df','::ffff:127.0.0.1','Python-urllib/3.11',1788037576989,1788066376987,NULL);
INSERT INTO "sessions" VALUES('cmtevj3rf0001n30wnbi4mr93','cmtenmb4300arn3mkv2i7qzxq','6e62151eb652a2e7585d26afabf2bf44eb75fcd6603f4a3e2b14f3478c21b427','::ffff:127.0.0.1','Python-urllib/3.11',1788037783755,1788066583745,NULL);
INSERT INTO "sessions" VALUES('cmtevj9a5000fn30wwov4fd9w','cmtenmb9000b9n3mk55bze2ty','17d15cdbe75ed93661fa9da8e9bb10f3c36786f4402826a1a4aa5bcabd07657c','::ffff:127.0.0.1','Python-urllib/3.11',1788037790910,1788066590907,NULL);
INSERT INTO "sessions" VALUES('cmtevjh5r000nn30wcod5bvgu','cmtenmb4300arn3mkv2i7qzxq','5089f3ffca5a158ae70506988aabe01fb17d963ffa350392f5d1c969853c97da','::ffff:127.0.0.1','Python-urllib/3.11',1788037801119,1788066601116,NULL);
INSERT INTO "sessions" VALUES('cmtevjimv0036n30wts2q6szl','cmtenmb9000b9n3mk55bze2ty','b1a69c53d88c576e8e2b5ed8b42f0eadc6b50f5ce1132be9b023eac30e0acd3c','::ffff:127.0.0.1','Python-urllib/3.11',1788037803031,1788066603028,NULL);
INSERT INTO "sessions" VALUES('cmtevjjji003tn30wpa67aqvm','cmtenmb7c00axn3mkffhdg12i','e74b8ab4952519e10c98872a5e0b133fec17b07139765ef4481ebcc30cc5bdc7','::ffff:127.0.0.1','Python-urllib/3.11',1788037804206,1788066604203,1788037813907);
INSERT INTO "sessions" VALUES('cmtevjlqi0041n30w5rc74hvy','cmtenmb4300arn3mkv2i7qzxq','da2abff959cdea972593a60b421470353445748bd2fff4e6544af44f36d3475d','::ffff:127.0.0.1','Python-urllib/3.11',1788037807051,1788066607048,NULL);
INSERT INTO "sessions" VALUES('cmtevjmd70045n30wojss6s47','cmtenmb9000b9n3mk55bze2ty','2a74dca1525bb204cb69e15646f3b296c3564ed238666bec6458ec6a04027459','::ffff:127.0.0.1','Python-urllib/3.11',1788037807868,1788066607865,NULL);
INSERT INTO "sessions" VALUES('cmtevjrjd006cn30wt83wxg9o','cmtenmb7c00axn3mkffhdg12i','f905917a0204a201102b8418056726f867a2bcde1a046255e7aceb98e9c03095','::ffff:127.0.0.1','Python-urllib/3.11',1788037814569,1788066614567,NULL);
INSERT INTO "sessions" VALUES('cmtevjt0d007zn30wy7h0b5a0','cmtenmb9000b9n3mk55bze2ty','d89154a616918dac45c274e28c1dccf6f8f9404f3769a2afbb9557f137083205','::ffff:127.0.0.1','Python-urllib/3.11',1788037816477,1788066616475,NULL);
INSERT INTO "sessions" VALUES('cmtevjtu6008nn30w2kap0o6w','cmtenmb4300arn3mkv2i7qzxq','c26391823c67ad11c12d35f158f9453f90a130f066a4d7f72ff13707636504e7','::ffff:127.0.0.1','Python-urllib/3.11',1788037817551,1788066617548,NULL);
INSERT INTO "sessions" VALUES('cmtevke2w008rn30w1wlnnoi5','cmtenmb7c00axn3mkffhdg12i','5123ca41f9234c3dbf82f2571cd43371532da40d8f9f62dfb384c00183e11b1d','::ffff:127.0.0.1','Python-urllib/3.11',1788037843784,1788066643782,NULL);
INSERT INTO "sessions" VALUES('cmtevkpx0008vn30wkgu35q2s','cmtenmb4300arn3mkv2i7qzxq','1f472e171726bedd23315a0c61979c06448437ce70871f4fd3cef759a95566cb','::ffff:127.0.0.1','Python-urllib/3.11',1788037859125,1788066659123,NULL);
INSERT INTO "sessions" VALUES('cmtevl5a8008zn30wij06dggr','cmtenmb7c00axn3mkffhdg12i','0313ded2e38f376f05a5d8ea287e861514a81c5bf6e30aefdc630939e35b5add','::ffff:127.0.0.1','Python-urllib/3.11',1788037879041,1788066679039,NULL);
INSERT INTO "sessions" VALUES('cmtevl6mh00amn30w8kwe6d4d','cmtenmb9000b9n3mk55bze2ty','323ca29e975e5d6cf2cb75597298e8ac187562d008f2ed49a6f96becff172e86','::ffff:127.0.0.1','Python-urllib/3.11',1788037880778,1788066680776,NULL);
INSERT INTO "sessions" VALUES('cmtevl7eh00ban30wa3v7112v','cmtenmb4300arn3mkv2i7qzxq','b22b839e27ee4da1fdbfef0daca9425c578b2ec8ba08694b39294befefc7e5db','::ffff:127.0.0.1','Python-urllib/3.11',1788037881785,1788066681784,NULL);
INSERT INTO "sessions" VALUES('cmtevl7kb00ben30w6grhoyi1','cmtenmb9000b9n3mk55bze2ty','f544adc8ba1934b309191e4bdb50091761ac8bcd903d62109cae1320befe7d15','::ffff:127.0.0.1','Python-urllib/3.11',1788037881995,1788066681993,NULL);
INSERT INTO "sessions" VALUES('cmtevlgme00bin30wxhvt3oav','cmtenmb4300arn3mkv2i7qzxq','2c9c831ebc21f8005acfa4733a9b69399726bb6b70b8113343ab66e550b3f836','::ffff:127.0.0.1','Python-urllib/3.11',1788037893735,1788066693733,NULL);
INSERT INTO "sessions" VALUES('cmtevlgss00bmn30wcaxpq3w3','cmtenmb9000b9n3mk55bze2ty','a81eb645004e1948b0b900273edef131eb7857158623bc673c598d35627b0546','::ffff:127.0.0.1','Python-urllib/3.11',1788037893964,1788066693963,NULL);
INSERT INTO "sessions" VALUES('cmtevnrnq0001n3i8xwj728ki','cmtenmb4300arn3mkv2i7qzxq','c3832489fbc3718a972a513ded7a08ccecc439157a6f2eeb13e3692b78454dd2','::1','Mozilla/5.0 (Windows NT 10.0; Win64; x64) AppleWebKit/537.36 (KHTML, like Gecko) Claude/1.40609.0 Chrome/148.0.7778.280 Safari/537.36 MSIX',1788038001350,1788066801342,NULL);
INSERT INTO "sessions" VALUES('cmtew8xzf0001n3moy4jm2vuf','cmtenmb4300arn3mkv2i7qzxq','235f90255d09a1a52b261ed4759c259da1aab0a06f4bb989b109ecc88cbdc67d','::ffff:127.0.0.1','Python-urllib/3.11',1788038989324,1788067789319,NULL);
INSERT INTO "sessions" VALUES('cmtew90vk000fn3mozu2t3zpa','cmtenmb9000b9n3mk55bze2ty','5e924963ed94e3a9d84771543b796089b7b2eff936dd70799360b3c77c3fc613','::ffff:127.0.0.1','Python-urllib/3.11',1788038993072,1788067793070,NULL);
INSERT INTO "sessions" VALUES('cmtew96az000nn3modmf3ac00','cmtenmb4300arn3mkv2i7qzxq','db607c02f87504d205c289ab1c8d7d2be70969a3ecd1887295934970ed93c888','::ffff:127.0.0.1','Python-urllib/3.11',1788039000107,1788067800106,NULL);
INSERT INTO "sessions" VALUES('cmtew990h0011n3mowcobpk10','cmtenmb9000b9n3mk55bze2ty','8826fbf4ba0f04638a6e0fd095d914fbbc163ce1a1e283e13ed77825212629d4','::ffff:127.0.0.1','Python-urllib/3.11',1788039003617,1788067803616,NULL);
INSERT INTO "sessions" VALUES('cmtew9ecd0019n3mohaz0byzw','cmtenmb4300arn3mkv2i7qzxq','751e9ab0fe7609e2113b5ab2bacb666aa3b22078ac8b1fcea9348cd32cda0a3c','::ffff:127.0.0.1','Python-urllib/3.11',1788039010525,1788067810524,NULL);
INSERT INTO "sessions" VALUES('cmtew9gtr001nn3mon8ec8sfj','cmtenmb9000b9n3mk55bze2ty','416303c490e7f36dbe31148f7b1cd03d15bc42bd4756576e67c8d564d6736508','::ffff:127.0.0.1','Python-urllib/3.11',1788039013744,1788067813742,NULL);
INSERT INTO "sessions" VALUES('cmtew9hz4001vn3moqh7n8p5m','cmtenmb4300arn3mkv2i7qzxq','e841e894a85259df92066ae44b32a6a24ef0ad88756a0fdcc4b3b27296aa2f1f','::ffff:127.0.0.1','Python-urllib/3.11',1788039015233,1788067815231,NULL);
INSERT INTO "sessions" VALUES('cmtew9kgi0029n3molm7psdfi','cmtenmb9000b9n3mk55bze2ty','13a012215d7bb22831b1da1d2f3f6a49ed45d50e840a8e095c81d7879bcb7c42','::ffff:127.0.0.1','Python-urllib/3.11',1788039018451,1788067818449,NULL);
INSERT INTO "sessions" VALUES('cmtew9llx002hn3mor35aiv6e','cmtenmb4300arn3mkv2i7qzxq','f2504befa8782c50ccaec06cc3ada2408b40cd7dd241e75096739f5bf9ef6508','::ffff:127.0.0.1','Python-urllib/3.11',1788039019941,1788067819940,NULL);
INSERT INTO "sessions" VALUES('cmtew9o52002vn3moydvbqqhe','cmtenmb9000b9n3mk55bze2ty','92c7afc3d32d8c420e84ed5f4cde9276cb2b276eb7eba747a396382981bf5f23','::ffff:127.0.0.1','Python-urllib/3.11',1788039023222,1788067823220,NULL);
INSERT INTO "sessions" VALUES('cmtew9to00033n3mo6kb00oy4','cmtenmb4300arn3mkv2i7qzxq','a798b6572f38fb5198eadbb50e40227e1c51979524b849c535971cc1b2ab8b66','::ffff:127.0.0.1','Python-urllib/3.11',1788039030385,1788067830383,NULL);
INSERT INTO "sessions" VALUES('cmtew9w5y003hn3mol2tm20ne','cmtenmb9000b9n3mk55bze2ty','a277c4cd4f04b5e874126510e94ab38d3bc22a12a15edf92c8774fc6402c94e1','::ffff:127.0.0.1','Python-urllib/3.11',1788039033622,1788067833621,NULL);
INSERT INTO "sessions" VALUES('cmtew9xb1003pn3modj37jzi8','cmtenmb4300arn3mkv2i7qzxq','d5ebf67d225936384797ab01c67a4c2ec356f155f4df17e86037603de0bd0495','::ffff:127.0.0.1','Python-urllib/3.11',1788039035102,1788067835100,NULL);
INSERT INTO "sessions" VALUES('cmtew9ztu0043n3moh7h9dk62','cmtenmb9000b9n3mk55bze2ty','73c372f04e237ea51c5c55b0ecf430ab00df5e33cc4eb5b25dcc7ebf1424e7e8','::ffff:127.0.0.1','Python-urllib/3.11',1788039038371,1788067838369,NULL);
INSERT INTO "sessions" VALUES('cmtewa0yn004bn3moolgbpbe3','cmtenmb4300arn3mkv2i7qzxq','5dcd82b12d560f6c930ffd4524e8e7eefdbfb0d9d818499ae01fbf186e590918','::ffff:127.0.0.1','Python-urllib/3.11',1788039039839,1788067839838,NULL);
INSERT INTO "sessions" VALUES('cmtewa3h1004pn3mo4b7z2axl','cmtenmb9000b9n3mk55bze2ty','ef746f99a52b4b9a3748345dfab3da97de1d197bc75a10c637b20d4d3570c4f5','::ffff:127.0.0.1','Python-urllib/3.11',1788039043094,1788067843092,NULL);
INSERT INTO "sessions" VALUES('cmtewa4mt004xn3mofblnc0a0','cmtenmb4300arn3mkv2i7qzxq','5d44d4eba9d036e4dd0b44af8d787ba6fc7267f686d9e55de472e78a342626d8','::ffff:127.0.0.1','Python-urllib/3.11',1788039044597,1788067844596,NULL);
INSERT INTO "sessions" VALUES('cmtewa76z005bn3moehotpxuy','cmtenmb9000b9n3mk55bze2ty','c213af7dc8d3f911ef218071230dd0b9f549c3091e1b80053dc1f348a0d2138b','::ffff:127.0.0.1','Python-urllib/3.11',1788039047915,1788067847913,NULL);
INSERT INTO "sessions" VALUES('cmtewafrv005jn3motf176lu1','cmtenmb4300arn3mkv2i7qzxq','978f537c97b70bc7d94ee3280b50ac5346c673047ddf22417e9b1b385e3eaf90','::ffff:127.0.0.1','Python-urllib/3.11',1788039059036,1788067859034,NULL);
INSERT INTO "sessions" VALUES('cmtewaidd005xn3morg79uqwx','cmtenmb9000b9n3mk55bze2ty','c77f2b7d63691d8e13382b3cb5d9033bcf648f6d44f60818faefb96e5bdd6c13','::ffff:127.0.0.1','Python-urllib/3.11',1788039062401,1788067862399,NULL);
INSERT INTO "sessions" VALUES('cmtewajj10065n3moo0ex0m44','cmtenmb4300arn3mkv2i7qzxq','e59d90d98eea040f6c1bdb1da26420bcef32c51c3b103df26f999bb4cc4f27dc','::ffff:127.0.0.1','Python-urllib/3.11',1788039063902,1788067863900,NULL);
INSERT INTO "sessions" VALUES('cmtewam0l006jn3mo1bg8fy7h','cmtenmb9000b9n3mk55bze2ty','b485ba4d1abe4d1d4a5fb1b78854227887d9f93110736f95fcade013d5618d58','::ffff:127.0.0.1','Python-urllib/3.11',1788039067125,1788067867123,NULL);
INSERT INTO "sessions" VALUES('cmtewan7a006rn3moxmfilwth','cmtenmb4300arn3mkv2i7qzxq','cc5452c21e567bb8258e7c3638a4efba3dbe74afca75ab9d9786c1d2dd1d332d','::ffff:127.0.0.1','Python-urllib/3.11',1788039068663,1788067868660,NULL);
INSERT INTO "sessions" VALUES('cmtewapuf0075n3moie0n4k8b','cmtenmb9000b9n3mk55bze2ty','a2265890679ee09fba9279924906badd9eb18c4f80defbfa968ee4b173ca36ed','::ffff:127.0.0.1','Python-urllib/3.11',1788039072087,1788067872085,NULL);
INSERT INTO "sessions" VALUES('cmtewar0p007dn3mokq7lngnr','cmtenmb4300arn3mkv2i7qzxq','4d504da77a613491b0f84d6b569f9876de9c91bcbf390c642ad100e4eebab8f7','::ffff:127.0.0.1','Python-urllib/3.11',1788039073609,1788067873607,NULL);
INSERT INTO "sessions" VALUES('cmtewatj0007rn3moqko7l6wy','cmtenmb9000b9n3mk55bze2ty','8b77319b07d5c5e28fbb396559502278ce9cdec68715cdbe8fe356e0d0a04525','::ffff:127.0.0.1','Python-urllib/3.11',1788039076860,1788067876858,NULL);
INSERT INTO "sessions" VALUES('cmtewaurw007zn3moycmle2hh','cmtenmb4300arn3mkv2i7qzxq','0848c0130eaa5c51c2c7c1a63a776d6bdd7a81db0d60cb5da6d04c2faa46c403','::ffff:127.0.0.1','Python-urllib/3.11',1788039078477,1788067878475,NULL);
INSERT INTO "sessions" VALUES('cmtewaxe2008dn3mo7ff5wrgo','cmtenmb9000b9n3mk55bze2ty','1328f31a275761847cf4aa3228ca9f2ef9342425ca7c8f23e5d3dd41357f5e7a','::ffff:127.0.0.1','Python-urllib/3.11',1788039081866,1788067881864,NULL);
INSERT INTO "sessions" VALUES('cmtewaylm008ln3mo1l5g8p6l','cmtenmb4300arn3mkv2i7qzxq','3cca0125d24609469dc3f3b92744ee1e484915c43678fb42b8100a6bde1051b9','::ffff:127.0.0.1','Python-urllib/3.11',1788039083434,1788067883425,NULL);
INSERT INTO "sessions" VALUES('cmtewb17b008zn3mol17oagia','cmtenmb9000b9n3mk55bze2ty','64364674d031aa962a916c77e2d78526bf10a9474dbb3830255a10785d6d7b02','::ffff:127.0.0.1','Python-urllib/3.11',1788039086807,1788067886805,NULL);
INSERT INTO "sessions" VALUES('cmtewbhm60097n3moetkgluj1','cmtenmb4300arn3mkv2i7qzxq','3c18593b8c925b9295e18919e27f2edd98da190d826596dfd4cb8db703b82255','::ffff:127.0.0.1','Python-urllib/3.11',1788039108078,1788067908069,NULL);
INSERT INTO "sessions" VALUES('cmtewbk8n009ln3mokrojlsfu','cmtenmb9000b9n3mk55bze2ty','9c2afec0e52f080aed1f99b7f21ea9a837383d490e7517784dda153f3b81af18','::ffff:127.0.0.1','Python-urllib/3.11',1788039111479,1788067911478,NULL);
INSERT INTO "sessions" VALUES('cmtewbljc009tn3morgra0yr1','cmtenmb4300arn3mkv2i7qzxq','43d846c48742a3d80ee315601cda62ea91606f52f5ab989848df61912d486986','::ffff:127.0.0.1','Python-urllib/3.11',1788039113161,1788067913159,NULL);
INSERT INTO "sessions" VALUES('cmtewbn6r00c9n3mowsdr6gfx','cmtenmb9000b9n3mk55bze2ty','73cc1bd40c7a348c43e086d729e55d9f7a38bd8ea0bb970beb909fe99848ff6d','::ffff:127.0.0.1','Python-urllib/3.11',1788039115299,1788067915298,NULL);
INSERT INTO "sessions" VALUES('cmtewbo2z00cwn3morb8qooy9','cmtenmb7c00axn3mkffhdg12i','295481e9ba78d6a06f81d2d43a01183127ce13cc64e06359bb87f1af15b68e40','::ffff:127.0.0.1','Python-urllib/3.11',1788039116459,1788067916456,1788039126514);
INSERT INTO "sessions" VALUES('cmtewbq5700d4n3morvl10rh8','cmtenmb4300arn3mkv2i7qzxq','617f17d4fb91b4e2666875948e4f56a569f543d58156844bd7bd5ddf656d92bb','::ffff:127.0.0.1','Python-urllib/3.11',1788039119131,1788067919130,NULL);
INSERT INTO "sessions" VALUES('cmtewbqro00d8n3modw0kqlnl','cmtenmb9000b9n3mk55bze2ty','92892141a26703abbb4795fce2f46306d61b4eef7e14bc6ed15537db49f5a3fe','::ffff:127.0.0.1','Python-urllib/3.11',1788039119940,1788067919939,NULL);
INSERT INTO "sessions" VALUES('cmtewbwri00ffn3moe0k5v1kc','cmtenmb7c00axn3mkffhdg12i','251951f623a2714b67fac93ee4b9765b3fb6d7a7bd1cc124ba1767e975b1b2fa','::ffff:127.0.0.1','Python-urllib/3.11',1788039127711,1788067927709,NULL);
INSERT INTO "sessions" VALUES('cmtewbze200h2n3moeu3dkd31','cmtenmb9000b9n3mk55bze2ty','2adbc742a8116356068722a674d56e3d78be3f65fcc7311404cfed361d914b64','::ffff:127.0.0.1','Python-urllib/3.11',1788039131114,1788067931112,NULL);
INSERT INTO "sessions" VALUES('cmtewc07900hqn3mocg8ityas','cmtenmb4300arn3mkv2i7qzxq','3db3f51c2faf4205c295effef7decb008b9486e83d14917f3fc26c163348145d','::ffff:127.0.0.1','Python-urllib/3.11',1788039132166,1788067932164,NULL);
INSERT INTO "sessions" VALUES('cmtewc0ek00hun3mo3y8cofea','cmtenmb9000b9n3mk55bze2ty','2219fa96bddf8eecfdca273e9df7efaa9738dd3803ebeb780cda2a39daccfeb2','::ffff:127.0.0.1','Python-urllib/3.11',1788039132428,1788067932427,NULL);
INSERT INTO "sessions" VALUES('cmtewc4kj00hyn3mocxjn8h9z','cmtenmb4300arn3mkv2i7qzxq','374d6d740a00067dd38adfc6e0989b3f8e44c531dfb4494edfdae7e180ced56d','::ffff:127.0.0.1','Python-urllib/3.11',1788039137827,1788067937825,NULL);
INSERT INTO "sessions" VALUES('cmtewcsxl00i2n3mocbprxb49','cmtenmb4300arn3mkv2i7qzxq','14f5776935e0af20cdf2b7cb5c7749ee3c78fb381e6048cd357a0c12f7d4a3b8','::ffff:127.0.0.1','Python-urllib/3.11',1788039169401,1788067969399,NULL);
INSERT INTO "sessions" VALUES('cmtewg9id0001n3zodzoc1uwt','cmtenmb4300arn3mkv2i7qzxq','6f7479df9427fc5ccd89b8c17b6e68a6bfdeda4f2d691e28e3db075de065d579','::ffff:127.0.0.1','Python-urllib/3.11',1788039330853,1788068130848,NULL);
INSERT INTO "sessions" VALUES('cmtewgcg9000fn3zom9k41if7','cmtenmb9000b9n3mk55bze2ty','bcc56d84957234b94e7f9b769180b6de6ac07b2991ebd7a1ef21b203de32cf3a','::ffff:127.0.0.1','Python-urllib/3.11',1788039334665,1788068134664,NULL);
INSERT INTO "sessions" VALUES('cmtewkw320001n348zlqlns3n','cmtenmb4300arn3mkv2i7qzxq','856ba2ee40b1c333573a4a8527aeec73bca141467575e42f371394938c40cd5c','::ffff:127.0.0.1','Python-urllib/3.11',1788039546734,1788068346729,NULL);
INSERT INTO "sessions" VALUES('cmtewkz4q000hn348chpx68oy','cmtenmb9000b9n3mk55bze2ty','416ce4de7e7cd4ee1bb78f53b76f2e5444aeb8ba9318d1b9b1a2f33bd8a62483','::ffff:127.0.0.1','Python-urllib/3.11',1788039550682,1788068350681,NULL);
INSERT INTO "sessions" VALUES('cmtewlhrb000pn3488nqfvf2y','cmtenmb4300arn3mkv2i7qzxq','f1ebff6de00fb00864b54cda4ea85f3f0b5aacbcfbcb75efaf2f86c955402b9e','::ffff:127.0.0.1','Python-urllib/3.11',1788039574823,1788068374821,NULL);
INSERT INTO "sessions" VALUES('cmtewpz8u0001n3aw8yivgv8c','cmtenmb4300arn3mkv2i7qzxq','c5a6c5c02ae3e20fb5c8b8edb032124d820873a60c21dbc97eae58a5a13e6054','::ffff:127.0.0.1','Python-urllib/3.11',1788039784110,1788068584100,NULL);
INSERT INTO "sessions" VALUES('cmtewq5jy000hn3aw0np5hi78','cmtenmb9000b9n3mk55bze2ty','db5f837fc9649940b71ee47102ffa61cf6575bc13a4b112fc15a67f209eef815','::ffff:127.0.0.1','Python-urllib/3.11',1788039792286,1788068592284,NULL);
INSERT INTO "sessions" VALUES('cmtewq6y2000pn3aw8t63kq05','cmtenmb4300arn3mkv2i7qzxq','25a686dbbd3ac891f3af8a8a76fcb5078f626cb5ce37f44b59b2397fda89c408','::ffff:127.0.0.1','Python-urllib/3.11',1788039794091,1788068594089,NULL);
INSERT INTO "sessions" VALUES('cmtewrakq000tn3awtispoloi','cmtenmb4300arn3mkv2i7qzxq','5821a401484fbd36da1f3530d53c6363a972fc81d8d27e673e0463df93d084cc','::ffff:127.0.0.1','Python-urllib/3.11',1788039845451,1788068645449,NULL);
INSERT INTO "sessions" VALUES('cmtewrdfi0019n3aw8gtsjc09','cmtenmb9000b9n3mk55bze2ty','0895d6a38418bcf26b6c915aaa0fdcac5256967d2d96a35d80393b8bc4f63ca1','::ffff:127.0.0.1','Python-urllib/3.11',1788039849150,1788068649149,NULL);
INSERT INTO "sessions" VALUES('cmtewrkx7001hn3awux444ng9','cmtenmb4300arn3mkv2i7qzxq','6128c7ca5e3d4943ca1ad5d19543b0c5358ecaa428e9a3d76097c72cd109a8f7','::ffff:127.0.0.1','Python-urllib/3.11',1788039858859,1788068658857,NULL);
INSERT INTO "sessions" VALUES('cmtewrnjh001xn3awepcdkngu','cmtenmb9000b9n3mk55bze2ty','e84365175a5a407395c413488c1827382af97ac2cf989ca2b0f7fb984996e78b','::ffff:127.0.0.1','Python-urllib/3.11',1788039862254,1788068662252,NULL);
INSERT INTO "sessions" VALUES('cmtewropc0025n3aw3k1j1648','cmtenmb4300arn3mkv2i7qzxq','98a1ab88127a677ea1510118dd4a39369bd23604d4cde551ace1ec41b6d98f12','::ffff:127.0.0.1','Python-urllib/3.11',1788039863761,1788068663759,NULL);
INSERT INTO "sessions" VALUES('cmtewrre3002ln3awq7axin2b','cmtenmb9000b9n3mk55bze2ty','a77769005658354bb7b46d7950d77bb4cc133c8d903b1c0327eb1cf150ba878b','::ffff:127.0.0.1','Python-urllib/3.11',1788039867244,1788068667242,NULL);
INSERT INTO "sessions" VALUES('cmtewrsix002tn3awj9o6rofn','cmtenmb4300arn3mkv2i7qzxq','2e70627a17672ac449ba58faaa16cced19fd2f927d0ef1128c049343693048fe','::ffff:127.0.0.1','Python-urllib/3.11',1788039868714,1788068668712,NULL);
INSERT INTO "sessions" VALUES('cmtewrv450039n3aw78zj3etx','cmtenmb9000b9n3mk55bze2ty','bce227d1d0a3dd5bd0820c726063ae526d167c6edb48be6c0032249a39dc47f9','::ffff:127.0.0.1','Python-urllib/3.11',1788039872070,1788068672068,NULL);
INSERT INTO "sessions" VALUES('cmtewrw8j003hn3awqqvlk2r4','cmtenmb4300arn3mkv2i7qzxq','28cf53d12cd28cc4464177ede38e90a7bcbee1d05fdbd411b57ea1a9c31782fc','::ffff:127.0.0.1','Python-urllib/3.11',1788039873523,1788068673522,NULL);
INSERT INTO "sessions" VALUES('cmtewrxix005vn3awda265kfz','cmtenmb9000b9n3mk55bze2ty','8128c7c41bdb6c87f4b23f0105c44be6a3d2c891be9a3b7d1c9e8687891ac12b','::ffff:127.0.0.1','Python-urllib/3.11',1788039875193,1788068675192,NULL);
INSERT INTO "sessions" VALUES('cmtewryfl006fn3aw6k6jqjux','cmtenmb7c00axn3mkffhdg12i','35019bfac09413f506f6b6302af0087d042dde4de3786bb41ad983ce38d09a9b','::ffff:127.0.0.1','Python-urllib/3.11',1788039876369,1788068676368,1788039885927);
INSERT INTO "sessions" VALUES('cmtews0i5006nn3awblihrzye','cmtenmb4300arn3mkv2i7qzxq','0b183e3960da2ab19e88133b7741885d23d278ebde5c6cc73aca5d3bb9b7f15d','::ffff:127.0.0.1','Python-urllib/3.11',1788039879054,1788068679051,NULL);
INSERT INTO "sessions" VALUES('cmtews18b006rn3awgxxdxraa','cmtenmb9000b9n3mk55bze2ty','564ab2e6d720ce44b67ed8d81098cab5f1382d747f536d0d0e18f8193a2e601a','::ffff:127.0.0.1','Python-urllib/3.11',1788039879995,1788068679994,NULL);
INSERT INTO "sessions" VALUES('cmtews69r008yn3awvtyt3z9i','cmtenmb7c00axn3mkffhdg12i','c563aba9f0f80f910cc6eaeca66a98ab0caccc7f55deda76410e349e7600f5e5','::ffff:127.0.0.1','Python-urllib/3.11',1788039886527,1788068686525,NULL);
INSERT INTO "sessions" VALUES('cmtews7y800aln3awhoxk1qlh','cmtenmb9000b9n3mk55bze2ty','81e75611c6995656f712aeea85d19657e544f42fee4661132089442a6539f070','::ffff:127.0.0.1','Python-urllib/3.11',1788039888704,1788068688703,NULL);
INSERT INTO "sessions" VALUES('cmtews8sj00b9n3awbz483jfs','cmtenmb4300arn3mkv2i7qzxq','684582c2ec223800d2c4dbbebe0d7b1eb3ad6ddd602616e66afff332e9cfa7b6','::ffff:127.0.0.1','Python-urllib/3.11',1788039889795,1788068689793,NULL);
INSERT INTO "sessions" VALUES('cmtews8yn00bdn3awxbovgoqx','cmtenmb9000b9n3mk55bze2ty','27f1603ade1f012d1b8bcdafb2ed5d5fdc91b5f6f3061b5e0b4c8e2d7b82ed9c','::ffff:127.0.0.1','Python-urllib/3.11',1788039890015,1788068690014,NULL);
INSERT INTO "sessions" VALUES('cmtewscpk00bhn3aw45uus29q','cmtenmb4300arn3mkv2i7qzxq','4592cb880028e2668aa413340ca496fede68998b05e1eb655b8e6939e74d01b3','::ffff:127.0.0.1','Python-urllib/3.11',1788039894872,1788068694871,NULL);
INSERT INTO "sessions" VALUES('cmtewsjfq00bln3awizi35gc0','cmtenmb4300arn3mkv2i7qzxq','2745505cca9aa1a879b478481f5122b17215aa58e7da2bbb94f927e51d5adacd','::ffff:127.0.0.1','Python-urllib/3.11',1788039903590,1788068703588,NULL);
INSERT INTO "sessions" VALUES('cmtewskqx00dzn3aw98co8r33','cmtenmb9000b9n3mk55bze2ty','5a019809967179c426dc1cc2190e5b8670016b8a2435fad98dc5e72c2eb802e1','::ffff:127.0.0.1','Python-urllib/3.11',1788039905290,1788068705288,NULL);
INSERT INTO "sessions" VALUES('cmtewsxnj00ejn3aw9mt6wif1','cmtenmb4300arn3mkv2i7qzxq','0aa217df92512f1b946c6a475584fde941d82ca8d452a091c12d0ff70e4f8f5b','::ffff:127.0.0.1','Python-urllib/3.11',1788039922016,1788068722008,NULL);
INSERT INTO "sessions" VALUES('cmtewsyvc00gxn3awkopibac9','cmtenmb9000b9n3mk55bze2ty','ff3c5e3af6c1c5aacb25d4ef5fb1bb0286aea84808b1f62df8a4781244939531','::ffff:127.0.0.1','Python-urllib/3.11',1788039923593,1788068723591,NULL);
INSERT INTO "sessions" VALUES('cmtewt3vx00hfn3awusz6m5cy','cmtenmb4300arn3mkv2i7qzxq','8b90ab97d153280ceef7cc88be14c1cb7dbc5d5b08fb4593f18f5e4fdb88f7b4','::ffff:127.0.0.1','Python-urllib/3.11',1788039930093,1788068730092,NULL);
INSERT INTO "sessions" VALUES('cmtewt51s00jln3aw8jntq6a5','cmtenmb9000b9n3mk55bze2ty','6f0ea07437ddd8c2ec3aa608a80a8a05e2787e54bff802b9beaf0f1f722c4b89','::ffff:127.0.0.1','Python-urllib/3.11',1788039931601,1788068731599,NULL);
INSERT INTO "sessions" VALUES('cmtewuyc200k3n3awp6st1izw','cmtenmb4300arn3mkv2i7qzxq','75352b8a5491a4563aa508971a0dd2d11ead7222760870ee2964daa054ae95f7','::ffff:127.0.0.1','Python-urllib/3.11',1788040016211,1788068816209,NULL);
INSERT INTO "sessions" VALUES('cmtewuztl00mhn3aw8atn8mvy','cmtenmb9000b9n3mk55bze2ty','dab882fbffa7d28ab4ce45693a6aaf34ecfc8a86410e26b4e67e98ff0a481b20','::ffff:127.0.0.1','Python-urllib/3.11',1788040018137,1788068818135,NULL);
INSERT INTO "sessions" VALUES('cmtewwp0j00n1n3awxx7pyg2f','cmtenmb4300arn3mkv2i7qzxq','aad0b6abf9048ab360e1ef501efaae5ce4a691a8290af11c8b10c1ab9e292cc2','::ffff:127.0.0.1','Python-urllib/3.11',1788040097443,1788068897441,NULL);
INSERT INTO "sessions" VALUES('cmtewwsfc00nhn3awjmnyd5kp','cmtenmb9000b9n3mk55bze2ty','71a3e5dd119146a9a2c2f0594143a653d471e4f55a8d876362c181dcf4a268ea','::ffff:127.0.0.1','Python-urllib/3.11',1788040101864,1788068901862,NULL);
INSERT INTO "sessions" VALUES('cmtewwtk200npn3aw0o487qnh','cmtenmb4300arn3mkv2i7qzxq','342ca65a4bf97549f10f48517c07e7be2e72103dfb07a62570c1f6f9b683881d','::ffff:127.0.0.1','Python-urllib/3.11',1788040103330,1788068903328,NULL);
INSERT INTO "sessions" VALUES('cmtewwvo500q3n3aw9tmylx2b','cmtenmb9000b9n3mk55bze2ty','b219f8c4bc9275b0bec1f8ad684f6b0564f021c84466a92a109fb83e3674489f','::ffff:127.0.0.1','Python-urllib/3.11',1788040106069,1788068906068,NULL);
INSERT INTO "sessions" VALUES('cmtewwwf500qnn3awo5tflufu','cmtenmb7c00axn3mkffhdg12i','2660bd9889855a6bc6657f0890ddb73be31da59363aca7a85df0450c2d9fdb7b','::ffff:127.0.0.1','Python-urllib/3.11',1788040107041,1788068907039,1788040115705);
INSERT INTO "sessions" VALUES('cmtewwy6k00qvn3awkv7hoxou','cmtenmb4300arn3mkv2i7qzxq','46ddfab4d76224e33bfb6d93e1f5776ad68e79a18e94ae75ae8f2f402239b21f','::ffff:127.0.0.1','Python-urllib/3.11',1788040109325,1788068909323,NULL);
INSERT INTO "sessions" VALUES('cmtewwyp900qzn3awfhxr5s8b','cmtenmb9000b9n3mk55bze2ty','6af61ff05ede4cce98ce98f856b34577f078c717f2a4ff2a0111a7a130bd645f','::ffff:127.0.0.1','Python-urllib/3.11',1788040109997,1788068909995,NULL);
INSERT INTO "sessions" VALUES('cmtewx3kt00t6n3awgjj4hn17','cmtenmb7c00axn3mkffhdg12i','c5a7e860d5b70377ea6c65f81026dd000c221597250748b156957cb4e326a683','::ffff:127.0.0.1','Python-urllib/3.11',1788040116318,1788068916316,NULL);
INSERT INTO "sessions" VALUES('cmtewx53y00utn3awpugec2sf','cmtenmb9000b9n3mk55bze2ty','bfb9f0dfc541355de5d435ab8fcf3ce72e92ef56a3fb33b5a83f614183702ce4','::ffff:127.0.0.1','Python-urllib/3.11',1788040118303,1788068918301,NULL);
INSERT INTO "sessions" VALUES('cmtewx5xb00vhn3awzacfgo56','cmtenmb4300arn3mkv2i7qzxq','65c5912544553009a0278277f8899647c8685db0557cbca39fe3763c0307bfd7','::ffff:127.0.0.1','Python-urllib/3.11',1788040119359,1788068919357,NULL);
INSERT INTO "sessions" VALUES('cmtewx63t00vln3aw8rrb5rs2','cmtenmb9000b9n3mk55bze2ty','975aaec9aeb345cc6d64ce70be329b4ede0115fd6b6be0a6d4300c8db5532f8e','::ffff:127.0.0.1','Python-urllib/3.11',1788040119593,1788068919591,NULL);
INSERT INTO "sessions" VALUES('cmtewxbpw00vpn3aw7blk4ftx','cmtenmb4300arn3mkv2i7qzxq','9e0320a0d8103a133b5896c500a450966054daa433c0a32b589c80bac6702460','::ffff:127.0.0.1','Python-urllib/3.11',1788040126868,1788068926865,NULL);
INSERT INTO "sessions" VALUES('cmtewz1ct00vtn3awsh4knivo','cmtenmb4300arn3mkv2i7qzxq','da4ee1e31067bd343325dc00d8866082341f4b5088d704f6266ab90bd1728475','::ffff:127.0.0.1','Python-urllib/3.11',1788040206749,1788069006748,NULL);
INSERT INTO "sessions" VALUES('cmtewz42900w9n3awvc2gjv2g','cmtenmb9000b9n3mk55bze2ty','f14b6198469b561b6b97af5ba872025b7120637fd482d6e9665db89da191fb6b','::ffff:127.0.0.1','Python-urllib/3.11',1788040210258,1788069010256,NULL);
INSERT INTO "sessions" VALUES('cmtexdohd0001n3n0ybtizgdp','cmtenmb7c00axn3mkffhdg12i','a9dd81475d8f08d92c9f334b954e0460cdc565598e63477db174edfab43167af','::1','Mozilla/5.0 (Windows NT 10.0; Win64; x64) AppleWebKit/537.36 (KHTML, like Gecko) Chrome/152.0.0.0 Safari/537.36',1788040889897,1788069689884,NULL);
INSERT INTO "sessions" VALUES('cmtf0j73d0001n3q8rwuyu5pu','cmtenmb7q00b0n3mkfeoel2pn','2b5d95d5657aaf0dce2be39cca07d0e4b9691c1ecba9e416c504cc765311531f','::ffff:127.0.0.1','node',1788046186153,1788074986122,NULL);
INSERT INTO "sessions" VALUES('cmtf0jv7w000dn3q8h5jpturc','cmtenmb7q00b0n3mkfeoel2pn','80513d2936db2f1d490efc7ad3dae9fd1ba43a5f22de1dc1ab2da94e251cf2da','::ffff:127.0.0.1','node',1788046217421,1788075017418,NULL);
INSERT INTO "sessions" VALUES('cmtf0kude0011n3q8u3adivlc','cmtenmb7q00b0n3mkfeoel2pn','ceb7c3fd34bd464c6c58f5a0106165981f4bf2c04af94e63beba9c1fec75350d','::ffff:127.0.0.1','node',1788046262978,1788075062976,NULL);
INSERT INTO "sessions" VALUES('cmtf0lug1002tn3q8q8j8law4','cmtenmb7q00b0n3mkfeoel2pn','46fb7764a590185480478782d7207591931d4937fff12d5d6ce7e2a86cc2cb72','::ffff:127.0.0.1','Mozilla/5.0 (Windows NT 10.0; Win64; x64) AppleWebKit/537.36 (KHTML, like Gecko) Claude/1.40609.0 Chrome/148.0.7778.280 Safari/537.36 MSIX',1788046309730,1788075109727,NULL);
INSERT INTO "sessions" VALUES('cmtf0tjdx0035n3q8plemmzy6','cmtenmb7q00b0n3mkfeoel2pn','38685d8ebdb727e36945795f5176c752b938325f5d7df5982a0b95620f7cf040','::ffff:127.0.0.1','node',1788046668645,1788075468643,NULL);
INSERT INTO "sessions" VALUES('cmtf0u7ez0001n3e08iiz150d','cmtenmb7q00b0n3mkfeoel2pn','4e20109fc49d479ff1702c47e5028fbdfeccfbb587867ff2fbd031c5ee4b62cc','::ffff:127.0.0.1','node',1788046699787,1788075499783,NULL);
INSERT INTO "sessions" VALUES('cmtf1nbem0001n3tk513vn8h6','cmtenmb7q00b0n3mkfeoel2pn','8511b88336ff3e7c858a97d956600f2423efa079cf1efb82904352f29912c83b','::ffff:127.0.0.1','node',1788048057983,1788076857971,NULL);
INSERT INTO "sessions" VALUES('cmtf1soqg0001n3qkc96b4mke','cmtenmb7q00b0n3mkfeoel2pn','b74d7cb900740daa9fc2e9c101f4e880d15e300c9b784368231a2fb6e1628a4a','::ffff:127.0.0.1','node',1788048308536,1788077108510,NULL);
INSERT INTO "sessions" VALUES('cmtfh71f3001tn3qk0npkxt9b','cmtenmb4300arn3mkv2i7qzxq','17bacde229430e70a65239e506b14af00c876db3af81fea2a1c1be376080461f','::ffff:127.0.0.1','curl/8.21.0',1788074172400,1788102972397,NULL);
INSERT INTO "sessions" VALUES('cmtfhap28001xn3qklj6tw61e','cmtenmb4300arn3mkv2i7qzxq','bcc21856e16fa961dd65b6123889e93fe07b9b19cfcf443f34de9420f54725a4','::ffff:127.0.0.1','Mozilla/5.0 (Windows NT 10.0; Win64; x64) AppleWebKit/537.36 (KHTML, like Gecko) Chrome/152.0.0.0 Safari/537.36',1788074343008,1788103143007,1788089342845);
INSERT INTO "sessions" VALUES('cmtfhiedt0001n3v07a1d2eqo','cmtenmb9000b9n3mk55bze2ty','9375dd58110a5360486c395ea97e580d633638f10f7e3cc83c3c5b66c7650eb5','::ffff:127.0.0.1','Mozilla/5.0 (Windows NT 10.0; Win64; x64) AppleWebKit/537.36 (KHTML, like Gecko) Claude/1.40609.0 Chrome/148.0.7778.280 Safari/537.36 MSIX',1788074702417,1788103502414,1788074731424);
INSERT INTO "sessions" VALUES('cmtfhjejb0007n3v0ejk2dgn5','cmtenmb8600b3n3mk8qf46qec','c8a57bca5b6c18eacef7d7694a47dddb2449814db71d332b14f3e82ac7475c98','::ffff:127.0.0.1','Mozilla/5.0 (Windows NT 10.0; Win64; x64) AppleWebKit/537.36 (KHTML, like Gecko) Claude/1.40609.0 Chrome/148.0.7778.280 Safari/537.36 MSIX',1788074749271,1788103549269,NULL);
INSERT INTO "sessions" VALUES('cmtfq89dp000dn3v0w6pqmy39','cmtenmb7c00axn3mkffhdg12i','941b181945511e5cbaf0d3fd2c238f3761cecadd1879d3b4ef8794d0cc947fc0','::ffff:127.0.0.1','Mozilla/5.0 (Windows NT 10.0; Win64; x64) AppleWebKit/537.36 (KHTML, like Gecko) Chrome/152.0.0.0 Safari/537.36',1788089345917,1788118145914,NULL);
CREATE TABLE "simulation_impacts" (
    "id" TEXT NOT NULL PRIMARY KEY,
    "simulationId" TEXT NOT NULL,
    "assetId" TEXT,
    "regionId" TEXT,
    "metricKey" TEXT NOT NULL,
    "label" TEXT NOT NULL,
    "labelAr" TEXT NOT NULL,
    "baselineValue" REAL NOT NULL,
    "scenarioValue" REAL NOT NULL,
    "unit" TEXT NOT NULL,
    "severity" TEXT NOT NULL DEFAULT 'info',
    CONSTRAINT "simulation_impacts_simulationId_fkey" FOREIGN KEY ("simulationId") REFERENCES "simulations" ("id") ON DELETE CASCADE ON UPDATE CASCADE,
    CONSTRAINT "simulation_impacts_assetId_fkey" FOREIGN KEY ("assetId") REFERENCES "assets" ("id") ON DELETE CASCADE ON UPDATE CASCADE,
    CONSTRAINT "simulation_impacts_regionId_fkey" FOREIGN KEY ("regionId") REFERENCES "regions" ("id") ON DELETE CASCADE ON UPDATE CASCADE
);
INSERT INTO "simulation_impacts" VALUES('cmteo9jld00a0n3u06r2jzewo','cmteo9jkx009xn3u0y7mjb3pq',NULL,'cmtenmb9e00ben3mkys8mct9f','peak_risk','Dammam','الدمام',27.7,52.9,'%','critical');
INSERT INTO "simulation_impacts" VALUES('cmteo9jld00a1n3u05kdadw7n','cmteo9jkx009xn3u0y7mjb3pq',NULL,'cmtenmb9e00bcn3mkvbn5m7pe','peak_risk','Riyadh','الرياض',25.1,49.8,'%','critical');
INSERT INTO "simulation_impacts" VALUES('cmteo9jld00a2n3u0nj4z47xn','cmteo9jkx009xn3u0y7mjb3pq',NULL,'cmtenmb9e00bfn3mk3huq703f','peak_risk','Makkah','مكة المكرمة',23.9,35.5,'%','warning');
INSERT INTO "simulation_impacts" VALUES('cmteo9jld00a3n3u0xj95pd0w','cmteo9jkx009xn3u0y7mjb3pq',NULL,'cmtenmb9e00bln3mk5zzb69av','peak_risk','Qassim','القصيم',22.7,29.4,'%','warning');
INSERT INTO "simulation_impacts" VALUES('cmteo9jld00a4n3u05ypflwel','cmteo9jkx009xn3u0y7mjb3pq',NULL,'cmtenmb9e00bkn3mkbi9fv0v5','peak_risk','Abha','أبها',19.1,22.4,'%','info');
INSERT INTO "simulation_impacts" VALUES('cmteo9jld00a5n3u045sozmxs','cmteo9jkx009xn3u0y7mjb3pq',NULL,'cmtenmb9e00bgn3mk735rmi2y','peak_risk','Madinah','المدينة المنورة',23.5,26.1,'%','info');
INSERT INTO "simulation_impacts" VALUES('cmteo9jld00a6n3u0bm3fssam','cmteo9jkx009xn3u0y7mjb3pq',NULL,'cmtenmb9e00bdn3mk9y6raloy','peak_risk','Jeddah','جدة',24.0,25.9,'%','info');
INSERT INTO "simulation_impacts" VALUES('cmteo9jld00a7n3u02q9o7ddy','cmteo9jkx009xn3u0y7mjb3pq',NULL,'cmtenmb9e00bjn3mkgqerldr1','peak_risk','Jazan','جازان',23.0,24.6,'%','info');
INSERT INTO "simulation_impacts" VALUES('cmteo9jld00a8n3u0tngtjgj2','cmteo9jkx009xn3u0y7mjb3pq',NULL,'cmtenmb9e00bhn3mkeselfsd9','peak_risk','Tabuk','تبوك',23.2,24.0,'%','info');
INSERT INTO "simulation_impacts" VALUES('cmteo9jp700agn3u0n65ugzsi','cmteo9jnk00acn3u0xw82e579','cmtenmbf100e6n3mkqyewoqck','cmtenmb9e00bcn3mkvbn5m7pe','risk','Al Hair Primary Transformer 1','محول توزيع رئيسي 1 - الحائر',11.8,11.8,'%','warning');
INSERT INTO "simulation_impacts" VALUES('cmteo9kel00bfn3u0dzlft7yl','cmteo9ke700bcn3u0o483itfm',NULL,'cmtenmb9e00bdn3mk9y6raloy','peak_risk','Jeddah','جدة',24.0,34.6,'%','warning');
INSERT INTO "simulation_impacts" VALUES('cmteol8qf004gn3x0kytjsrhv','cmteol8pr004dn3x02lsypk0d',NULL,'cmtenmb9e00ben3mkys8mct9f','peak_risk','Dammam','الدمام',26.3,51.6,'%','critical');
INSERT INTO "simulation_impacts" VALUES('cmteol8qf004hn3x0oiwq2z3l','cmteol8pr004dn3x02lsypk0d',NULL,'cmtenmb9e00bcn3mkvbn5m7pe','peak_risk','Riyadh','الرياض',24.1,47.6,'%','critical');
INSERT INTO "simulation_impacts" VALUES('cmteol8qf004in3x0i2us6e4q','cmteol8pr004dn3x02lsypk0d',NULL,'cmtenmb9e00bfn3mk3huq703f','peak_risk','Makkah','مكة المكرمة',23.8,34.4,'%','warning');
INSERT INTO "simulation_impacts" VALUES('cmteol8qf004jn3x0ai7i1a59','cmteol8pr004dn3x02lsypk0d',NULL,'cmtenmb9e00bln3mk5zzb69av','peak_risk','Qassim','القصيم',22.7,27.3,'%','info');
INSERT INTO "simulation_impacts" VALUES('cmteol8qf004kn3x01fcmrv95','cmteol8pr004dn3x02lsypk0d',NULL,'cmtenmb9e00bkn3mkbi9fv0v5','peak_risk','Abha','أبها',18.3,21.6,'%','info');
INSERT INTO "simulation_impacts" VALUES('cmteol8qf004ln3x0wlj6h2mb','cmteol8pr004dn3x02lsypk0d',NULL,'cmtenmb9e00bgn3mk735rmi2y','peak_risk','Madinah','المدينة المنورة',23.4,25.8,'%','info');
INSERT INTO "simulation_impacts" VALUES('cmteol8qf004mn3x0myiewg8s','cmteol8pr004dn3x02lsypk0d',NULL,'cmtenmb9e00bdn3mk9y6raloy','peak_risk','Jeddah','جدة',24.0,25.7,'%','info');
INSERT INTO "simulation_impacts" VALUES('cmteol8qf004nn3x0p3l8gln7','cmteol8pr004dn3x02lsypk0d',NULL,'cmtenmb9e00bhn3mkeselfsd9','peak_risk','Tabuk','تبوك',22.3,23.9,'%','info');
INSERT INTO "simulation_impacts" VALUES('cmteol8qf004on3x0aa1gjixl','cmteol8pr004dn3x02lsypk0d',NULL,'cmtenmb9e00bjn3mkgqerldr1','peak_risk','Jazan','جازان',22.9,24.4,'%','info');
INSERT INTO "simulation_impacts" VALUES('cmteol8qf004pn3x0rodigwh8','cmteol8pr004dn3x02lsypk0d',NULL,'cmtenmb9e00bin3mk71ynl44h','peak_risk','NEOM','نيوم',22.7,23.8,'%','info');
INSERT INTO "simulation_impacts" VALUES('cmteol8uv004xn3x07xm3s2fa','cmteol8t1004tn3x0wb8y36gn','cmtenmbf100e6n3mkqyewoqck','cmtenmb9e00bcn3mkvbn5m7pe','risk','Al Hair Primary Transformer 1','محول توزيع رئيسي 1 - الحائر',11.8,11.8,'%','warning');
INSERT INTO "simulation_impacts" VALUES('cmteol9it005wn3x0cwhhz3xj','cmteol9id005tn3x0nyh0mt75',NULL,'cmtenmb9e00bdn3mk9y6raloy','peak_risk','Jeddah','جدة',24.0,33.4,'%','warning');
INSERT INTO "simulation_impacts" VALUES('cmtevjmpg004kn30w337s3w7m','cmtevjmnr004hn30w6qi8zmkn',NULL,'cmtenmb9e00ben3mkys8mct9f','peak_risk','Dammam','الدمام',17.3,21.0,'%','info');
INSERT INTO "simulation_impacts" VALUES('cmtevjmpg004ln30we9p2l6zh','cmtevjmnr004hn30w6qi8zmkn',NULL,'cmtenmb9e00bfn3mk3huq703f','peak_risk','Makkah','مكة المكرمة',16.8,20.5,'%','info');
INSERT INTO "simulation_impacts" VALUES('cmtevjmpg004mn30wdo9lntb8','cmtevjmnr004hn30w6qi8zmkn',NULL,'cmtenmb9e00bdn3mk9y6raloy','peak_risk','Jeddah','جدة',16.2,19.5,'%','info');
INSERT INTO "simulation_impacts" VALUES('cmtevjmpg004nn30wjkygujhl','cmtevjmnr004hn30w6qi8zmkn',NULL,'cmtenmb9e00bjn3mkgqerldr1','peak_risk','Jazan','جازان',15.4,18.6,'%','info');
INSERT INTO "simulation_impacts" VALUES('cmtevjmpg004on30wn31rdbpk','cmtevjmnr004hn30w6qi8zmkn',NULL,'cmtenmb9e00bcn3mkvbn5m7pe','peak_risk','Riyadh','الرياض',15.7,18.9,'%','info');
INSERT INTO "simulation_impacts" VALUES('cmtevjmpg004pn30wf7741714','cmtevjmnr004hn30w6qi8zmkn',NULL,'cmtenmb9e00bgn3mk735rmi2y','peak_risk','Madinah','المدينة المنورة',15.1,18.2,'%','info');
INSERT INTO "simulation_impacts" VALUES('cmtevjmpg004qn30wjvdv1bn9','cmtevjmnr004hn30w6qi8zmkn',NULL,'cmtenmb9e00bin3mk71ynl44h','peak_risk','NEOM','نيوم',13.4,16.5,'%','info');
INSERT INTO "simulation_impacts" VALUES('cmtevjmpg004rn30wfxrx2hpm','cmtevjmnr004hn30w6qi8zmkn',NULL,'cmtenmb9e00bhn3mkeselfsd9','peak_risk','Tabuk','تبوك',11.9,14.9,'%','info');
INSERT INTO "simulation_impacts" VALUES('cmtevjmpg004sn30w0wchhgw5','cmtevjmnr004hn30w6qi8zmkn',NULL,'cmtenmb9e00bln3mk5zzb69av','peak_risk','Qassim','القصيم',14.0,16.9,'%','info');
INSERT INTO "simulation_impacts" VALUES('cmtevjmpg004tn30w5ypivwo8','cmtevjmnr004hn30w6qi8zmkn',NULL,'cmtenmb9e00bkn3mkbi9fv0v5','peak_risk','Abha','أبها',9.8,12.5,'%','info');
INSERT INTO "simulation_impacts" VALUES('cmtevjmtk0051n30wq6g2mbnl','cmtevjmry004xn30wjvy7kdcj','cmtenmbf100e6n3mkqyewoqck','cmtenmb9e00bcn3mkvbn5m7pe','risk','Al Hair Primary Transformer 1','محول توزيع رئيسي 1 - الحائر',11.4,11.4,'%','warning');
INSERT INTO "simulation_impacts" VALUES('cmtevjnjk0060n30wrd6glkqn','cmtevjnj5005xn30wl2ei90ca',NULL,'cmtenmb9e00bdn3mk9y6raloy','peak_risk','Jeddah','جدة',16.2,27.6,'%','warning');
INSERT INTO "simulation_impacts" VALUES('cmtewbr2x00dnn3morj2x080v','cmtewbr1300dkn3mony9uu5zt',NULL,'cmtenmb9e00ben3mkys8mct9f','peak_risk','Dammam','الدمام',17.0,20.6,'%','info');
INSERT INTO "simulation_impacts" VALUES('cmtewbr2x00don3modqy7vdpq','cmtewbr1300dkn3mony9uu5zt',NULL,'cmtenmb9e00bfn3mk3huq703f','peak_risk','Makkah','مكة المكرمة',16.6,20.1,'%','info');
INSERT INTO "simulation_impacts" VALUES('cmtewbr2x00dpn3molw6t3pd7','cmtewbr1300dkn3mony9uu5zt',NULL,'cmtenmb9e00bdn3mk9y6raloy','peak_risk','Jeddah','جدة',16.1,19.3,'%','info');
INSERT INTO "simulation_impacts" VALUES('cmtewbr2x00dqn3mo1ky2brgs','cmtewbr1300dkn3mony9uu5zt',NULL,'cmtenmb9e00bgn3mk735rmi2y','peak_risk','Madinah','المدينة المنورة',14.8,18.0,'%','info');
INSERT INTO "simulation_impacts" VALUES('cmtewbr2x00drn3momstx2in2','cmtewbr1300dkn3mony9uu5zt',NULL,'cmtenmb9e00bjn3mkgqerldr1','peak_risk','Jazan','جازان',15.3,18.5,'%','info');
INSERT INTO "simulation_impacts" VALUES('cmtewbr2x00dsn3modluvl26p','cmtewbr1300dkn3mony9uu5zt',NULL,'cmtenmb9e00bcn3mkvbn5m7pe','peak_risk','Riyadh','الرياض',15.5,18.6,'%','info');
INSERT INTO "simulation_impacts" VALUES('cmtewbr2x00dtn3mo2th9o221','cmtewbr1300dkn3mony9uu5zt',NULL,'cmtenmb9e00bhn3mkeselfsd9','peak_risk','Tabuk','تبوك',11.6,14.6,'%','info');
INSERT INTO "simulation_impacts" VALUES('cmtewbr2x00dun3mo3d8k43sf','cmtewbr1300dkn3mony9uu5zt',NULL,'cmtenmb9e00bin3mk71ynl44h','peak_risk','NEOM','نيوم',13.2,16.2,'%','info');
INSERT INTO "simulation_impacts" VALUES('cmtewbr2x00dvn3moarg4t8yp','cmtewbr1300dkn3mony9uu5zt',NULL,'cmtenmb9e00bln3mk5zzb69av','peak_risk','Qassim','القصيم',13.7,16.6,'%','info');
INSERT INTO "simulation_impacts" VALUES('cmtewbr2x00dwn3mowmh2jx9b','cmtewbr1300dkn3mony9uu5zt',NULL,'cmtenmb9e00bkn3mkbi9fv0v5','peak_risk','Abha','أبها',9.8,12.3,'%','info');
INSERT INTO "simulation_impacts" VALUES('cmtewbr7h00e4n3mom54tbrci','cmtewbr5t00e0n3mo0vel9r0z','cmtenmbf100e6n3mkqyewoqck','cmtenmb9e00bcn3mkvbn5m7pe','risk','Al Hair Primary Transformer 1','محول توزيع رئيسي 1 - الحائر',11.2,11.2,'%','warning');
INSERT INTO "simulation_impacts" VALUES('cmtewbrwm00f3n3mo3c6kso4p','cmtewbrw700f0n3monfwc5h70',NULL,'cmtenmb9e00bdn3mk9y6raloy','peak_risk','Jeddah','جدة',16.1,27.4,'%','warning');
INSERT INTO "simulation_impacts" VALUES('cmtews1hi0076n3awyxk195qk','cmtews1h00073n3awwtlovmd6',NULL,'cmtenmb9e00ben3mkys8mct9f','peak_risk','Dammam','الدمام',16.9,20.3,'%','info');
INSERT INTO "simulation_impacts" VALUES('cmtews1hi0077n3awr7y6fqwm','cmtews1h00073n3awwtlovmd6',NULL,'cmtenmb9e00bfn3mk3huq703f','peak_risk','Makkah','مكة المكرمة',16.5,19.9,'%','info');
INSERT INTO "simulation_impacts" VALUES('cmtews1hi0078n3awwu0l7al8','cmtews1h00073n3awwtlovmd6',NULL,'cmtenmb9e00bdn3mk9y6raloy','peak_risk','Jeddah','جدة',16.0,19.2,'%','info');
INSERT INTO "simulation_impacts" VALUES('cmtews1hi0079n3aws2dt01h5','cmtews1h00073n3awwtlovmd6',NULL,'cmtenmb9e00bgn3mk735rmi2y','peak_risk','Madinah','المدينة المنورة',14.7,17.8,'%','info');
INSERT INTO "simulation_impacts" VALUES('cmtews1hi007an3aw9yjyigrw','cmtews1h00073n3awwtlovmd6',NULL,'cmtenmb9e00bjn3mkgqerldr1','peak_risk','Jazan','جازان',15.2,18.3,'%','info');
INSERT INTO "simulation_impacts" VALUES('cmtews1hj007bn3awysfnfsc9','cmtews1h00073n3awwtlovmd6',NULL,'cmtenmb9e00bcn3mkvbn5m7pe','peak_risk','Riyadh','الرياض',15.4,18.5,'%','info');
INSERT INTO "simulation_impacts" VALUES('cmtews1hj007cn3awxdbhln9n','cmtews1h00073n3awwtlovmd6',NULL,'cmtenmb9e00bin3mk71ynl44h','peak_risk','NEOM','نيوم',13.1,16.1,'%','info');
INSERT INTO "simulation_impacts" VALUES('cmtews1hj007dn3aw668pejjq','cmtews1h00073n3awwtlovmd6',NULL,'cmtenmb9e00bhn3mkeselfsd9','peak_risk','Tabuk','تبوك',11.5,14.5,'%','info');
INSERT INTO "simulation_impacts" VALUES('cmtews1hj007en3awrnqja64e','cmtews1h00073n3awwtlovmd6',NULL,'cmtenmb9e00bln3mk5zzb69av','peak_risk','Qassim','القصيم',13.6,16.5,'%','info');
INSERT INTO "simulation_impacts" VALUES('cmtews1hj007fn3aw04a57cae','cmtews1h00073n3awwtlovmd6',NULL,'cmtenmb9e00bkn3mkbi9fv0v5','peak_risk','Abha','أبها',9.8,12.1,'%','info');
INSERT INTO "simulation_impacts" VALUES('cmtews1lj007nn3awwlnn258t','cmtews1jn007jn3aw8m0w7nnw','cmtenmbf100e6n3mkqyewoqck','cmtenmb9e00bcn3mkvbn5m7pe','risk','Al Hair Primary Transformer 1','محول توزيع رئيسي 1 - الحائر',11.2,11.2,'%','warning');
INSERT INTO "simulation_impacts" VALUES('cmtews270008mn3aw0a690d1c','cmtews26k008jn3awods6fscy',NULL,'cmtenmb9e00bdn3mk9y6raloy','peak_risk','Jeddah','جدة',16.0,27.2,'%','warning');
INSERT INTO "simulation_impacts" VALUES('cmtewwyyp00ren3aw9tdyae0y','cmtewwyxp00rbn3aw5ub9sqfx',NULL,'cmtenmb9e00ben3mkys8mct9f','peak_risk','Dammam','الدمام',16.9,20.3,'%','info');
INSERT INTO "simulation_impacts" VALUES('cmtewwyyp00rfn3aw7s8lidzn','cmtewwyxp00rbn3aw5ub9sqfx',NULL,'cmtenmb9e00bfn3mk3huq703f','peak_risk','Makkah','مكة المكرمة',16.4,19.8,'%','info');
INSERT INTO "simulation_impacts" VALUES('cmtewwyyp00rgn3awae3zeise','cmtewwyxp00rbn3aw5ub9sqfx',NULL,'cmtenmb9e00bdn3mk9y6raloy','peak_risk','Jeddah','جدة',15.9,19.2,'%','info');
INSERT INTO "simulation_impacts" VALUES('cmtewwyyp00rhn3awyls8plmz','cmtewwyxp00rbn3aw5ub9sqfx',NULL,'cmtenmb9e00bcn3mkvbn5m7pe','peak_risk','Riyadh','الرياض',15.3,18.5,'%','info');
INSERT INTO "simulation_impacts" VALUES('cmtewwyyp00rin3awnytq1yt4','cmtewwyxp00rbn3aw5ub9sqfx',NULL,'cmtenmb9e00bgn3mk735rmi2y','peak_risk','Madinah','المدينة المنورة',14.7,17.8,'%','info');
INSERT INTO "simulation_impacts" VALUES('cmtewwyyp00rjn3aw81rmscs6','cmtewwyxp00rbn3aw5ub9sqfx',NULL,'cmtenmb9e00bjn3mkgqerldr1','peak_risk','Jazan','جازان',15.2,18.3,'%','info');
INSERT INTO "simulation_impacts" VALUES('cmtewwyyp00rkn3awtd7if9x9','cmtewwyxp00rbn3aw5ub9sqfx',NULL,'cmtenmb9e00bhn3mkeselfsd9','peak_risk','Tabuk','تبوك',11.4,14.4,'%','info');
INSERT INTO "simulation_impacts" VALUES('cmtewwyyp00rln3awu7b89isq','cmtewwyxp00rbn3aw5ub9sqfx',NULL,'cmtenmb9e00bin3mk71ynl44h','peak_risk','NEOM','نيوم',13.0,16.0,'%','info');
INSERT INTO "simulation_impacts" VALUES('cmtewwyyp00rmn3awfh1z9i7j','cmtewwyxp00rbn3aw5ub9sqfx',NULL,'cmtenmb9e00bln3mk5zzb69av','peak_risk','Qassim','القصيم',13.5,16.4,'%','info');
INSERT INTO "simulation_impacts" VALUES('cmtewwyyp00rnn3awj75j989o','cmtewwyxp00rbn3aw5ub9sqfx',NULL,'cmtenmb9e00bkn3mkbi9fv0v5','peak_risk','Abha','أبها',9.8,12.1,'%','info');
INSERT INTO "simulation_impacts" VALUES('cmtewwz1t00rvn3awsbwad3o2','cmtewwz0s00rrn3aw9t90ns84','cmtenmbf100e6n3mkqyewoqck','cmtenmb9e00bcn3mkvbn5m7pe','risk','Al Hair Primary Transformer 1','محول توزيع رئيسي 1 - الحائر',11.2,11.2,'%','warning');
INSERT INTO "simulation_impacts" VALUES('cmtewwzov00sun3awjzm00fg3','cmtewwzof00srn3aw5sovcafh',NULL,'cmtenmb9e00bdn3mk9y6raloy','peak_risk','Jeddah','جدة',15.9,26.8,'%','warning');
INSERT INTO "simulation_impacts" VALUES('cmtexf4hd0008n3n0l1nt963g','cmtexf4gk0005n3n0iarsnrwn',NULL,'cmtenmb9e00bgn3mk735rmi2y','peak_risk','Madinah','المدينة المنورة',14.6,31.5,'%','critical');
INSERT INTO "simulation_impacts" VALUES('cmtexf4hd0009n3n0sjwe8yq0','cmtexf4gk0005n3n0iarsnrwn',NULL,'cmtenmb9e00bdn3mk9y6raloy','peak_risk','Jeddah','جدة',15.9,29.2,'%','warning');
INSERT INTO "simulation_impacts" VALUES('cmtexf4hd000an3n05supug8d','cmtexf4gk0005n3n0iarsnrwn',NULL,'cmtenmb9e00bfn3mk3huq703f','peak_risk','Makkah','مكة المكرمة',16.3,29.1,'%','warning');
INSERT INTO "simulation_impacts" VALUES('cmtexf4hd000bn3n0jbdtetuf','cmtexf4gk0005n3n0iarsnrwn',NULL,'cmtenmb9e00bkn3mkbi9fv0v5','peak_risk','Abha','أبها',9.8,22.5,'%','warning');
INSERT INTO "simulation_impacts" VALUES('cmtexf4hd000cn3n01rbul1t2','cmtexf4gk0005n3n0iarsnrwn',NULL,'cmtenmb9e00bin3mk71ynl44h','peak_risk','NEOM','نيوم',13.0,23.4,'%','warning');
INSERT INTO "simulation_impacts" VALUES('cmtexf4hd000dn3n0feg469l0','cmtexf4gk0005n3n0iarsnrwn',NULL,'cmtenmb9e00bln3mk5zzb69av','peak_risk','Qassim','القصيم',13.4,23.4,'%','warning');
INSERT INTO "simulation_impacts" VALUES('cmtexf4hd000en3n0cjim4tz0','cmtexf4gk0005n3n0iarsnrwn',NULL,'cmtenmb9e00bhn3mkeselfsd9','peak_risk','Tabuk','تبوك',11.3,18.4,'%','warning');
INSERT INTO "simulation_impacts" VALUES('cmtexf4hd000fn3n0fqwsjk6q','cmtexf4gk0005n3n0iarsnrwn',NULL,'cmtenmb9e00ben3mkys8mct9f','peak_risk','Dammam','الدمام',16.9,23.2,'%','warning');
INSERT INTO "simulation_impacts" VALUES('cmtexf4hd000gn3n0e2y3vymg','cmtexf4gk0005n3n0iarsnrwn',NULL,'cmtenmb9e00bcn3mkvbn5m7pe','peak_risk','Riyadh','الرياض',15.2,20.2,'%','info');
INSERT INTO "simulation_impacts" VALUES('cmtexf4hd000hn3n00gyf8zt7','cmtexf4gk0005n3n0iarsnrwn',NULL,'cmtenmb9e00bjn3mkgqerldr1','peak_risk','Jazan','جازان',15.2,18.1,'%','info');
CREATE TABLE "simulation_results" (
    "id" TEXT NOT NULL PRIMARY KEY,
    "simulationId" TEXT NOT NULL,
    "riskBefore" REAL NOT NULL,
    "riskAfter" REAL NOT NULL,
    "stabilityBefore" REAL NOT NULL,
    "stabilityAfter" REAL NOT NULL,
    "voltageBefore" REAL NOT NULL,
    "voltageAfter" REAL NOT NULL,
    "frequencyBefore" REAL NOT NULL,
    "frequencyAfter" REAL NOT NULL,
    "loadBeforeMw" REAL NOT NULL,
    "loadAfterMw" REAL NOT NULL,
    "assetStressBefore" REAL NOT NULL,
    "assetStressAfter" REAL NOT NULL,
    "failureProbBefore" REAL NOT NULL,
    "failureProbAfter" REAL NOT NULL,
    "regionsAffected" INTEGER NOT NULL,
    "customersImpacted" INTEGER NOT NULL,
    "economicImpactSar" REAL NOT NULL,
    "recoveryTimeMin" INTEGER NOT NULL,
    "energyNotServedMwh" REAL NOT NULL,
    "co2AvoidedTons" REAL NOT NULL DEFAULT 0,
    "verdict" TEXT NOT NULL,
    "verdictAr" TEXT NOT NULL,
    "createdAt" DATETIME NOT NULL DEFAULT CURRENT_TIMESTAMP,
    CONSTRAINT "simulation_results_simulationId_fkey" FOREIGN KEY ("simulationId") REFERENCES "simulations" ("id") ON DELETE CASCADE ON UPDATE CASCADE
);
INSERT INTO "simulation_results" VALUES('cmteo9jl5009zn3u06030sgvb','cmteo9jkx009xn3u0y7mjb3pq',27.7,52.9,95.3,93.8,0.484,0.405,59.989,59.989,37883.3,43245.3,47.96,54.26,0.277,0.529,0,0,0.0,134,0.0,0.0,'The scenario pushes the grid materially past its present risk level and requires a mitigation plan.','يدفع السيناريو الشبكة إلى ما يتجاوز مستوى خطرها الحالي بوضوح ويستدعي خطة تخفيف.',1788025580393);
INSERT INTO "simulation_results" VALUES('cmteo9jox00aen3u0n9bpumzz','cmteo9jnk00acn3u0xw82e579',11.8,11.8,95.3,95.3,13.806,13.806,59.989,59.989,33.31,33.31,52.88,52.88,0.118,0.118,0,0,0.0,0,0.0,0.0,'The selected actions reduce risk but do not fully clear the predicted event.','تخفّض الإجراءات المختارة الخطر لكنها لا تزيل الحدث المتوقع بالكامل.',1788025580529);
INSERT INTO "simulation_results" VALUES('cmteo9kee00ben3u04jnn3ok5','cmteo9ke700bcn3u0o483itfm',27.7,34.6,95.3,95.3,0.484,0.462,59.989,59.989,37882.2,39249.7,47.95,49.45,0.277,0.346,0,0,0.0,113,0.0,0.0,'The scenario is absorbable but erodes margin; monitor the affected region closely.','يمكن استيعاب السيناريو لكنه يقلّص الهامش؛ يلزم متابعة المنطقة المتأثرة عن قرب.',1788025581447);
INSERT INTO "simulation_results" VALUES('cmteol8q5004fn3x0he0xf84m','cmteol8pr004dn3x02lsypk0d',26.3,51.6,95.3,93.9,0.506,0.415,59.991,59.991,37259.4,42476.5,47.05,53.18,0.263,0.516,0,0,0.0,132,0.0,0.0,'The scenario pushes the grid materially past its present risk level and requires a mitigation plan.','يدفع السيناريو الشبكة إلى ما يتجاوز مستوى خطرها الحالي بوضوح ويستدعي خطة تخفيف.',1788026126190);
INSERT INTO "simulation_results" VALUES('cmteol8uo004vn3x0efvl7ivb','cmteol8t1004tn3x0wb8y36gn',11.8,11.8,95.3,95.3,13.81,13.81,59.991,59.991,32.09,32.09,50.93,50.93,0.118,0.118,0,0,0.0,0,0.0,0.0,'The selected actions reduce risk but do not fully clear the predicted event.','تخفّض الإجراءات المختارة الخطر لكنها لا تزيل الحدث المتوقع بالكامل.',1788026126353);
INSERT INTO "simulation_results" VALUES('cmteol9il005vn3x0l8uhh6dc','cmteol9id005tn3x0nyh0mt75',26.3,33.4,95.3,95.3,0.506,0.485,59.991,59.991,37258.3,38606.9,47.05,48.53,0.263,0.334,0,0,0.0,112,0.0,0.0,'The scenario is absorbable but erodes margin; monitor the affected region closely.','يمكن استيعاب السيناريو لكنه يقلّص الهامش؛ يلزم متابعة المنطقة المتأثرة عن قرب.',1788026127213);
INSERT INTO "simulation_results" VALUES('cmtevjmp5004jn30wfhcel78t','cmtevjmnr004hn30w6qi8zmkn',17.3,21.0,94.5,94.7,1.016,0.927,59.995,59.995,25901.7,28369.1,31.02,33.8,0.173,0.21,0,0,0.0,98,0.0,0.0,'The grid absorbs this scenario within its existing margins.','تستوعب الشبكة هذا السيناريو ضمن هوامشها الحالية.',1788037808297);
INSERT INTO "simulation_results" VALUES('cmtevjmtc004zn30w45m1uz7j','cmtevjmry004xn30wjvy7kdcj',11.4,11.4,94.5,94.5,13.91,13.91,59.995,59.995,22.33,22.33,35.45,35.45,0.114,0.114,0,0,0.0,0,0.0,0.0,'The selected actions reduce risk but do not fully clear the predicted event.','تخفّض الإجراءات المختارة الخطر لكنها لا تزيل الحدث المتوقع بالكامل.',1788037808448);
INSERT INTO "simulation_results" VALUES('cmtevjnjc005zn30waofmhgpt','cmtevjnj5005xn30wl2ei90ca',17.3,27.6,94.5,94.6,1.016,0.983,59.995,59.995,25900.8,26875.3,31.02,32.05,0.173,0.276,0,0,0.0,105,0.0,0.0,'The scenario is absorbable but erodes margin; monitor the affected region closely.','يمكن استيعاب السيناريو لكنه يقلّص الهامش؛ يلزم متابعة المنطقة المتأثرة عن قرب.',1788037809385);
INSERT INTO "simulation_results" VALUES('cmtewbr2o00dmn3moaqmkleaf','cmtewbr1300dkn3mony9uu5zt',17.0,20.6,94.2,94.4,1.039,0.958,59.988,59.988,25004.9,27227.5,29.95,32.44,0.17,0.206,0,0,0.0,97,0.0,0.0,'The grid absorbs this scenario within its existing margins.','تستوعب الشبكة هذا السيناريو ضمن هوامشها الحالية.',1788039120337);
INSERT INTO "simulation_results" VALUES('cmtewbr7a00e2n3mox0zhmhfx','cmtewbr5t00e0n3mo0vel9r0z',11.2,11.2,94.2,94.2,13.917,13.917,59.988,59.988,21.58,21.58,34.26,34.26,0.112,0.112,0,0,0.0,0,0.0,0.0,'The selected actions reduce risk but do not fully clear the predicted event.','تخفّض الإجراءات المختارة الخطر لكنها لا تزيل الحدث المتوقع بالكامل.',1788039120502);
INSERT INTO "simulation_results" VALUES('cmtewbrwe00f2n3mo89jerzwl','cmtewbrw700f0n3monfwc5h70',17.0,27.4,94.2,94.3,1.039,1.007,59.988,59.988,25004.2,25950.7,29.95,30.95,0.17,0.274,0,0,0.0,105,0.0,0.0,'The scenario is absorbable but erodes margin; monitor the affected region closely.','يمكن استيعاب السيناريو لكنه يقلّص الهامش؛ يلزم متابعة المنطقة المتأثرة عن قرب.',1788039121406);
INSERT INTO "simulation_results" VALUES('cmtews1h90075n3awd9kqoceq','cmtews1h00073n3awwtlovmd6',16.9,20.3,94.4,94.6,1.071,0.996,60.005,60.005,24610.6,26719.4,29.44,31.8,0.169,0.203,0,0,0.0,97,0.0,0.0,'The grid absorbs this scenario within its existing margins.','تستوعب الشبكة هذا السيناريو ضمن هوامشها الحالية.',1788039880317);
INSERT INTO "simulation_results" VALUES('cmtews1lb007ln3awr09yeayi','cmtews1jn007jn3aw8m0w7nnw',11.2,11.2,94.4,94.4,13.891,13.891,60.005,60.005,21.25,21.25,33.73,33.73,0.112,0.112,0,0,0.0,0,0.0,0.0,'The selected actions reduce risk but do not fully clear the predicted event.','تخفّض الإجراءات المختارة الخطر لكنها لا تزيل الحدث المتوقع بالكامل.',1788039880463);
INSERT INTO "simulation_results" VALUES('cmtews26r008ln3awab64pnv4','cmtews26k008jn3awods6fscy',16.9,27.2,94.4,94.5,1.072,1.041,60.005,60.005,24610.1,25538.7,29.44,30.42,0.169,0.272,0,0,0.0,105,0.0,0.0,'The scenario is absorbable but erodes margin; monitor the affected region closely.','يمكن استيعاب السيناريو لكنه يقلّص الهامش؛ يلزم متابعة المنطقة المتأثرة عن قرب.',1788039881236);
INSERT INTO "simulation_results" VALUES('cmtewwyyh00rdn3awutp9tq3h','cmtewwyxp00rbn3aw5ub9sqfx',16.9,20.3,94.3,94.5,1.076,1.002,60.006,60.006,24492.3,26569.4,29.28,31.61,0.169,0.203,0,0,0.0,97,0.0,0.0,'The grid absorbs this scenario within its existing margins.','تستوعب الشبكة هذا السيناريو ضمن هوامشها الحالية.',1788040110329);
INSERT INTO "simulation_results" VALUES('cmtewwz1k00rtn3awhlt83gtl','cmtewwz0s00rrn3aw9t90ns84',11.2,11.2,94.3,94.3,13.893,13.893,60.006,60.006,21.23,21.23,33.7,33.7,0.112,0.112,0,0,0.0,0,0.0,0.0,'The selected actions reduce risk but do not fully clear the predicted event.','تخفّض الإجراءات المختارة الخطر لكنها لا تزيل الحدث المتوقع بالكامل.',1788040110440);
INSERT INTO "simulation_results" VALUES('cmtewwzon00stn3aw6push9y8','cmtewwzof00srn3aw5sovcafh',16.9,26.8,94.3,94.4,1.076,1.046,60.006,60.006,24491.8,25413.4,29.28,30.26,0.169,0.268,0,0,0.0,104,0.0,0.0,'The scenario is absorbable but erodes margin; monitor the affected region closely.','يمكن استيعاب السيناريو لكنه يقلّص الهامش؛ يلزم متابعة المنطقة المتأثرة عن قرب.',1788040111271);
INSERT INTO "simulation_results" VALUES('cmtexf4gx0007n3n0y0fix7dm','cmtexf4gk0005n3n0iarsnrwn',16.9,31.5,94.5,95.2,1.097,0.843,60.001,60.001,24081.9,31306.5,28.79,37.42,0.169,0.315,0,0,0.0,110,0.0,0.0,'The scenario is absorbable but erodes margin; monitor the affected region closely.','يمكن استيعاب السيناريو لكنه يقلّص الهامش؛ يلزم متابعة المنطقة المتأثرة عن قرب.',1788040957281);
CREATE TABLE "simulations" (
    "id" TEXT NOT NULL PRIMARY KEY,
    "code" TEXT NOT NULL,
    "scenarioId" TEXT,
    "name" TEXT NOT NULL,
    "nameAr" TEXT NOT NULL,
    "kind" TEXT NOT NULL,
    "status" TEXT NOT NULL DEFAULT 'completed',
    "createdById" TEXT,
    "startedAt" DATETIME NOT NULL DEFAULT CURRENT_TIMESTAMP,
    "completedAt" DATETIME,
    "durationMs" INTEGER NOT NULL DEFAULT 0,
    "horizonMin" INTEGER NOT NULL DEFAULT 60,
    "appliedActions" TEXT,
    "notes" TEXT,
    CONSTRAINT "simulations_scenarioId_fkey" FOREIGN KEY ("scenarioId") REFERENCES "scenarios" ("id") ON DELETE SET NULL ON UPDATE CASCADE,
    CONSTRAINT "simulations_createdById_fkey" FOREIGN KEY ("createdById") REFERENCES "users" ("id") ON DELETE SET NULL ON UPDATE CASCADE
);
INSERT INTO "simulations" VALUES('cmteo9jkx009xn3u0y7mjb3pq','SIM-MTEO9JKW','cmtenmd8800n6n3mkvhoj84u0','Extreme heat wave','موجة حر شديدة','what_if','completed','cmtenmb7c00axn3mkffhdg12i',1788025580364,1788025580384,20,360,NULL,NULL);
INSERT INTO "simulations" VALUES('cmteo9jnk00acn3u0xw82e579','SIM-MTEO9JNH',NULL,'Preventive action — T-108','إجراء وقائي — T-108','preventive_action','completed','cmtenmb7c00axn3mkffhdg12i',1788025580467,1788025580479,12,45,'',NULL);
INSERT INTO "simulations" VALUES('cmteo9ke700bcn3u0o483itfm','SIM-MTEO9KE7',NULL,'Copilot — load +25%','المساعد — زيادة الحمل 25٪','what_if','completed','cmtenmb7c00axn3mkffhdg12i',1788025581425,1788025581439,14,120,NULL,NULL);
INSERT INTO "simulations" VALUES('cmteol8pr004dn3x02lsypk0d','SIM-MTEOL8PQ','cmtenmd8800n6n3mkvhoj84u0','Extreme heat wave','موجة حر شديدة','what_if','completed','cmtenmb7c00axn3mkffhdg12i',1788026126158,1788026126174,16,360,NULL,NULL);
INSERT INTO "simulations" VALUES('cmteol8t1004tn3x0wb8y36gn','SIM-MTEOL8SZ',NULL,'Preventive action — T-108','إجراء وقائي — T-108','preventive_action','completed','cmtenmb7c00axn3mkffhdg12i',1788026126281,1788026126292,11,45,'',NULL);
INSERT INTO "simulations" VALUES('cmteol9id005tn3x0nyh0mt75','SIM-MTEOL9IC',NULL,'Copilot — load +25%','المساعد — زيادة الحمل 25٪','what_if','completed','cmtenmb7c00axn3mkffhdg12i',1788026127189,1788026127204,15,120,NULL,NULL);
INSERT INTO "simulations" VALUES('cmtevjmnr004hn30w6qi8zmkn','SIM-MTEVJMNP','cmtenmd8800n6n3mkvhoj84u0','Extreme heat wave','موجة حر شديدة','what_if','completed','cmtenmb7c00axn3mkffhdg12i',1788037808229,1788037808246,17,360,NULL,NULL);
INSERT INTO "simulations" VALUES('cmtevjmry004xn30wjvy7kdcj','SIM-MTEVJMRV',NULL,'Preventive action — T-108','إجراء وقائي — T-108','preventive_action','completed','cmtenmb7c00axn3mkffhdg12i',1788037808385,1788037808396,11,45,'',NULL);
INSERT INTO "simulations" VALUES('cmtevjnj5005xn30wl2ei90ca','SIM-MTEVJNJ3',NULL,'Copilot — load +25%','المساعد — زيادة الحمل 25٪','what_if','completed','cmtenmb7c00axn3mkffhdg12i',1788037809360,1788037809375,15,120,NULL,NULL);
INSERT INTO "simulations" VALUES('cmtewbr1300dkn3mony9uu5zt','SIM-MTEWBR12','cmtenmd8800n6n3mkvhoj84u0','Extreme heat wave','موجة حر شديدة','what_if','completed','cmtenmb7c00axn3mkffhdg12i',1788039120262,1788039120278,16,360,NULL,NULL);
INSERT INTO "simulations" VALUES('cmtewbr5t00e0n3mo0vel9r0z','SIM-MTEWBR5R',NULL,'Preventive action — T-108','إجراء وقائي — T-108','preventive_action','completed','cmtenmb7c00axn3mkffhdg12i',1788039120437,1788039120448,11,45,'',NULL);
INSERT INTO "simulations" VALUES('cmtewbrw700f0n3monfwc5h70','SIM-MTEWBRW6',NULL,'Copilot — load +25%','المساعد — زيادة الحمل 25٪','what_if','completed','cmtenmb7c00axn3mkffhdg12i',1788039121384,1788039121398,14,120,NULL,NULL);
INSERT INTO "simulations" VALUES('cmtews1h00073n3awwtlovmd6','SIM-MTEWS1GZ','cmtenmd8800n6n3mkvhoj84u0','Extreme heat wave','موجة حر شديدة','what_if','completed','cmtenmb7c00axn3mkffhdg12i',1788039880287,1788039880307,20,360,NULL,NULL);
INSERT INTO "simulations" VALUES('cmtews1jn007jn3aw8m0w7nnw','SIM-MTEWS1JL',NULL,'Preventive action — T-108','إجراء وقائي — T-108','preventive_action','completed','cmtenmb7c00axn3mkffhdg12i',1788039880386,1788039880403,17,45,'',NULL);
INSERT INTO "simulations" VALUES('cmtews26k008jn3awods6fscy','SIM-MTEWS26J',NULL,'Copilot — load +25%','المساعد — زيادة الحمل 25٪','what_if','completed','cmtenmb7c00axn3mkffhdg12i',1788039881202,1788039881227,25,120,NULL,NULL);
INSERT INTO "simulations" VALUES('cmtewwyxp00rbn3aw5ub9sqfx','SIM-MTEWWYXO','cmtenmd8800n6n3mkvhoj84u0','Extreme heat wave','موجة حر شديدة','what_if','completed','cmtenmb7c00axn3mkffhdg12i',1788040110285,1788040110300,15,360,NULL,NULL);
INSERT INTO "simulations" VALUES('cmtewwz0s00rrn3aw9t90ns84','SIM-MTEWWZ0R',NULL,'Preventive action — T-108','إجراء وقائي — T-108','preventive_action','completed','cmtenmb7c00axn3mkffhdg12i',1788040110400,1788040110412,12,45,'',NULL);
INSERT INTO "simulations" VALUES('cmtewwzof00srn3aw5sovcafh','SIM-MTEWWZOE',NULL,'Copilot — load +25%','المساعد — زيادة الحمل 25٪','what_if','completed','cmtenmb7c00axn3mkffhdg12i',1788040111248,1788040111262,14,120,NULL,NULL);
INSERT INTO "simulations" VALUES('cmtexf4gk0005n3n0iarsnrwn','SIM-MTEXF4FQ','cmtenmd8800n4n3mkvk7ws2o6','30 % load increase','زيادة الحمل ٣٠٪','what_if','completed','cmtenmb7c00axn3mkffhdg12i',1788040957184,1788040957238,54,120,NULL,NULL);
CREATE TABLE "sites" (
    "id" TEXT NOT NULL PRIMARY KEY,
    "code" TEXT NOT NULL,
    "name" TEXT NOT NULL,
    "nameAr" TEXT NOT NULL,
    "regionId" TEXT NOT NULL,
    "kind" TEXT NOT NULL,
    "lat" REAL NOT NULL,
    "lon" REAL NOT NULL,
    "voltageLevelKv" REAL NOT NULL,
    "commissionedAt" DATETIME NOT NULL,
    "createdAt" DATETIME NOT NULL DEFAULT CURRENT_TIMESTAMP,
    CONSTRAINT "sites_regionId_fkey" FOREIGN KEY ("regionId") REFERENCES "regions" ("id") ON DELETE CASCADE ON UPDATE CASCADE
);
INSERT INTO "sites" VALUES('cmtenmbal00bvn3mkosyl27ri','SS-RYD-01','Al Hair Substation','محطة تحويل الحائر','cmtenmb9e00bcn3mkvbn5m7pe','substation',24.360354192998631,46.777581121974812,380.0,1216853645373,1788024496557);
INSERT INTO "sites" VALUES('cmtenmbal00bwn3mke0xnz6k9','SS-RYD-02','Salboukh Substation','محطة تحويل السلبوخ','cmtenmb9e00bcn3mkvbn5m7pe','substation',25.07672242038548,46.426969385572903,380.0,1130366415756,1788024496557);
INSERT INTO "sites" VALUES('cmtenmbal00bxn3mkbyhfu2lh','SS-RYD-03','Al Faisaliyah Substation','محطة تحويل الفيصلية','cmtenmb9e00bcn3mkvbn5m7pe','substation',24.763797088019921,46.691235043543578,132.0,1504555777229,1788024496557);
INSERT INTO "sites" VALUES('cmtenmbal00byn3mk5s2fum1y','SS-RYD-04','Al Naseem Substation','محطة تحويل النسيم','cmtenmb9e00bcn3mkvbn5m7pe','substation',24.79935381778181,46.824838046475499,380.0,890527326488,1788024496557);
INSERT INTO "sites" VALUES('cmtenmbal00bzn3mkm9o1cuyz','SS-RYD-05','Diriyah Substation','محطة تحويل الدرعية','cmtenmb9e00bcn3mkvbn5m7pe','substation',24.860056863870849,46.506597737089919,380.0,801524147238,1788024496557);
INSERT INTO "sites" VALUES('cmtenmbal00c0n3mkqnspf8w1','SS-RYD-06','Al Rimal Substation','محطة تحويل الرمال','cmtenmb9e00bcn3mkvbn5m7pe','substation',24.834149156405029,46.970270750231293,132.0,1296192821415,1788024496557);
INSERT INTO "sites" VALUES('cmtenmbal00c1n3mkaf7vne4q','SS-RYD-07','Irqah Substation','محطة تحويل عرقة','cmtenmb9e00bcn3mkvbn5m7pe','substation',24.734837689787518,46.509274529653787,380.0,1515932721581,1788024496557);
INSERT INTO "sites" VALUES('cmtenmbal00c2n3mkh61w6ky6','SS-RYD-08','Al Malaz Substation','محطة تحويل الملز','cmtenmb9e00bcn3mkvbn5m7pe','substation',24.682746348880599,46.737637432401257,380.0,1407093545647,1788024496557);
INSERT INTO "sites" VALUES('cmtenmbal00c3n3mkj1yu1l3m','SS-RYD-09','Sulaymaniyah Substation','محطة تحويل السليمانية','cmtenmb9e00bcn3mkvbn5m7pe','substation',24.76147962730974,46.660708667754378,132.0,842309711998,1788024496557);
INSERT INTO "sites" VALUES('cmtenmbal00c4n3mkccf11vmc','SS-RYD-10','Al Kharj Road Substation','محطة تحويل طريق الخرج','cmtenmb9e00bcn3mkvbn5m7pe','substation',24.498515360324081,46.929899080905322,380.0,1530126334334,1788024496557);
INSERT INTO "sites" VALUES('cmtenmbal00c5n3mkm16xrow3','SS-RYD-11','Al Hair Substation','محطة تحويل الحائر','cmtenmb9e00bcn3mkvbn5m7pe','substation',24.3907249777358,46.786432204029708,380.0,1444371894315,1788024496557);
INSERT INTO "sites" VALUES('cmtenmbal00c6n3mk13vpl4dt','PL-RYD-1','Salboukh Power Plant','محطة توليد السلبوخ','cmtenmb9e00bcn3mkvbn5m7pe','power_plant',25.07672242038548,46.426969385572903,380.0,1152015078063,1788024496557);
INSERT INTO "sites" VALUES('cmtenmbal00c7n3mkp1g6k7s3','PL-RYD-2','Al Faisaliyah Power Plant','محطة توليد الفيصلية','cmtenmb9e00bcn3mkvbn5m7pe','power_plant',24.763797088019921,46.691235043543578,380.0,1149309607780,1788024496557);
INSERT INTO "sites" VALUES('cmtenmbal00c8n3mkxludfghx','PL-RYD-3','Al Naseem Power Plant','محطة توليد النسيم','cmtenmb9e00bcn3mkvbn5m7pe','power_plant',24.79935381778181,46.824838046475499,380.0,1314445968468,1788024496557);
INSERT INTO "sites" VALUES('cmtenmbal00c9n3mk080d8p30','SL-RYD-1','Al Faisaliyah Solar Park','المجمع الشمسي الفيصلية','cmtenmb9e00bcn3mkvbn5m7pe','solar_farm',24.94379708801992,46.891235043543581,132.0,1671100011917,1788024496557);
INSERT INTO "sites" VALUES('cmtenmbal00can3mksc9gwaj8','SL-RYD-2','Al Naseem Solar Park','المجمع الشمسي النسيم','cmtenmb9e00bcn3mkvbn5m7pe','solar_farm',24.97935381778181,47.024838046475502,132.0,1577484608995,1788024496557);
INSERT INTO "sites" VALUES('cmtenmbal00cbn3mkv1hllycf','SS-JED-01','Obhur Substation','محطة تحويل أبحر','cmtenmb9e00bdn3mk9y6raloy','substation',21.76190029628501,39.157779652057222,380.0,888353684565,1788024496557);
INSERT INTO "sites" VALUES('cmtenmbal00ccn3mka6difpch','SS-JED-02','Al Rehab Substation','محطة تحويل الرحاب','cmtenmb9e00bdn3mk9y6raloy','substation',21.539013615827269,39.233156503830102,380.0,787026082090,1788024496557);
INSERT INTO "sites" VALUES('cmtenmbal00cdn3mkog3lvjhj','SS-JED-03','Al Hamra Substation','محطة تحويل الحمراء','cmtenmb9e00bdn3mk9y6raloy','substation',21.494512381515651,39.167571000289172,132.0,1121599532732,1788024496557);
INSERT INTO "sites" VALUES('cmtenmbal00cen3mkyt0vt11t','SS-JED-04','Bahrah Substation','محطة تحويل بحرة','cmtenmb9e00bdn3mk9y6raloy','substation',21.384173428275808,39.505693344967447,380.0,1573222713214,1788024496557);
INSERT INTO "sites" VALUES('cmtenmbal00cfn3mkcxwei9nq','SS-JED-05','Thuwal Substation','محطة تحويل ثول','cmtenmb9e00bdn3mk9y6raloy','substation',22.217678673089669,39.119813132639983,380.0,1480234043982,1788024496557);
INSERT INTO "sites" VALUES('cmtenmbal00cgn3mk55t9oglm','SS-JED-06','Al Salamah Substation','محطة تحويل السلامة','cmtenmb9e00bdn3mk9y6raloy','substation',21.55269103245735,39.201001708591363,132.0,1277784543454,1788024496557);
INSERT INTO "sites" VALUES('cmtenmbam00chn3mkvan58wgr','PL-JED-1','Al Rehab Power Plant','محطة توليد الرحاب','cmtenmb9e00bdn3mk9y6raloy','power_plant',21.539013615827269,39.233156503830102,380.0,1546263373801,1788024496557);
INSERT INTO "sites" VALUES('cmtenmbam00cin3mkpf0p9841','PL-JED-2','Al Hamra Power Plant','محطة توليد الحمراء','cmtenmb9e00bdn3mk9y6raloy','power_plant',21.494512381515651,39.167571000289172,380.0,1242985386758,1788024496557);
INSERT INTO "sites" VALUES('cmtenmbam00cjn3mk5a447upi','SL-JED-1','Al Hamra Solar Park','المجمع الشمسي الحمراء','cmtenmb9e00bdn3mk9y6raloy','solar_farm',21.674512381515651,39.367571000289168,132.0,1624212189695,1788024496557);
INSERT INTO "sites" VALUES('cmtenmbam00ckn3mkso608kmb','SS-DMM-01','Jubail Substation','محطة تحويل الجبيل','cmtenmb9e00ben3mkys8mct9f','substation',27.025664448772371,49.790067587607723,380.0,920218770083,1788024496557);
INSERT INTO "sites" VALUES('cmtenmbam00cln3mkhkg2yklo','SS-DMM-02','Qatif Substation','محطة تحويل القطيف','cmtenmb9e00ben3mkys8mct9f','substation',26.558295300804819,50.029953622074054,380.0,952570642672,1788024496557);
INSERT INTO "sites" VALUES('cmtenmbam00cmn3mkgctmztz6','SS-DMM-03','Al Khobar Substation','محطة تحويل الخبر','cmtenmb9e00ben3mkys8mct9f','substation',26.274423563095549,50.179464481390269,132.0,1447036749063,1788024496557);
INSERT INTO "sites" VALUES('cmtenmbam00cnn3mklenoenrw','SS-DMM-04','Dhahran Substation','محطة تحويل الظهران','cmtenmb9e00ben3mkys8mct9f','substation',26.309818797611449,50.127482403536519,380.0,1398880651347,1788024496557);
INSERT INTO "sites" VALUES('cmtenmbam00con3mkk8uln75r','SS-DMM-05','Ras Tanura Substation','محطة تحويل رأس تنورة','cmtenmb9e00ben3mkys8mct9f','substation',26.67742044498846,50.098144983939093,380.0,1370609191961,1788024496557);
INSERT INTO "sites" VALUES('cmtenmbam00cpn3mk9muagwe1','SS-DMM-06','Abqaiq Substation','محطة تحويل بقيق','cmtenmb9e00ben3mkys8mct9f','substation',25.988842164293679,49.921465364975113,132.0,1483561923914,1788024496557);
INSERT INTO "sites" VALUES('cmtenmbam00cqn3mk237bikw1','SS-DMM-07','Safwa Substation','محطة تحويل صفوى','cmtenmb9e00ben3mkys8mct9f','substation',26.636627062099802,49.983228164437414,380.0,983107314121,1788024496557);
INSERT INTO "sites" VALUES('cmtenmbam00crn3mkyy1peh2w','PL-DMM-1','Qatif Power Plant','محطة توليد القطيف','cmtenmb9e00ben3mkys8mct9f','power_plant',26.558295300804819,50.029953622074054,380.0,1515232225551,1788024496557);
INSERT INTO "sites" VALUES('cmtenmbam00csn3mk2fgmjgw8','PL-DMM-2','Al Khobar Power Plant','محطة توليد الخبر','cmtenmb9e00ben3mkys8mct9f','power_plant',26.274423563095549,50.179464481390269,380.0,1516294531052,1788024496557);
INSERT INTO "sites" VALUES('cmtenmbam00ctn3mkdxqbcl5y','PL-DMM-3','Dhahran Power Plant','محطة توليد الظهران','cmtenmb9e00ben3mkys8mct9f','power_plant',26.309818797611449,50.127482403536519,380.0,1540669826881,1788024496557);
INSERT INTO "sites" VALUES('cmtenmbam00cun3mk31x270yr','SL-DMM-1','Al Khobar Solar Park','المجمع الشمسي الخبر','cmtenmb9e00ben3mkys8mct9f','solar_farm',26.454423563095549,50.379464481390272,132.0,1579411934142,1788024496557);
INSERT INTO "sites" VALUES('cmtenmbam00cvn3mk2rql41q6','SS-MAK-01','Al Aziziyah Substation','محطة تحويل العزيزية','cmtenmb9e00bfn3mk3huq703f','substation',21.339173108477521,39.894238171074171,380.0,799000068981,1788024496557);
INSERT INTO "sites" VALUES('cmtenmbam00cwn3mk0x910tvj','SS-MAK-02','Al Sharai Substation','محطة تحويل الشرائع','cmtenmb9e00bfn3mk3huq703f','substation',21.469599836690719,39.96456876940988,380.0,1284807489584,1788024496557);
INSERT INTO "sites" VALUES('cmtenmbam00cxn3mkg6apytbu','SS-MAK-03','Mina Substation','محطة تحويل منى','cmtenmb9e00bfn3mk3huq703f','substation',21.423511173081021,39.915821381210911,132.0,1176555441177,1788024496557);
INSERT INTO "sites" VALUES('cmtenmbam00cyn3mkjg2enfvk','SS-MAK-04','Al Kakiyah Substation','محطة تحويل الككية','cmtenmb9e00bfn3mk3huq703f','substation',21.362933642909301,39.805949143068503,380.0,1160821757603,1788024496557);
INSERT INTO "sites" VALUES('cmtenmbam00czn3mkz8fe80eb','PL-MAK-1','Al Sharai Power Plant','محطة توليد الشرائع','cmtenmb9e00bfn3mk3huq703f','power_plant',21.469599836690719,39.96456876940988,380.0,971739882639,1788024496557);
INSERT INTO "sites" VALUES('cmtenmbam00d0n3mkn3eamm0y','PL-MAK-2','Mina Power Plant','محطة توليد منى','cmtenmb9e00bfn3mk3huq703f','power_plant',21.423511173081021,39.915821381210911,380.0,1525658549671,1788024496557);
INSERT INTO "sites" VALUES('cmtenmbam00d1n3mkd26u7g5t','SL-MAK-1','Mina Solar Park','المجمع الشمسي منى','cmtenmb9e00bfn3mk3huq703f','solar_farm',21.603511173081021,40.115821381210907,132.0,1589139386501,1788024496557);
INSERT INTO "sites" VALUES('cmtenmbam00d2n3mkvhir0uta','SS-MED-01','Quba Substation','محطة تحويل قباء','cmtenmb9e00bgn3mk735rmi2y','substation',24.474773108477521,39.595538171074168,380.0,1508272372530,1788024496557);
INSERT INTO "sites" VALUES('cmtenmbam00d3n3mkdmznn0dz','SS-MED-02','Al Aqiq Substation','محطة تحويل العقيق','cmtenmb9e00bgn3mk735rmi2y','substation',24.545199836690721,39.505868769409887,380.0,1514930782268,1788024496557);
INSERT INTO "sites" VALUES('cmtenmbam00d4n3mkqvwphblv','SS-MED-03','Al Hijrah Substation','محطة تحويل الهجرة','cmtenmb9e00bgn3mk735rmi2y','substation',24.61911117308102,39.607121381210909,132.0,1256718790313,1788024496557);
INSERT INTO "sites" VALUES('cmtenmbam00d5n3mkhc22ecmd','PL-MED-1','Al Aqiq Power Plant','محطة توليد العقيق','cmtenmb9e00bgn3mk735rmi2y','power_plant',24.545199836690721,39.505868769409887,380.0,1037996802253,1788024496557);
INSERT INTO "sites" VALUES('cmtenmbam00d6n3mkgk6p1ybh','SL-MED-1','Al Hijrah Solar Park','المجمع الشمسي الهجرة','cmtenmb9e00bgn3mk735rmi2y','solar_farm',24.79911117308102,39.807121381210912,132.0,1619991437880,1788024496557);
INSERT INTO "sites" VALUES('cmtenmbam00d7n3mk7o2n16vn','SS-TUU-01','Tabuk North Substation','محطة تحويل تبوك الشمالية','cmtenmb9e00bhn3mkeselfsd9','substation',28.486448351704699,36.599785553887493,380.0,1251089349138,1788024496557);
INSERT INTO "sites" VALUES('cmtenmbam00d8n3mkx96jaho7','SS-TUU-02','Haql Substation','محطة تحويل حقل','cmtenmb9e00bhn3mkeselfsd9','substation',29.240360950716958,34.866591279385609,380.0,1590586166160,1788024496557);
INSERT INTO "sites" VALUES('cmtenmbam00d9n3mkkwea9apq','PL-TUU-1','Haql Power Plant','محطة توليد حقل','cmtenmb9e00bhn3mkeselfsd9','power_plant',29.240360950716958,34.866591279385609,380.0,1001914856028,1788024496557);
INSERT INTO "sites" VALUES('cmtenmbam00dan3mkiw5wugpe','SL-TUU-1','Duba Solar Park','المجمع الشمسي ضبا','cmtenmb9e00bhn3mkeselfsd9','solar_farm',27.667409806792811,36.403730390435094,132.0,1659581220319,1788024496557);
INSERT INTO "sites" VALUES('cmtenmbam00dbn3mk9a3wyzwh','WD-TUU-1','Haql Wind Farm','محطة رياح حقل','cmtenmb9e00bhn3mkeselfsd9','wind_farm',29.02036095071696,35.026591279385613,132.0,1679079137896,1788024496557);
INSERT INTO "sites" VALUES('cmtenmbam00dcn3mkjq6hg48k','SS-NEO-01','Oxagon Substation','محطة تحويل أوكساجون','cmtenmb9e00bin3mk71ynl44h','substation',27.800133964428301,35.515071655166523,380.0,960031449390,1788024496557);
INSERT INTO "sites" VALUES('cmtenmbam00ddn3mkmi1wldjt','SS-NEO-02','Trojena Substation','محطة تحويل تروجينا','cmtenmb9e00bin3mk71ynl44h','substation',28.31970804913863,36.045241663343447,380.0,783711448663,1788024496557);
INSERT INTO "sites" VALUES('cmtenmbam00den3mkem187wcc','PL-NEO-1','Trojena Power Plant','محطة توليد تروجينا','cmtenmb9e00bin3mk71ynl44h','power_plant',28.31970804913863,36.045241663343447,380.0,1317165706018,1788024496557);
INSERT INTO "sites" VALUES('cmtenmbam00dfn3mk4cjdwqom','SL-NEO-1','Sindalah Solar Park','المجمع الشمسي سندالة','cmtenmb9e00bin3mk71ynl44h','solar_farm',28.22987200004011,35.375755721376457,132.0,1636640503578,1788024496557);
INSERT INTO "sites" VALUES('cmtenmbam00dgn3mkcdi4lcmq','WD-NEO-1','Trojena Wind Farm','محطة رياح تروجينا','cmtenmb9e00bin3mk71ynl44h','wind_farm',28.099708049138631,36.20524166334345,132.0,1701019389725,1788024496557);
INSERT INTO "sites" VALUES('cmtenmbam00dhn3mk95vnycz6','SS-JAZ-01','Jazan City Substation','محطة تحويل مدينة جازان','cmtenmb9e00bjn3mkgqerldr1','substation',16.905500296285,42.605879652057219,380.0,865457816218,1788024496557);
INSERT INTO "sites" VALUES('cmtenmbam00din3mkabej4iz9','SS-JAZ-02','Sabya Substation','محطة تحويل صبيا','cmtenmb9e00bjn3mkgqerldr1','substation',17.162613615827262,42.741256503830101,380.0,1067642386656,1788024496557);
INSERT INTO "sites" VALUES('cmtenmbam00djn3mksiiv3bi4','PL-JAZ-1','Sabya Power Plant','محطة توليد صبيا','cmtenmb9e00bjn3mkgqerldr1','power_plant',17.162613615827262,42.741256503830101,380.0,1050216090896,1788024496557);
INSERT INTO "sites" VALUES('cmtenmbam00dkn3mkfyami153','SL-JAZ-1','Abu Arish Solar Park','المجمع الشمسي أبو عريش','cmtenmb9e00bjn3mkgqerldr1','solar_farm',17.148112381515649,42.985671000289173,132.0,1652229962723,1788024496557);
INSERT INTO "sites" VALUES('cmtenmbam00dln3mkd2x8xiso','WD-JAZ-1','Sabya Wind Farm','محطة رياح صبيا','cmtenmb9e00bjn3mkgqerldr1','wind_farm',16.942613615827259,42.901256503830098,132.0,1683985559942,1788024496557);
INSERT INTO "sites" VALUES('cmtenmbam00dmn3mkxyx73auq','SS-ABT-01','Abha North Substation','محطة تحويل أبها الشمالية','cmtenmb9e00bkn3mkbi9fv0v5','substation',18.322591585746039,42.518041456361118,380.0,805659498283,1788024496557);
INSERT INTO "sites" VALUES('cmtenmbam00dnn3mka4hlb0vx','SS-ABT-02','Khamis Mushait Substation','محطة تحويل خميس مشيط','cmtenmb9e00bkn3mkbi9fv0v5','substation',18.31076748574711,42.732318583178142,380.0,1273295816589,1788024496557);
INSERT INTO "sites" VALUES('cmtenmbam00don3mkrmradtln','PL-ABT-1','Khamis Mushait Power Plant','محطة توليد خميس مشيط','cmtenmb9e00bkn3mkbi9fv0v5','power_plant',18.31076748574711,42.732318583178142,380.0,1113469584186,1788024496557);
INSERT INTO "sites" VALUES('cmtenmban00dpn3mkbhk2aoyy','SL-ABT-1','Ahad Rufaidah Solar Park','المجمع الشمسي أحد رفيدة','cmtenmb9e00bkn3mkbi9fv0v5','solar_farm',18.35045359431394,42.854924295061082,132.0,1744239406337,1788024496557);
INSERT INTO "sites" VALUES('cmtenmban00dqn3mk8r0ct5qx','WD-ABT-1','Khamis Mushait Wind Farm','محطة رياح خميس مشيط','cmtenmb9e00bkn3mkbi9fv0v5','wind_farm',18.090767485747119,42.892318583178138,132.0,1639830549981,1788024496557);
INSERT INTO "sites" VALUES('cmtenmban00drn3mkviw3mb6a','SS-QSM-01','Buraydah Substation','محطة تحويل بريدة','cmtenmb9e00bln3mk5zzb69av','substation',26.330058269718659,43.986001434857023,380.0,806997818002,1788024496557);
INSERT INTO "sites" VALUES('cmtenmban00dsn3mkj3hzi34e','SS-QSM-02','Unaizah Substation','محطة تحويل عنيزة','cmtenmb9e00bln3mk5zzb69av','substation',26.068247774135319,44.000723865227783,380.0,948812302160,1788024496557);
INSERT INTO "sites" VALUES('cmtenmban00dtn3mk1eztjrqu','PL-QSM-1','Unaizah Power Plant','محطة توليد عنيزة','cmtenmb9e00bln3mk5zzb69av','power_plant',26.068247774135319,44.000723865227783,380.0,1472680262120,1788024496557);
INSERT INTO "sites" VALUES('cmtenmban00dun3mk4aeowb5p','SL-QSM-1','Al Rass Solar Park','المجمع الشمسي الرس','cmtenmb9e00bln3mk5zzb69av','solar_farm',26.19474877901748,43.651332052610819,132.0,1618324122614,1788024496557);
CREATE TABLE "strategies" (
    "id" TEXT NOT NULL PRIMARY KEY,
    "code" TEXT NOT NULL,
    "optimizationId" TEXT,
    "assetCode" TEXT NOT NULL,
    "label" TEXT NOT NULL,
    "labelAr" TEXT NOT NULL,
    "kind" TEXT NOT NULL DEFAULT 'generated',
    "rank" INTEGER NOT NULL DEFAULT 0,
    "score" REAL NOT NULL DEFAULT 0,
    "riskBefore" REAL NOT NULL DEFAULT 0,
    "riskAfter" REAL NOT NULL DEFAULT 0,
    "costSar" REAL NOT NULL DEFAULT 0,
    "executionMin" INTEGER NOT NULL DEFAULT 0,
    "customerImpact" INTEGER NOT NULL DEFAULT 0,
    "totalMw" REAL NOT NULL DEFAULT 0,
    "confidence" REAL NOT NULL DEFAULT 0,
    "isRecommended" BOOLEAN NOT NULL DEFAULT false,
    "createdAt" DATETIME NOT NULL DEFAULT CURRENT_TIMESTAMP,
    CONSTRAINT "strategies_optimizationId_fkey" FOREIGN KEY ("optimizationId") REFERENCES "optimization_runs" ("id") ON DELETE SET NULL ON UPDATE CASCADE
);
INSERT INTO "strategies" VALUES('cmtenmm012gz8n3mka533f0k8','OPT-SEED-T-108-balanced','cmtenmlzs2gz6n3mkllmvb10g','T-108','Balanced strategy — 2 coordinated actions','استراتيجية متوازنة — 2 إجراءات منسقة','balanced',1,76.5,93.2,5.6,21369.0,45,0,27.5,97.0,1,1788024510433);
INSERT INTO "strategies" VALUES('cmtenmm0c2gzln3mk3updool3','OPT-SEED-T-108-minimal','cmtenmlzs2gz6n3mkllmvb10g','T-108','Single move — Transfer 15.9 MW to the adjacent feeder','تحرك منفرد — تحويل 15.9 ميجاواط إلى المغذي المجاور','minimal',2,70.14,93.2,36.8,15105.0,12,0,15.9,95.1,0,1788024510444);
INSERT INTO "strategies" VALUES('cmtenmm0p2gzxn3mkby8c0zsr','OPT-SEED-T-108-none','cmtenmlzs2gz6n3mkllmvb10g','T-108','No action','بدون إجراء','none',3,54.0,93.2,93.2,0.0,0,0,0.0,60.0,0,1788024510457);
INSERT INTO "strategies" VALUES('cmtenmm0z2h08n3mk7riqbj0h','OPT-SEED-T-108-maintenance_led','cmtenmlzs2gz6n3mkllmvb10g','T-108','Condition-led — Force cooling to maximum plus inspection','معالجة الحالة — رفع التبريد القسري إلى الحد الأقصى مع فحص ميداني','maintenance',4,39.05,93.2,85.4,5300.0,120,0,0.0,65.5,0,1788024510467);
CREATE TABLE "strategy_actions" (
    "id" TEXT NOT NULL PRIMARY KEY,
    "strategyId" TEXT NOT NULL,
    "ordinal" INTEGER NOT NULL DEFAULT 0,
    "actionType" TEXT NOT NULL,
    "actionKey" TEXT NOT NULL,
    "assetCode" TEXT NOT NULL,
    "magnitudeMw" REAL NOT NULL DEFAULT 0,
    "durationMin" INTEGER NOT NULL DEFAULT 0,
    "costSar" REAL NOT NULL DEFAULT 0,
    "label" TEXT NOT NULL,
    "labelAr" TEXT NOT NULL,
    CONSTRAINT "strategy_actions_strategyId_fkey" FOREIGN KEY ("strategyId") REFERENCES "strategies" ("id") ON DELETE CASCADE ON UPDATE CASCADE
);
INSERT INTO "strategy_actions" VALUES('cmtenmm012gz9n3mkfj9x29r7','cmtenmm012gz8n3mka533f0k8',0,'load_transfer','load_transfer','T-108',15.9,12,15105.0,'Transfer 15.9 MW to the adjacent feeder','تحويل 15.9 ميجاواط إلى المغذي المجاور');
INSERT INTO "strategy_actions" VALUES('cmtenmm012gzan3mkw4i8gj0h','cmtenmm012gz8n3mka533f0k8',1,'battery_discharge','battery_discharge','T-108',11.6,45,6264.0,'Discharge 11.6 MW from battery storage','تفريغ 11.6 ميجاواط من تخزين البطاريات');
INSERT INTO "strategy_actions" VALUES('cmtenmm0c2gzmn3mkdiiclxtq','cmtenmm0c2gzln3mk3updool3',0,'load_transfer','load_transfer','T-108',15.9,12,15105.0,'Transfer 15.9 MW to the adjacent feeder','تحويل 15.9 ميجاواط إلى المغذي المجاور');
INSERT INTO "strategy_actions" VALUES('cmtenmm0z2h09n3mk011oj7nd','cmtenmm0z2h08n3mk7riqbj0h',0,'cooling_boost','cooling_boost','T-108',0.0,5,800.0,'Force cooling to maximum','رفع التبريد القسري إلى الحد الأقصى');
INSERT INTO "strategy_actions" VALUES('cmtenmm0z2h0an3mkvdq6srjo','cmtenmm0z2h08n3mk7riqbj0h',1,'maintenance_dispatch','maintenance_dispatch','T-108',0.0,120,4500.0,'Dispatch a condition inspection crew','إرسال فريق فحص حالة الأصل');
CREATE TABLE "strategy_results" (
    "id" TEXT NOT NULL PRIMARY KEY,
    "strategyId" TEXT NOT NULL,
    "metricKey" TEXT NOT NULL,
    "value" REAL NOT NULL,
    "normalised" REAL NOT NULL DEFAULT 0,
    "weight" REAL NOT NULL DEFAULT 0,
    "unit" TEXT NOT NULL DEFAULT '',
    CONSTRAINT "strategy_results_strategyId_fkey" FOREIGN KEY ("strategyId") REFERENCES "strategies" ("id") ON DELETE CASCADE ON UPDATE CASCADE
);
INSERT INTO "strategy_results" VALUES('cmtenmm012gzbn3mk2pxpwodc','cmtenmm012gz8n3mka533f0k8','riskReduction',87.6,1.0,0.34,'pts');
INSERT INTO "strategy_results" VALUES('cmtenmm012gzcn3mkmheunxo9','cmtenmm012gz8n3mka533f0k8','operationalCost',21369.0,0.0,0.12,'SAR');
INSERT INTO "strategy_results" VALUES('cmtenmm012gzdn3mk5l6ilvh6','cmtenmm012gz8n3mka533f0k8','customerImpact',0.0,1.0,0.16,'customers');
INSERT INTO "strategy_results" VALUES('cmtenmm012gzen3mk8rq08apu','cmtenmm012gz8n3mka533f0k8','executionTime',45.0,0.625,0.12,'min');
INSERT INTO "strategy_results" VALUES('cmtenmm012gzfn3mkrn6g0zup','cmtenmm012gz8n3mka533f0k8','assetStress',64.36,1.0,0.12,'%');
INSERT INTO "strategy_results" VALUES('cmtenmm012gzgn3mkesd5jb2p','cmtenmm012gz8n3mka533f0k8','renewableCurtailment',0.0,1.0,0.04,'MW');
INSERT INTO "strategy_results" VALUES('cmtenmm012gzhn3mkb3r93hpu','cmtenmm012gz8n3mka533f0k8','batteryUsage',8.7,0.0,0.04,'MWh');
INSERT INTO "strategy_results" VALUES('cmtenmm012gzin3mkl0un48q2','cmtenmm012gz8n3mka533f0k8','loadReduction',15.9,0.0,0.03,'MW');
INSERT INTO "strategy_results" VALUES('cmtenmm012gzjn3mkhpn9qn14','cmtenmm012gz8n3mka533f0k8','maintenanceCost',0.0,1.0,0.03,'SAR');
INSERT INTO "strategy_results" VALUES('cmtenmm0c2gznn3mkld3d7h1g','cmtenmm0c2gzln3mk3updool3','riskReduction',56.4,0.6438,0.34,'pts');
INSERT INTO "strategy_results" VALUES('cmtenmm0c2gzon3mkmp4or1r7','cmtenmm0c2gzln3mk3updool3','operationalCost',15105.0,0.2931,0.12,'SAR');
INSERT INTO "strategy_results" VALUES('cmtenmm0c2gzpn3mk3o1atwjs','cmtenmm0c2gzln3mk3updool3','customerImpact',0.0,1.0,0.16,'customers');
INSERT INTO "strategy_results" VALUES('cmtenmm0d2gzqn3mk30o2av01','cmtenmm0c2gzln3mk3updool3','executionTime',12.0,0.9,0.12,'min');
INSERT INTO "strategy_results" VALUES('cmtenmm0d2gzrn3mk8k5tzkx0','cmtenmm0c2gzln3mk3updool3','assetStress',82.78,0.578,0.12,'%');
INSERT INTO "strategy_results" VALUES('cmtenmm0d2gzsn3mk2gmtcvqn','cmtenmm0c2gzln3mk3updool3','renewableCurtailment',0.0,1.0,0.04,'MW');
INSERT INTO "strategy_results" VALUES('cmtenmm0d2gztn3mkkt8xmiq8','cmtenmm0c2gzln3mk3updool3','batteryUsage',0.0,1.0,0.04,'MWh');
INSERT INTO "strategy_results" VALUES('cmtenmm0d2gzun3mk56eymeib','cmtenmm0c2gzln3mk3updool3','loadReduction',15.9,0.0,0.03,'MW');
INSERT INTO "strategy_results" VALUES('cmtenmm0d2gzvn3mkajds84na','cmtenmm0c2gzln3mk3updool3','maintenanceCost',0.0,1.0,0.03,'SAR');
INSERT INTO "strategy_results" VALUES('cmtenmm0p2gzyn3mkkdo1vpoo','cmtenmm0p2gzxn3mkby8c0zsr','riskReduction',0.0,0.0,0.34,'pts');
INSERT INTO "strategy_results" VALUES('cmtenmm0p2gzzn3mkrtx9nnpk','cmtenmm0p2gzxn3mkby8c0zsr','operationalCost',0.0,1.0,0.12,'SAR');
INSERT INTO "strategy_results" VALUES('cmtenmm0p2h00n3mkdbz9yupu','cmtenmm0p2gzxn3mkby8c0zsr','customerImpact',0.0,1.0,0.16,'customers');
INSERT INTO "strategy_results" VALUES('cmtenmm0p2h01n3mk68vje8qv','cmtenmm0p2gzxn3mkby8c0zsr','executionTime',0.0,1.0,0.12,'min');
INSERT INTO "strategy_results" VALUES('cmtenmm0p2h02n3mk4a5wxd8f','cmtenmm0p2gzxn3mkby8c0zsr','assetStress',108.01,0.0,0.12,'%');
INSERT INTO "strategy_results" VALUES('cmtenmm0p2h03n3mkx83hao77','cmtenmm0p2gzxn3mkby8c0zsr','renewableCurtailment',0.0,1.0,0.04,'MW');
INSERT INTO "strategy_results" VALUES('cmtenmm0p2h04n3mk752mwrgn','cmtenmm0p2gzxn3mkby8c0zsr','batteryUsage',0.0,1.0,0.04,'MWh');
INSERT INTO "strategy_results" VALUES('cmtenmm0p2h05n3mkm8ua0nyy','cmtenmm0p2gzxn3mkby8c0zsr','loadReduction',0.0,1.0,0.03,'MW');
INSERT INTO "strategy_results" VALUES('cmtenmm0p2h06n3mk5udi91m1','cmtenmm0p2gzxn3mkby8c0zsr','maintenanceCost',0.0,1.0,0.03,'SAR');
INSERT INTO "strategy_results" VALUES('cmtenmm0z2h0bn3mkr3mt64yy','cmtenmm0z2h08n3mk7riqbj0h','riskReduction',7.8,0.089,0.34,'pts');
INSERT INTO "strategy_results" VALUES('cmtenmm0z2h0cn3mk6sgljeos','cmtenmm0z2h08n3mk7riqbj0h','operationalCost',5300.0,0.752,0.12,'SAR');
INSERT INTO "strategy_results" VALUES('cmtenmm0z2h0dn3mkp95v71cv','cmtenmm0z2h08n3mk7riqbj0h','customerImpact',0.0,1.0,0.16,'customers');
INSERT INTO "strategy_results" VALUES('cmtenmm0z2h0en3mkr8laof6u','cmtenmm0z2h08n3mk7riqbj0h','executionTime',120.0,0.0,0.12,'min');
INSERT INTO "strategy_results" VALUES('cmtenmm0z2h0fn3mk38nmpu7z','cmtenmm0z2h08n3mk7riqbj0h','assetStress',108.01,0.0,0.12,'%');
INSERT INTO "strategy_results" VALUES('cmtenmm0z2h0gn3mkdpfbtnku','cmtenmm0z2h08n3mk7riqbj0h','renewableCurtailment',0.0,1.0,0.04,'MW');
INSERT INTO "strategy_results" VALUES('cmtenmm0z2h0hn3mko13eqqab','cmtenmm0z2h08n3mk7riqbj0h','batteryUsage',0.0,1.0,0.04,'MWh');
INSERT INTO "strategy_results" VALUES('cmtenmm0z2h0in3mkh1nn5g2v','cmtenmm0z2h08n3mk7riqbj0h','loadReduction',0.0,1.0,0.03,'MW');
INSERT INTO "strategy_results" VALUES('cmtenmm0z2h0jn3mkpwzs70lv','cmtenmm0z2h08n3mk7riqbj0h','maintenanceCost',4500.0,0.0,0.03,'SAR');
CREATE TABLE "strategy_tradeoffs" (
    "id" TEXT NOT NULL PRIMARY KEY,
    "runId" TEXT NOT NULL,
    "strategyId" TEXT NOT NULL,
    "metricKey" TEXT NOT NULL,
    "value" REAL NOT NULL,
    "normalised" REAL NOT NULL DEFAULT 0,
    "unit" TEXT NOT NULL DEFAULT '',
    "direction" TEXT NOT NULL DEFAULT 'lower_is_better'
);
CREATE TABLE "twin_assets" (
    "id" TEXT NOT NULL PRIMARY KEY,
    "twinId" TEXT NOT NULL,
    "assetId" TEXT,
    "assetCode" TEXT NOT NULL,
    "role" TEXT NOT NULL DEFAULT 'member',
    "x" REAL NOT NULL DEFAULT 0,
    "y" REAL NOT NULL DEFAULT 0,
    "z" REAL NOT NULL DEFAULT 0,
    "rotationY" REAL NOT NULL DEFAULT 0,
    "shapeKey" TEXT NOT NULL DEFAULT 'box',
    "scale" REAL NOT NULL DEFAULT 1,
    "createdAt" DATETIME NOT NULL DEFAULT CURRENT_TIMESTAMP,
    CONSTRAINT "twin_assets_twinId_fkey" FOREIGN KEY ("twinId") REFERENCES "digital_twins" ("id") ON DELETE CASCADE ON UPDATE CASCADE,
    CONSTRAINT "twin_assets_assetId_fkey" FOREIGN KEY ("assetId") REFERENCES "assets" ("id") ON DELETE SET NULL ON UPDATE CASCADE
);
INSERT INTO "twin_assets" VALUES('cmtenmo6w2i0wn3mk44m2jfwd','cmtenmo482i0jn3mkpdwtoopl','cmtenmbf300fen3mk008uqc51','BS-501','member',10.67,1.18,41.46,0.0,'battery',1.28,1788024513272);
INSERT INTO "twin_assets" VALUES('cmtenmo6w2i0xn3mko1sp2xiz','cmtenmo482i0jn3mkpdwtoopl','cmtenmbf300fgn3mk9tman5vy','EV-701','member',-2.4,1.18,-4.68,0.0,'ev',1.28,1788024513272);
INSERT INTO "twin_assets" VALUES('cmtenmo6w2i0yn3mk8pqnowtn','cmtenmo482i0jn3mkpdwtoopl','cmtenmbf300ffn3mks0ok9n4d','IL-601','member',12.59,1.4,-9.07,0.0,'load',1.82,1788024513272);
INSERT INTO "twin_assets" VALUES('cmtenmo6w2i0zn3mk7oywm90m','cmtenmo482i0jn3mkpdwtoopl','cmtenmbf300f9n3mkw3ur28e8','PP-301','member',-32.01,2.8,-43.34,0.0,'plant',2.0,1788024513272);
INSERT INTO "twin_assets" VALUES('cmtenmo6w2i10n3mk6ki19ifr','cmtenmo482i0jn3mkpdwtoopl','cmtenmbf300fan3mknizhxrb2','PP-302','member',-2.4,2.8,-4.68,0.0,'plant',2.0,1788024513272);
INSERT INTO "twin_assets" VALUES('cmtenmo6w2i11n3mko0uz6d1k','cmtenmo482i0jn3mkpdwtoopl','cmtenmbf300fbn3mk33ffkjhi','PP-303','member',12.59,2.8,-9.07,0.0,'plant',2.0,1788024513272);
INSERT INTO "twin_assets" VALUES('cmtenmo6w2i12n3mkfixole60','cmtenmo482i0jn3mkpdwtoopl','cmtenmbf300fcn3mkj7jm6iiu','SF-401','member',20.02,1.4,-26.92,0.0,'solar',1.69,1788024513272);
INSERT INTO "twin_assets" VALUES('cmtenmo6w2i13n3mkfcaea34n','cmtenmo482i0jn3mkpdwtoopl','cmtenmbf300fdn3mkv5tovgus','SF-402','member',35.0,1.4,-31.31,0.0,'solar',1.69,1788024513272);
INSERT INTO "twin_assets" VALUES('cmtenmo6w2i14n3mkjp75rwy5','cmtenmo482i0jn3mkpdwtoopl','cmtenmbf100dvn3mklqp65wf5','SUB-RYD-01','member',7.3,2.1,45.17,0.0,'substation',1.66,1788024513272);
INSERT INTO "twin_assets" VALUES('cmtenmo6w2i15n3mkcg1ht51t','cmtenmo482i0jn3mkpdwtoopl','cmtenmbf100dwn3mkc6b7jlrg','SUB-RYD-02','member',-32.01,2.1,-43.34,0.0,'substation',1.66,1788024513272);
INSERT INTO "twin_assets" VALUES('cmtenmo6w2i16n3mknzqtgym8','cmtenmo482i0jn3mkpdwtoopl','cmtenmbf100dxn3mki79eqawq','SUB-RYD-03','member',-2.4,2.1,-4.68,0.0,'substation',1.66,1788024513272);
INSERT INTO "twin_assets" VALUES('cmtenmo6w2i17n3mko1dfygg3','cmtenmo482i0jn3mkpdwtoopl','cmtenmbf100dyn3mkxbzl6s4z','SUB-RYD-04','member',12.59,2.1,-9.07,0.0,'substation',1.66,1788024513272);
INSERT INTO "twin_assets" VALUES('cmtenmo6w2i18n3mktxgsing2','cmtenmo482i0jn3mkpdwtoopl','cmtenmbf100dzn3mktgndt3i1','SUB-RYD-05','member',-23.11,2.1,-16.57,0.0,'substation',1.66,1788024513272);
INSERT INTO "twin_assets" VALUES('cmtenmo6w2i19n3mkjqfjyifv','cmtenmo482i0jn3mkpdwtoopl','cmtenmbf100e0n3mkhj3s86os','SUB-RYD-06','member',28.9,2.1,-13.37,0.0,'substation',1.66,1788024513272);
INSERT INTO "twin_assets" VALUES('cmtenmo6w2i1an3mk5ioe3m55','cmtenmo482i0jn3mkpdwtoopl','cmtenmbf100e1n3mksv8v19t4','SUB-RYD-07','member',-22.82,2.1,-1.1,0.0,'substation',1.66,1788024513272);
INSERT INTO "twin_assets" VALUES('cmtenmo6w2i1bn3mknbygdich','cmtenmo482i0jn3mkpdwtoopl','cmtenmbf100e2n3mklc3jy4ky','SUB-RYD-08','member',2.8,2.1,5.34,0.0,'substation',1.66,1788024513272);
INSERT INTO "twin_assets" VALUES('cmtenmo6w2i1cn3mkupt16y8y','cmtenmo482i0jn3mkpdwtoopl','cmtenmbf100e3n3mkpkkkufx6','SUB-RYD-09','member',-5.83,2.1,-4.39,0.0,'substation',1.66,1788024513272);
INSERT INTO "twin_assets" VALUES('cmtenmo6w2i1dn3mkoapfl6z0','cmtenmo482i0jn3mkpdwtoopl','cmtenmbf100e4n3mkk3a7660g','SUB-RYD-10','member',24.4,2.1,28.1,0.0,'substation',1.66,1788024513272);
INSERT INTO "twin_assets" VALUES('cmtenmo6w2i1en3mk1cgid4d8','cmtenmo482i0jn3mkpdwtoopl','cmtenmbf100e5n3mkya3x8tac','SUB-RYD-11','member',8.29,2.1,41.42,0.0,'substation',1.66,1788024513272);
INSERT INTO "twin_assets" VALUES('cmtenmo6w2i1fn3mk3kox9f9t','cmtenmo482i0jn3mkpdwtoopl','cmtenmbf100e7n3mkitblquny','T-102','member',-32.23,1.05,-43.26,0.0,'transformer',0.65,1788024513272);
INSERT INTO "twin_assets" VALUES('cmtenmo6w2i1gn3mk6z82kqhy','cmtenmo482i0jn3mkpdwtoopl','cmtenmbf200e8n3mko1980kiw','T-103','member',-2.17,1.05,-4.43,0.0,'transformer',0.68,1788024513272);
INSERT INTO "twin_assets" VALUES('cmtenmo6w2i1hn3mkn8fggt6i','cmtenmo482i0jn3mkpdwtoopl','cmtenmbf200e9n3mknt2ulbnp','T-104','member',12.92,1.05,-7.68,0.0,'transformer',0.91,1788024513272);
INSERT INTO "twin_assets" VALUES('cmtenmo6w2i1in3mk9rnn9t8f','cmtenmo482i0jn3mkpdwtoopl','cmtenmbf200ean3mk67gtxphh','T-105','member',-23.66,1.05,-16.73,0.0,'transformer',0.91,1788024513272);
INSERT INTO "twin_assets" VALUES('cmtenmo6w2i1jn3mkrjw2921z','cmtenmo482i0jn3mkpdwtoopl','cmtenmbf200ebn3mksqwnfxaw','T-106','member',30.04,1.05,-13.59,0.0,'transformer',1.0,1788024513272);
INSERT INTO "twin_assets" VALUES('cmtenmo6w2i1kn3mkistm98fc','cmtenmo482i0jn3mkpdwtoopl','cmtenmbf200ecn3mkt1ujb1uo','T-107','member',-22.98,1.05,-2.04,0.0,'transformer',0.94,1788024513272);
INSERT INTO "twin_assets" VALUES('cmtenmo6w2i1ln3mkyca5r0kk','cmtenmo482i0jn3mkpdwtoopl','cmtenmbf100e6n3mkqyewoqck','T-108','member',8.44,1.05,46.29,0.0,'transformer',0.64,1788024513272);
INSERT INTO "twin_assets" VALUES('cmtenmo6w2i1mn3mkrh97pgtx','cmtenmo482i0jn3mkpdwtoopl','cmtenmbf200edn3mk4157vr1s','T-109','member',4.09,1.05,6.1,0.0,'transformer',0.95,1788024513272);
INSERT INTO "twin_assets" VALUES('cmtenmo6w2i1nn3mkhmnpomka','cmtenmo482i0jn3mkpdwtoopl','cmtenmbf200een3mk6bqb9b10','T-110','member',-5.69,1.05,-3.95,0.0,'transformer',0.97,1788024513272);
INSERT INTO "twin_assets" VALUES('cmtenmo6w2i1on3mki9a0u6qm','cmtenmo482i0jn3mkpdwtoopl','cmtenmbf200efn3mkyweh44yq','T-111','member',24.78,1.05,29.57,0.0,'transformer',1.03,1788024513272);
INSERT INTO "twin_assets" VALUES('cmtenmo6w2i1pn3mk1bkw3doj','cmtenmo482i0jn3mkpdwtoopl','cmtenmbf200egn3mkbxnsvlyi','T-112','member',7.14,1.05,42.08,0.0,'transformer',0.96,1788024513272);
INSERT INTO "twin_assets" VALUES('cmtenmo6w2i1qn3mkfn9khfr8','cmtenmo482i0jn3mkpdwtoopl','cmtenmbf200ehn3mk67cq8art','T-113','member',7.98,1.05,44.11,0.0,'transformer',0.98,1788024513272);
INSERT INTO "twin_assets" VALUES('cmtenmo6w2i1rn3mkshzu05ue','cmtenmo482i0jn3mkpdwtoopl','cmtenmbf200ein3mkwak9hxcc','T-114','member',-31.19,1.05,-42.66,0.0,'transformer',0.94,1788024513272);
INSERT INTO "twin_assets" VALUES('cmtenmo6w2i1sn3mkbzz7lbyx','cmtenmo482i0jn3mkpdwtoopl','cmtenmbf200ejn3mk6xn6uk0j','T-115','member',-3.07,1.05,-3.6,0.0,'transformer',0.9,1788024513272);
INSERT INTO "twin_assets" VALUES('cmtenmo6w2i1tn3mkidjtk5cb','cmtenmo482i0jn3mkpdwtoopl','cmtenmbf200ekn3mkjy19og7r','T-116','member',11.85,1.05,-8.14,0.0,'transformer',0.99,1788024513272);
INSERT INTO "twin_assets" VALUES('cmtenmo6w2i1un3mkovhfyjgq','cmtenmo482i0jn3mkpdwtoopl','cmtenmbf200eln3mkw5y2qqqa','T-117','member',-23.22,1.05,-17.85,0.0,'transformer',1.0,1788024513272);
INSERT INTO "twin_assets" VALUES('cmtenmo6w2i1vn3mk5h30nmum','cmtenmo482i0jn3mkpdwtoopl','cmtenmbf200emn3mk2t1tfrny','T-118','member',27.67,1.05,-11.89,0.0,'transformer',0.98,1788024513272);
INSERT INTO "twin_assets" VALUES('cmtenmo6x2i1wn3mkhvmaar7s','cmtenmo482i0jn3mkpdwtoopl','cmtenmbf200enn3mkkh86ddi5','T-119','member',-22.89,1.05,-1.46,0.0,'transformer',0.91,1788024513272);
INSERT INTO "twin_assets" VALUES('cmtenmo6x2i1xn3mk82oip0t8','cmtenmo482i0jn3mkpdwtoopl','cmtenmbf200eon3mkj755ewjs','T-120','member',3.08,1.05,5.42,0.0,'transformer',0.98,1788024513272);
INSERT INTO "twin_assets" VALUES('cmtenmo6x2i1yn3mknshnaxrz','cmtenmo482i0jn3mkpdwtoopl','cmtenmbf200epn3mk1syre4ke','T-121','member',-4.76,1.05,-4.6,0.0,'transformer',0.98,1788024513272);
INSERT INTO "twin_assets" VALUES('cmtenmo6x2i1zn3mk5qdeh42i','cmtenmo482i0jn3mkpdwtoopl','cmtenmbf200eqn3mk7bztxrdo','T-122','member',25.33,1.05,27.54,0.0,'transformer',0.92,1788024513272);
INSERT INTO "twin_assets" VALUES('cmtenmo6x2i20n3mkq1362aka','cmtenmo482i0jn3mkpdwtoopl','cmtenmbf200ern3mk7o3b6ugn','T-123','member',9.14,1.05,42.88,0.0,'transformer',0.94,1788024513272);
INSERT INTO "twin_assets" VALUES('cmtenmo6x2i21n3mk4gthxt4j','cmtenmo482i0jn3mkpdwtoopl','cmtenmbf200esn3mke3sh9min','T-124','member',7.5,1.05,46.11,0.0,'transformer',0.98,1788024513272);
INSERT INTO "twin_assets" VALUES('cmtenmo6x2i22n3mkkjyh24ad','cmtenmo482i0jn3mkpdwtoopl','cmtenmbf200etn3mklfi5q8w8','T-125','member',-31.88,1.05,-43.15,0.0,'transformer',0.95,1788024513272);
INSERT INTO "twin_assets" VALUES('cmtenmo6x2i23n3mkl1fi3i6c','cmtenmo482i0jn3mkpdwtoopl','cmtenmbf200eun3mkjekmu6qb','T-126','member',-3.09,1.05,-4.76,0.0,'transformer',0.93,1788024513272);
INSERT INTO "twin_assets" VALUES('cmtenmo6x2i24n3mkim7yxnno','cmtenmo482i0jn3mkpdwtoopl','cmtenmbf200evn3mku03fsrqv','T-127','member',13.61,1.05,-10.49,0.0,'transformer',0.96,1788024513272);
INSERT INTO "twin_assets" VALUES('cmtenmo6x2i25n3mksn1iczhq','cmtenmo482i0jn3mkpdwtoopl','cmtenmbf300ewn3mksl0sl0ud','T-128','member',-22.82,1.05,-15.7,0.0,'transformer',1.02,1788024513272);
INSERT INTO "twin_assets" VALUES('cmtenmo6x2i26n3mk6g2e7quu','cmtenmo482i0jn3mkpdwtoopl','cmtenmbf300exn3mklr2lcsf8','T-129','member',27.93,1.05,-13.08,0.0,'transformer',0.9,1788024513272);
INSERT INTO "twin_assets" VALUES('cmtenmo6x2i27n3mkdsq6tymz','cmtenmo482i0jn3mkpdwtoopl','cmtenmbf300eyn3mko37yeia2','T-130','member',-22.62,1.05,-0.18,0.0,'transformer',0.96,1788024513272);
INSERT INTO "twin_assets" VALUES('cmtenmo6x2i28n3mkm0mpsdh2','cmtenmo482i0jn3mkpdwtoopl','cmtenmbf300ezn3mktf8el4gl','T-131','member',3.67,1.05,6.31,0.0,'transformer',1.0,1788024513272);
INSERT INTO "twin_assets" VALUES('cmtenmo6x2i29n3mkyv5e4e0h','cmtenmo482i0jn3mkpdwtoopl','cmtenmbf300f0n3mk0tx06ivo','T-132','member',-6.57,1.05,-5.45,0.0,'transformer',1.0,1788024513272);
INSERT INTO "twin_assets" VALUES('cmtenmo6x2i2an3mkqfdqatma','cmtenmo482i0jn3mkpdwtoopl','cmtenmbf300f1n3mkjd0hv7ai','T-133','member',25.52,1.05,28.35,0.0,'transformer',1.01,1788024513272);
INSERT INTO "twin_assets" VALUES('cmtenmo6x2i2bn3mk18h2h1mz','cmtenmo482i0jn3mkpdwtoopl','cmtenmbf300f2n3mkrm3p6cmc','T-134','member',8.24,1.05,41.32,0.0,'transformer',0.99,1788024513272);
INSERT INTO "twin_assets" VALUES('cmtenmo6x2i2cn3mkujim4zut','cmtenmo482i0jn3mkpdwtoopl','cmtenmbf300f3n3mkhdy12s1b','T-135','member',6.06,1.05,46.31,0.0,'transformer',0.91,1788024513272);
INSERT INTO "twin_assets" VALUES('cmtenmo6x2i2dn3mk1mff83oi','cmtenmo482i0jn3mkpdwtoopl','cmtenmbf300f4n3mkduybx2gr','T-136','member',-31.89,1.05,-42.43,0.0,'transformer',0.92,1788024513272);
INSERT INTO "twin_assets" VALUES('cmtenmo6x2i2en3mkh7d7jm6m','cmtenmo482i0jn3mkpdwtoopl','cmtenmbf300f5n3mk53txa8x1','T-137','member',-1.49,1.05,-5.18,0.0,'transformer',0.88,1788024513272);
INSERT INTO "twin_assets" VALUES('cmtenmo6x2i2fn3mknhk5t58v','cmtenmo482i0jn3mkpdwtoopl','cmtenmbf300f6n3mks6fme2mh','TL-201','member',-12.39,4.9,0.91,0.0,'line',1.65,1788024513272);
INSERT INTO "twin_assets" VALUES('cmtenmo6x2i2gn3mk8ke7fi42','cmtenmo482i0jn3mkpdwtoopl','cmtenmbf300f7n3mkxtphsebz','TL-202','member',-17.22,4.9,-24.01,0.0,'line',1.24,1788024513272);
INSERT INTO "twin_assets" VALUES('cmtenmo6x2i2hn3mkwveyig2a','cmtenmo482i0jn3mkpdwtoopl','cmtenmbf300f8n3mk9eo6kt07','TL-203','member',5.09,4.9,-6.87,0.0,'line',1.31,1788024513272);
INSERT INTO "twin_assets" VALUES('cmtenmo7y2i3wn3mkwajpt4rc','cmtenmo4g2i0kn3mk28ck0lrt','cmtenmbf500gcn3mkf2w1p5vg','BS-502','member',-5.77,0.9,-19.69,0.0,'battery',0.89,1788024513310);
INSERT INTO "twin_assets" VALUES('cmtenmo7y2i3xn3mkgtl0ur2r','cmtenmo4g2i0kn3mk28ck0lrt','cmtenmbf500gen3mkqt9qwyp4','EV-702','member',-8.1,0.95,17.05,0.0,'ev',0.96,1788024513310);
INSERT INTO "twin_assets" VALUES('cmtenmo7y2i3yn3mkz6e0assr','cmtenmo4g2i0kn3mk28ck0lrt','cmtenmbf500gdn3mkg7qf7dgz','IL-602','member',30.76,1.15,30.69,0.0,'load',1.25,1788024513310);
INSERT INTO "twin_assets" VALUES('cmtenmo7y2i3zn3mk0x6g60xq','cmtenmo4g2i0kn3mk28ck0lrt','cmtenmbf400g9n3mkouoiocc7','PP-304','member',-0.57,2.8,11.56,0.0,'plant',2.0,1788024513310);
INSERT INTO "twin_assets" VALUES('cmtenmo7y2i40n3mktpwi1ap0','cmtenmo4g2i0kn3mk28ck0lrt','cmtenmbf400gan3mkip8rgw0y','PP-305','member',-8.1,2.8,17.05,0.0,'plant',2.0,1788024513310);
INSERT INTO "twin_assets" VALUES('cmtenmo7y2i41n3mk7hhgvxw2','cmtenmo4g2i0kn3mk28ck0lrt','cmtenmbf400gbn3mk15s4gda6','SF-403','member',14.87,1.35,-5.18,0.0,'solar',1.53,1788024513310);
INSERT INTO "twin_assets" VALUES('cmtenmo7y2i42n3mkr7c4uihu','cmtenmo4g2i0kn3mk28ck0lrt','cmtenmbf300fhn3mkmujznkfy','SUB-JED-01','member',-9.22,2.1,-15.98,0.0,'substation',1.63,1788024513310);
INSERT INTO "twin_assets" VALUES('cmtenmo7y2i43n3mkb3356pzv','cmtenmo4g2i0kn3mk28ck0lrt','cmtenmbf300fin3mk2kjjhyyx','SUB-JED-02','member',-0.57,2.1,11.56,0.0,'substation',1.63,1788024513310);
INSERT INTO "twin_assets" VALUES('cmtenmo7y2i44n3mkghayo24r','cmtenmo4g2i0kn3mk28ck0lrt','cmtenmbf300fjn3mk5ctcblye','SUB-JED-03','member',-8.1,2.1,17.05,0.0,'substation',1.63,1788024513310);
INSERT INTO "twin_assets" VALUES('cmtenmo7y2i45n3mkoxs24tbj','cmtenmo4g2i0kn3mk28ck0lrt','cmtenmbf300fkn3mkcytnrdba','SUB-JED-04','member',30.76,2.1,30.69,0.0,'substation',1.63,1788024513310);
INSERT INTO "twin_assets" VALUES('cmtenmo7y2i46n3mkr2f2uftq','cmtenmo4g2i0kn3mk28ck0lrt','cmtenmbf300fln3mk6dyopin3','SUB-JED-05','member',-13.55,2.1,-72.29,0.0,'substation',1.63,1788024513310);
INSERT INTO "twin_assets" VALUES('cmtenmo7y2i47n3mklp741uf5','cmtenmo4g2i0kn3mk28ck0lrt','cmtenmbf400fmn3mkueexxrzn','SUB-JED-06','member',-4.26,2.1,9.87,0.0,'substation',1.63,1788024513310);
INSERT INTO "twin_assets" VALUES('cmtenmo7y2i48n3mkm1srwwjm','cmtenmo4g2i0kn3mk28ck0lrt','cmtenmbf400fnn3mkfyievrki','T-138','member',-9.8,1.05,-15.39,0.0,'transformer',0.64,1788024513310);
INSERT INTO "twin_assets" VALUES('cmtenmo7y2i49n3mkzjlb5zij','cmtenmo4g2i0kn3mk28ck0lrt','cmtenmbf400fon3mk0fv6lkx4','T-139','member',-0.12,1.05,10.71,0.0,'transformer',0.65,1788024513310);
INSERT INTO "twin_assets" VALUES('cmtenmo7z2i4an3mkj3w3a8a8','cmtenmo4g2i0kn3mk28ck0lrt','cmtenmbf400fpn3mkdeutsrmw','T-140','member',-7.96,1.05,16.39,0.0,'transformer',0.98,1788024513310);
INSERT INTO "twin_assets" VALUES('cmtenmo7z2i4bn3mk1ov2h9c4','cmtenmo4g2i0kn3mk28ck0lrt','cmtenmbf400fqn3mkpkjpybxw','T-141','member',31.75,1.05,32.17,0.0,'transformer',1.04,1788024513310);
INSERT INTO "twin_assets" VALUES('cmtenmo7z2i4cn3mku6t4lyha','cmtenmo4g2i0kn3mk28ck0lrt','cmtenmbf400frn3mkcdcspk1p','T-142','member',-12.49,1.05,-72.02,0.0,'transformer',0.92,1788024513310);
INSERT INTO "twin_assets" VALUES('cmtenmo7z2i4dn3mklce0cypv','cmtenmo4g2i0kn3mk28ck0lrt','cmtenmbf400fsn3mk476ks319','T-143','member',-3.71,1.05,10.65,0.0,'transformer',0.92,1788024513310);
INSERT INTO "twin_assets" VALUES('cmtenmo7z2i4en3mkmdkdxr5o','cmtenmo4g2i0kn3mk28ck0lrt','cmtenmbf400ftn3mkghm02n3x','T-144','member',-10.11,1.05,-16.34,0.0,'transformer',0.94,1788024513310);
INSERT INTO "twin_assets" VALUES('cmtenmo7z2i4fn3mklo27o1es','cmtenmo4g2i0kn3mk28ck0lrt','cmtenmbf400fun3mk2yeqjn9g','T-145','member',0.42,1.05,12.94,0.0,'transformer',1.04,1788024513310);
INSERT INTO "twin_assets" VALUES('cmtenmo7z2i4gn3mk4w80mj13','cmtenmo4g2i0kn3mk28ck0lrt','cmtenmbf400fvn3mk1wnb3cqp','T-146','member',-7.8,1.05,17.98,0.0,'transformer',0.91,1788024513310);
INSERT INTO "twin_assets" VALUES('cmtenmo7z2i4hn3mk12ik5hrb','cmtenmo4g2i0kn3mk28ck0lrt','cmtenmbf400fwn3mkoc0ejnac','T-147','member',31.5,1.05,31.09,0.0,'transformer',0.99,1788024513310);
INSERT INTO "twin_assets" VALUES('cmtenmo7z2i4in3mk4wjfo75r','cmtenmo4g2i0kn3mk28ck0lrt','cmtenmbf400fxn3mk0bjfdtig','T-148','member',-13.46,1.05,-72.43,0.0,'transformer',1.04,1788024513310);
INSERT INTO "twin_assets" VALUES('cmtenmo7z2i4jn3mkpspe2k8m','cmtenmo4g2i0kn3mk28ck0lrt','cmtenmbf400fyn3mk8o0rscti','T-149','member',-4.68,1.05,9.89,0.0,'transformer',1.01,1788024513310);
INSERT INTO "twin_assets" VALUES('cmtenmo7z2i4kn3mko31y7lz4','cmtenmo4g2i0kn3mk28ck0lrt','cmtenmbf400fzn3mkfjhetznf','T-150','member',-9.72,1.05,-16.13,0.0,'transformer',0.95,1788024513310);
INSERT INTO "twin_assets" VALUES('cmtenmo7z2i4ln3mkq515ymui','cmtenmo4g2i0kn3mk28ck0lrt','cmtenmbf400g0n3mkehyso1ck','T-151','member',0.37,1.05,12.25,0.0,'transformer',0.97,1788024513310);
INSERT INTO "twin_assets" VALUES('cmtenmo7z2i4mn3mkqk8d2dii','cmtenmo4g2i0kn3mk28ck0lrt','cmtenmbf400g1n3mkwl3ax57z','T-152','member',-7.65,1.05,17.12,0.0,'transformer',1.02,1788024513310);
INSERT INTO "twin_assets" VALUES('cmtenmo7z2i4nn3mkhxmogvfs','cmtenmo4g2i0kn3mk28ck0lrt','cmtenmbf400g2n3mk839dkjo1','T-153','member',29.81,1.05,29.61,0.0,'transformer',0.91,1788024513310);
INSERT INTO "twin_assets" VALUES('cmtenmo7z2i4on3mk45z04xyo','cmtenmo4g2i0kn3mk28ck0lrt','cmtenmbf400g3n3mkyfefbe05','T-154','member',-13.6,1.05,-71.6,0.0,'transformer',0.95,1788024513310);
INSERT INTO "twin_assets" VALUES('cmtenmo7z2i4pn3mk946h068r','cmtenmo4g2i0kn3mk28ck0lrt','cmtenmbf400g4n3mkwzwn211f','T-155','member',-3.55,1.05,10.18,0.0,'transformer',0.92,1788024513310);
INSERT INTO "twin_assets" VALUES('cmtenmo802i4qn3mk5gy4z7dk','cmtenmo4g2i0kn3mk28ck0lrt','cmtenmbf400g5n3mk0mkx8xh8','T-156','member',-9.21,1.05,-15.37,0.0,'transformer',0.9,1788024513310);
INSERT INTO "twin_assets" VALUES('cmtenmo802i4rn3mkg5582sip','cmtenmo4g2i0kn3mk28ck0lrt','cmtenmbf400g6n3mk3hkgurlm','TL-204','member',-4.89,4.9,-2.21,0.0,'line',1.54,1788024513310);
INSERT INTO "twin_assets" VALUES('cmtenmo802i4sn3mkgnkuki6o','cmtenmo4g2i0kn3mk28ck0lrt','cmtenmbf400g7n3mklni246wm','TL-205','member',-4.33,4.9,14.31,0.0,'line',1.79,1788024513310);
INSERT INTO "twin_assets" VALUES('cmtenmo802i4tn3mk67ouhpsz','cmtenmo4g2i0kn3mk28ck0lrt','cmtenmbf400g8n3mknr8uzewo','TL-206','member',11.33,4.9,23.87,0.0,'line',1.88,1788024513310);
INSERT INTO "twin_assets" VALUES('cmtenmo8l2i5pn3mkebxgxdoa','cmtenmo4m2i0ln3mkvbeeizx5','cmtenmbf600hhn3mktexdea1v','BS-503','member',-24.1,1.02,-68.3,0.0,'battery',1.06,1788024513334);
INSERT INTO "twin_assets" VALUES('cmtenmo8l2i5qn3mk3xatf9ze','cmtenmo4m2i0ln3mkvbeeizx5','cmtenmbf600hkn3mkypa5ulww','EV-703','member',15.6,1.02,28.22,0.0,'ev',1.06,1788024513334);
INSERT INTO "twin_assets" VALUES('cmtenmo8l2i5rn3mk924jghw7','cmtenmo4m2i0ln3mkvbeeizx5','cmtenmbf600hin3mk1rik0rom','IL-603','member',9.84,0.99,23.85,0.0,'load',1.01,1788024513334);
INSERT INTO "twin_assets" VALUES('cmtenmo8l2i5sn3mksrj679ug','cmtenmo4m2i0ln3mkvbeeizx5','cmtenmbf600hjn3mkhvvwz3on','IL-604','member',6.59,0.99,-21.57,0.0,'load',1.01,1788024513334);
INSERT INTO "twin_assets" VALUES('cmtenmo8l2i5tn3mkbmaa6gp1','cmtenmo4m2i0ln3mkvbeeizx5','cmtenmbf600hdn3mkh1ssddn8','PP-306','member',-0.95,2.8,-6.85,0.0,'plant',2.0,1788024513334);
INSERT INTO "twin_assets" VALUES('cmtenmo8l2i5un3mkmk7cmvwq','cmtenmo4m2i0ln3mkvbeeizx5','cmtenmbf600hen3mkr4w7bjls','PP-307','member',15.6,2.8,28.22,0.0,'plant',2.0,1788024513334);
INSERT INTO "twin_assets" VALUES('cmtenmo8m2i5vn3mkvw6x5hyp','cmtenmo4m2i0ln3mkvbeeizx5','cmtenmbf600hfn3mknzyfw1oe','PP-308','member',9.84,2.8,23.85,0.0,'plant',2.0,1788024513334);
INSERT INTO "twin_assets" VALUES('cmtenmo8m2i5wn3mk5r19vhbe','cmtenmo4m2i0ln3mkvbeeizx5','cmtenmbf600hgn3mkrijipste','SF-404','member',37.7,1.4,5.98,0.0,'solar',1.6,1788024513334);
INSERT INTO "twin_assets" VALUES('cmtenmo8m2i5xn3mkvz143baj','cmtenmo4m2i0ln3mkvbeeizx5','cmtenmbf500gfn3mk2si9vvh7','SUB-DMM-01','member',-27.41,2.1,-64.59,0.0,'substation',1.72,1788024513334);
INSERT INTO "twin_assets" VALUES('cmtenmo8m2i5yn3mk03nvrodx','cmtenmo4m2i0ln3mkvbeeizx5','cmtenmbf500ggn3mkse53yfu5','SUB-DMM-02','member',-0.95,2.1,-6.85,0.0,'substation',1.72,1788024513334);
INSERT INTO "twin_assets" VALUES('cmtenmo8m2i5zn3mkfbf66fof','cmtenmo4m2i0ln3mkvbeeizx5','cmtenmbf500ghn3mk1pn7vpfl','SUB-DMM-03','member',15.6,2.1,28.22,0.0,'substation',1.72,1788024513334);
INSERT INTO "twin_assets" VALUES('cmtenmo8m2i60n3mkdovjiqmg','cmtenmo4m2i0ln3mkvbeeizx5','cmtenmbf500gin3mko55r2a0o','SUB-DMM-04','member',9.84,2.1,23.85,0.0,'substation',1.72,1788024513334);
INSERT INTO "twin_assets" VALUES('cmtenmo8m2i61n3mk8bush73v','cmtenmo4m2i0ln3mkvbeeizx5','cmtenmbf500gjn3mk3mj7xgkq','SUB-DMM-05','member',6.59,2.1,-21.57,0.0,'substation',1.72,1788024513334);
INSERT INTO "twin_assets" VALUES('cmtenmo8m2i62n3mkeykuurzr','cmtenmo4m2i0ln3mkvbeeizx5','cmtenmbf500gkn3mkd31wiljy','SUB-DMM-06','member',-12.97,2.1,63.51,0.0,'substation',1.72,1788024513334);
INSERT INTO "twin_assets" VALUES('cmtenmo8m2i63n3mkdjmo7tha','cmtenmo4m2i0ln3mkvbeeizx5','cmtenmbf500gln3mkl6h2oub8','SUB-DMM-07','member',-6.11,2.1,-16.53,0.0,'substation',1.72,1788024513334);
INSERT INTO "twin_assets" VALUES('cmtenmo8m2i64n3mkn9srz7b7','cmtenmo4m2i0ln3mkvbeeizx5','cmtenmbf500gmn3mkx9gcrdhv','T-157','member',-26.74,1.05,-63.69,0.0,'transformer',0.64,1788024513334);
INSERT INTO "twin_assets" VALUES('cmtenmo8m2i65n3mkug5wnnu3','cmtenmo4m2i0ln3mkvbeeizx5','cmtenmbf500gnn3mk9lljzf6z','T-158','member',-1.68,1.05,-7.03,0.0,'transformer',0.65,1788024513334);
INSERT INTO "twin_assets" VALUES('cmtenmo8m2i66n3mk0lt3rzp2','cmtenmo4m2i0ln3mkvbeeizx5','cmtenmbf500gon3mkdj7ppiei','T-159','member',15.17,1.05,29.0,0.0,'transformer',0.93,1788024513334);
INSERT INTO "twin_assets" VALUES('cmtenmo8m2i67n3mkcd0n4tr4','cmtenmo4m2i0ln3mkvbeeizx5','cmtenmbf500gpn3mk6w1r891m','T-160','member',10.47,1.05,24.94,0.0,'transformer',0.96,1788024513334);
INSERT INTO "twin_assets" VALUES('cmtenmo8m2i68n3mk1pjgnx7l','cmtenmo4m2i0ln3mkvbeeizx5','cmtenmbf500gqn3mk53ayp850','T-161','member',5.97,1.05,-21.79,0.0,'transformer',0.91,1788024513334);
INSERT INTO "twin_assets" VALUES('cmtenmo8m2i69n3mk28dh001l','cmtenmo4m2i0ln3mkvbeeizx5','cmtenmbf500grn3mkcqvgoh3m','T-162','member',-13.87,1.05,63.43,0.0,'transformer',1.01,1788024513334);
INSERT INTO "twin_assets" VALUES('cmtenmo8m2i6an3mklds1rxca','cmtenmo4m2i0ln3mkvbeeizx5','cmtenmbf500gsn3mkt4kodykp','T-163','member',-5.94,1.05,-15.81,0.0,'transformer',0.95,1788024513334);
INSERT INTO "twin_assets" VALUES('cmtenmo8m2i6bn3mkuhf84nvr','cmtenmo4m2i0ln3mkvbeeizx5','cmtenmbf500gtn3mk2kkit19i','T-164','member',-28.49,1.05,-63.64,0.0,'transformer',0.97,1788024513334);
INSERT INTO "twin_assets" VALUES('cmtenmo8m2i6cn3mkxurz4f94','cmtenmo4m2i0ln3mkvbeeizx5','cmtenmbf500gun3mk3kqgq36a','T-165','member',-0.58,1.05,-5.46,0.0,'transformer',0.97,1788024513334);
INSERT INTO "twin_assets" VALUES('cmtenmo8m2i6dn3mk2a8xpnxe','cmtenmo4m2i0ln3mkvbeeizx5','cmtenmbf500gvn3mkywl04emx','T-166','member',16.59,1.05,28.88,0.0,'transformer',0.99,1788024513334);
INSERT INTO "twin_assets" VALUES('cmtenmo8m2i6en3mk8vmj78rn','cmtenmo4m2i0ln3mkvbeeizx5','cmtenmbf500gwn3mkxnhgo6d4','T-167','member',8.52,1.05,25.28,0.0,'transformer',1.01,1788024513334);
INSERT INTO "twin_assets" VALUES('cmtenmo8m2i6fn3mkl9nmn7k7','cmtenmo4m2i0ln3mkvbeeizx5','cmtenmbf500gxn3mkf00h6f3j','T-168','member',7.39,1.05,-20.93,0.0,'transformer',0.96,1788024513334);
INSERT INTO "twin_assets" VALUES('cmtenmo8m2i6gn3mk7hy1siix','cmtenmo4m2i0ln3mkvbeeizx5','cmtenmbf500gyn3mkxlfjjjmg','T-169','member',-12.0,1.05,62.11,0.0,'transformer',0.93,1788024513334);
INSERT INTO "twin_assets" VALUES('cmtenmo8m2i6hn3mkha53izod','cmtenmo4m2i0ln3mkvbeeizx5','cmtenmbf500gzn3mk7hf5kxc8','T-170','member',-6.67,1.05,-15.87,0.0,'transformer',1.03,1788024513334);
INSERT INTO "twin_assets" VALUES('cmtenmo8m2i6in3mkhlq1bsdq','cmtenmo4m2i0ln3mkvbeeizx5','cmtenmbf500h0n3mk3fo7wlu0','T-171','member',-26.8,1.05,-64.95,0.0,'transformer',0.99,1788024513334);
INSERT INTO "twin_assets" VALUES('cmtenmo8m2i6jn3mkquzns5l8','cmtenmo4m2i0ln3mkvbeeizx5','cmtenmbf500h1n3mk29uzkupf','T-172','member',0.04,1.05,-7.46,0.0,'transformer',0.97,1788024513334);
INSERT INTO "twin_assets" VALUES('cmtenmo8m2i6kn3mk7uc51mxj','cmtenmo4m2i0ln3mkvbeeizx5','cmtenmbf600h2n3mk5me06ace','T-173','member',15.48,1.05,26.88,0.0,'transformer',0.91,1788024513334);
INSERT INTO "twin_assets" VALUES('cmtenmo8m2i6ln3mk82pq5b3u','cmtenmo4m2i0ln3mkvbeeizx5','cmtenmbf600h3n3mkz8eq711r','T-174','member',8.59,1.05,25.02,0.0,'transformer',0.96,1788024513334);
INSERT INTO "twin_assets" VALUES('cmtenmo8m2i6mn3mkm320khdd','cmtenmo4m2i0ln3mkvbeeizx5','cmtenmbf600h4n3mkv2ipnapz','T-175','member',5.88,1.05,-21.37,0.0,'transformer',0.91,1788024513334);
INSERT INTO "twin_assets" VALUES('cmtenmo8m2i6nn3mkuqx6ec2i','cmtenmo4m2i0ln3mkvbeeizx5','cmtenmbf600h5n3mkztxzf81c','T-176','member',-13.5,1.05,62.49,0.0,'transformer',0.99,1788024513334);
INSERT INTO "twin_assets" VALUES('cmtenmo8m2i6on3mkjadlpdj0','cmtenmo4m2i0ln3mkvbeeizx5','cmtenmbf600h6n3mkdffd4jpd','T-177','member',-5.58,1.05,-17.1,0.0,'transformer',0.96,1788024513334);
INSERT INTO "twin_assets" VALUES('cmtenmo8m2i6pn3mk6lhpkzut','cmtenmo4m2i0ln3mkvbeeizx5','cmtenmbf600h7n3mka790cj16','T-178','member',-27.48,1.05,-65.7,0.0,'transformer',0.93,1788024513334);
INSERT INTO "twin_assets" VALUES('cmtenmo8m2i6qn3mkbic0lfib','cmtenmo4m2i0ln3mkvbeeizx5','cmtenmbf600h8n3mk3r5e8120','T-179','member',0.36,1.05,-6.97,0.0,'transformer',0.89,1788024513334);
INSERT INTO "twin_assets" VALUES('cmtenmo8m2i6rn3mkyscyqkdy','cmtenmo4m2i0ln3mkvbeeizx5','cmtenmbf600h9n3mkg73u7jzm','T-180','member',14.72,1.05,29.26,0.0,'transformer',1.02,1788024513334);
INSERT INTO "twin_assets" VALUES('cmtenmo8m2i6sn3mkzncmayek','cmtenmo4m2i0ln3mkvbeeizx5','cmtenmbf600han3mkuydmlq72','TL-207','member',-14.19,4.9,-35.72,0.0,'line',1.3,1788024513334);
INSERT INTO "twin_assets" VALUES('cmtenmo8m2i6tn3mkxz7esh8k','cmtenmo4m2i0ln3mkvbeeizx5','cmtenmbf600hbn3mkkia9uiqp','TL-208','member',7.32,4.9,10.69,0.0,'line',1.31,1788024513334);
INSERT INTO "twin_assets" VALUES('cmtenmo8m2i6un3mkva780kyo','cmtenmo4m2i0ln3mkvbeeizx5','cmtenmbf600hcn3mk2iharcn4','TL-209','member',12.72,4.9,26.04,0.0,'line',1.26,1788024513334);
INSERT INTO "twin_assets" VALUES('cmtenmo962i7xn3mkyvx83fdy','cmtenmo4v2i0mn3mkuckhbj86','cmtenmbf700i6n3mk6x9g4x0m','BS-504','member',1.45,0.8,5.51,0.0,'battery',0.74,1788024513355);
INSERT INTO "twin_assets" VALUES('cmtenmo962i7yn3mk5jx70g1y','cmtenmo4v2i0mn3mkuckhbj86','cmtenmbf700i8n3mkqir58aad','EV-704','member',0.48,0.86,-1.2,0.0,'ev',0.83,1788024513355);
INSERT INTO "twin_assets" VALUES('cmtenmo962i7zn3mk4s6drq05','cmtenmo4v2i0mn3mkuckhbj86','cmtenmbf700i7n3mkerrno8d6','IL-605','member',-12.16,0.99,6.29,0.0,'load',1.01,1788024513355);
INSERT INTO "twin_assets" VALUES('cmtenmo962i80n3mkrgirdb5t','cmtenmo4v2i0mn3mkuckhbj86','cmtenmbf700i3n3mkaw1p966k','PP-309','member',6.09,2.8,-6.89,0.0,'plant',2.0,1788024513355);
INSERT INTO "twin_assets" VALUES('cmtenmo962i81n3mkyzkt91lx','cmtenmo4v2i0mn3mkuckhbj86','cmtenmbf700i4n3mk06b8tr12','PP-310','member',0.48,2.8,-1.2,0.0,'plant',2.0,1788024513355);
INSERT INTO "twin_assets" VALUES('cmtenmo962i82n3mkwwaxvoc6','cmtenmo4v2i0mn3mkuckhbj86','cmtenmbf700i5n3mklg7h8die','SF-405','member',23.47,1.09,-23.44,0.0,'solar',1.16,1788024513355);
INSERT INTO "twin_assets" VALUES('cmtenmo962i83n3mkf7zz3ewy','cmtenmo4v2i0mn3mkuckhbj86','cmtenmbf600hln3mk2od91tqt','SUB-MAK-01','member',-2.0,2.1,9.22,0.0,'substation',1.58,1788024513355);
INSERT INTO "twin_assets" VALUES('cmtenmo962i84n3mk4igfsf5r','cmtenmo4v2i0mn3mkuckhbj86','cmtenmbf600hmn3mk4qmjqwsj','SUB-MAK-02','member',6.09,2.1,-6.89,0.0,'substation',1.58,1788024513355);
INSERT INTO "twin_assets" VALUES('cmtenmo962i85n3mkvk4pg99i','cmtenmo4v2i0mn3mkuckhbj86','cmtenmbf600hnn3mknbrd8a1k','SUB-MAK-03','member',0.48,2.1,-1.2,0.0,'substation',1.58,1788024513355);
INSERT INTO "twin_assets" VALUES('cmtenmo962i86n3mk37k07u0v','cmtenmo4v2i0mn3mkuckhbj86','cmtenmbf600hon3mk55kzwuue','SUB-MAK-04','member',-12.16,2.1,6.29,0.0,'substation',1.58,1788024513355);
INSERT INTO "twin_assets" VALUES('cmtenmo962i87n3mkzkboovf0','cmtenmo4v2i0mn3mkuckhbj86','cmtenmbf600hpn3mkw8so4xpe','T-181','member',-2.33,1.05,8.99,0.0,'transformer',0.64,1788024513355);
INSERT INTO "twin_assets" VALUES('cmtenmo972i88n3mk6p38qgwy','cmtenmo4v2i0mn3mkuckhbj86','cmtenmbf600hqn3mkgp567b6h','T-182','member',6.07,1.05,-6.99,0.0,'transformer',0.65,1788024513355);
INSERT INTO "twin_assets" VALUES('cmtenmo972i89n3mkw2dprjv7','cmtenmo4v2i0mn3mkuckhbj86','cmtenmbf600hrn3mkzbon8m4a','T-183','member',1.47,1.05,-1.8,0.0,'transformer',1.02,1788024513355);
INSERT INTO "twin_assets" VALUES('cmtenmo972i8an3mkugl64cvg','cmtenmo4v2i0mn3mkuckhbj86','cmtenmbf600hsn3mkqft60wad','T-184','member',-12.12,1.05,5.65,0.0,'transformer',0.98,1788024513355);
INSERT INTO "twin_assets" VALUES('cmtenmo972i8bn3mk9h4lpruz','cmtenmo4v2i0mn3mkuckhbj86','cmtenmbf700htn3mkpkwjyc4h','T-185','member',-0.72,1.05,8.57,0.0,'transformer',0.98,1788024513355);
INSERT INTO "twin_assets" VALUES('cmtenmo972i8cn3mkmvav15bj','cmtenmo4v2i0mn3mkuckhbj86','cmtenmbf700hun3mkvhc2bvpc','T-186','member',6.81,1.05,-7.71,0.0,'transformer',0.97,1788024513355);
INSERT INTO "twin_assets" VALUES('cmtenmo972i8dn3mk67odqkq2','cmtenmo4v2i0mn3mkuckhbj86','cmtenmbf700hvn3mk8bh1r1xd','T-187','member',0.9,1.05,-1.99,0.0,'transformer',0.98,1788024513355);
INSERT INTO "twin_assets" VALUES('cmtenmo972i8en3mk2memctu2','cmtenmo4v2i0mn3mkuckhbj86','cmtenmbf700hwn3mkgzj9lsid','T-188','member',-11.23,1.05,7.53,0.0,'transformer',1.0,1788024513355);
INSERT INTO "twin_assets" VALUES('cmtenmo972i8fn3mkfz5s6et5','cmtenmo4v2i0mn3mkuckhbj86','cmtenmbf700hxn3mkqv8cvf9x','T-189','member',-1.97,1.05,8.21,0.0,'transformer',0.93,1788024513355);
INSERT INTO "twin_assets" VALUES('cmtenmo972i8gn3mkco3hy5mb','cmtenmo4v2i0mn3mkuckhbj86','cmtenmbf700hyn3mk6ketfug3','T-190','member',6.33,1.05,-7.29,0.0,'transformer',1.05,1788024513355);
INSERT INTO "twin_assets" VALUES('cmtenmo972i8hn3mkjpskyojy','cmtenmo4v2i0mn3mkuckhbj86','cmtenmbf700hzn3mk2we3z3t0','T-191','member',0.68,1.05,-1.61,0.0,'transformer',0.93,1788024513355);
INSERT INTO "twin_assets" VALUES('cmtenmo972i8in3mktmsczamx','cmtenmo4v2i0mn3mkuckhbj86','cmtenmbf700i0n3mk18rnbg5l','T-192','member',-11.46,1.05,4.86,0.0,'transformer',1.01,1788024513355);
INSERT INTO "twin_assets" VALUES('cmtenmo972i8jn3mknp5sek6t','cmtenmo4v2i0mn3mkuckhbj86','cmtenmbf700i1n3mkh4hc9iml','TL-210','member',2.05,4.9,1.16,0.0,'line',1.44,1788024513355);
INSERT INTO "twin_assets" VALUES('cmtenmo972i8kn3mkc8sv4uat','cmtenmo4v2i0mn3mkuckhbj86','cmtenmbf700i2n3mklrquwn64','TL-211','member',3.29,4.9,-4.05,0.0,'line',2.0,1788024513355);
INSERT INTO "twin_assets" VALUES('cmtenmo9n2i97n3mkhx1v4wtg','cmtenmo522i0nn3mk1gl92lol','cmtenmbf800ion3mkdogxvux1','BS-505','member',9.11,0.79,3.35,0.0,'battery',0.72,1788024513372);
INSERT INTO "twin_assets" VALUES('cmtenmo9n2i98n3mkb2cb27sl','cmtenmo522i0nn3mk1gl92lol','cmtenmbf800iqn3mk6p7zex2n','EV-705','member',7.04,0.81,-10.78,0.0,'ev',0.75,1788024513372);
INSERT INTO "twin_assets" VALUES('cmtenmo9n2i99n3mkusr4fsp6','cmtenmo522i0nn3mk1gl92lol','cmtenmbf800ipn3mkn2l7gnbr','IL-606','member',-68.38,0.89,56.01,0.0,'load',0.87,1788024513372);
INSERT INTO "twin_assets" VALUES('cmtenmo9n2i9an3mk3fs3b8cb','cmtenmo522i0nn3mk1gl92lol','cmtenmbf800imn3mkfin7q5dx','PP-311','member',-4.34,2.8,-1.65,0.0,'plant',2.0,1788024513372);
INSERT INTO "twin_assets" VALUES('cmtenmo9n2i9bn3mkx2h35kf2','cmtenmo522i0nn3mk1gl92lol','cmtenmbf800inn3mkck1034i8','SF-406','member',29.49,1.09,-33.02,0.0,'solar',1.16,1788024513372);
INSERT INTO "twin_assets" VALUES('cmtenmo9n2i9cn3mkw46dfrkk','cmtenmo522i0nn3mk1gl92lol','cmtenmbf700i9n3mkis49pt4w','SUB-MED-01','member',5.74,2.1,7.05,0.0,'substation',1.46,1788024513372);
INSERT INTO "twin_assets" VALUES('cmtenmo9n2i9dn3mk1lvrp90u','cmtenmo522i0nn3mk1gl92lol','cmtenmbf700ian3mk64r7o3i2','SUB-MED-02','member',-4.34,2.1,-1.65,0.0,'substation',1.46,1788024513372);
INSERT INTO "twin_assets" VALUES('cmtenmo9n2i9en3mkizg7wuxn','cmtenmo522i0nn3mk1gl92lol','cmtenmbf700ibn3mkbpxfxslc','SUB-MED-03','member',7.04,2.1,-10.78,0.0,'substation',1.46,1788024513372);
INSERT INTO "twin_assets" VALUES('cmtenmo9n2i9fn3mk0pmuxscq','cmtenmo522i0nn3mk1gl92lol','cmtenmbf700icn3mklav10md5','T-193','member',4.59,1.05,8.33,0.0,'transformer',0.64,1788024513372);
INSERT INTO "twin_assets" VALUES('cmtenmo9n2i9gn3mkx5c90p7w','cmtenmo522i0nn3mk1gl92lol','cmtenmbf700idn3mkkf4jc3h9','T-194','member',-3.92,1.05,-2.91,0.0,'transformer',0.65,1788024513372);
INSERT INTO "twin_assets" VALUES('cmtenmo9n2i9hn3mk9ecgk6cx','cmtenmo522i0nn3mk1gl92lol','cmtenmbf700ien3mkivzct6h1','T-195','member',7.14,1.05,-10.0,0.0,'transformer',1.0,1788024513372);
INSERT INTO "twin_assets" VALUES('cmtenmo9n2i9in3mkc1rv4vuu','cmtenmo522i0nn3mk1gl92lol','cmtenmbf700ifn3mkjss6n82u','T-196','member',4.72,1.05,8.17,0.0,'transformer',0.99,1788024513372);
INSERT INTO "twin_assets" VALUES('cmtenmo9n2i9jn3mkj2e5zwdj','cmtenmo522i0nn3mk1gl92lol','cmtenmbf700ign3mkwsb4xyjy','T-197','member',-4.52,1.05,-2.0,0.0,'transformer',0.97,1788024513372);
INSERT INTO "twin_assets" VALUES('cmtenmo9n2i9kn3mkj7qkdb4p','cmtenmo522i0nn3mk1gl92lol','cmtenmbf700ihn3mk05bo4u48','T-198','member',5.8,1.05,-10.07,0.0,'transformer',1.04,1788024513372);
INSERT INTO "twin_assets" VALUES('cmtenmo9n2i9ln3mkkxjtx4t4','cmtenmo522i0nn3mk1gl92lol','cmtenmbf700iin3mko8w80ssd','T-199','member',6.29,1.05,5.96,0.0,'transformer',1.1,1788024513372);
INSERT INTO "twin_assets" VALUES('cmtenmo9n2i9mn3mk37v0c9qa','cmtenmo522i0nn3mk1gl92lol','cmtenmbf700ijn3mk9gn1bmqd','T-200','member',-3.64,1.05,-2.48,0.0,'transformer',1.11,1788024513372);
INSERT INTO "twin_assets" VALUES('cmtenmo9n2i9nn3mkme5nohbm','cmtenmo522i0nn3mk1gl92lol','cmtenmbf700ikn3mkft11zoy7','TL-212','member',0.7,4.9,2.7,0.0,'line',1.8,1788024513372);
INSERT INTO "twin_assets" VALUES('cmtenmo9o2i9on3mklahubp7s','cmtenmo522i0nn3mk1gl92lol','cmtenmbf800iln3mk9jatzkve','TL-213','member',1.35,4.9,-6.21,0.0,'line',1.6,1788024513372);
INSERT INTO "twin_assets" VALUES('cmtenmoa42ia6n3mktjxmpo5q','cmtenmo5b2i0on3mkr2udtxgo','cmtenmbf800j2n3mkde225pjc','BS-506','member',87.15,0.81,18.78,0.0,'battery',0.76,1788024513388);
INSERT INTO "twin_assets" VALUES('cmtenmoa42ia7n3mkeehjxbo4','cmtenmo5b2i0on3mkr2udtxgo','cmtenmbf800j4n3mknna7f5o0','EV-706','member',41.13,0.76,145.92,0.0,'ev',0.68,1788024513388);
INSERT INTO "twin_assets" VALUES('cmtenmoa42ia8n3mk0kvgkkcp','cmtenmo5b2i0on3mkr2udtxgo','cmtenmbf800j3n3mk1eiawh7q','IL-607','member',81.53,0.81,21.24,0.0,'load',0.75,1788024513388);
INSERT INTO "twin_assets" VALUES('cmtenmoa42ia9n3mk45m0whk0','cmtenmo5b2i0on3mkr2udtxgo','cmtenmbf800izn3mkk41gz2ox','PP-312','member',-103.77,2.8,-70.66,0.0,'plant',1.51,1788024513388);
INSERT INTO "twin_assets" VALUES('cmtenmoa42iaan3mk7tm9baa3','cmtenmo5b2i0on3mkr2udtxgo','cmtenmbf800j0n3mk5erbr2qc','SF-407','member',62.87,1.12,123.68,0.0,'solar',1.2,1788024513388);
INSERT INTO "twin_assets" VALUES('cmtenmoa42iabn3mkgslqzg80','cmtenmo5b2i0on3mkr2udtxgo','cmtenmbf800irn3mkvamey2tt','SUB-TUU-01','member',83.9,2.1,22.49,0.0,'substation',1.33,1788024513388);
INSERT INTO "twin_assets" VALUES('cmtenmoa42iacn3mkdbkr6s37','cmtenmo5b2i0on3mkr2udtxgo','cmtenmbf800isn3mkfmjdbhzf','SUB-TUU-02','member',-103.77,2.1,-70.66,0.0,'substation',1.33,1788024513388);
INSERT INTO "twin_assets" VALUES('cmtenmoa42iadn3mkx43e7f7i','cmtenmo5b2i0on3mkr2udtxgo','cmtenmbf800itn3mkf6yxwige','T-201','member',83.82,1.05,21.15,0.0,'transformer',0.64,1788024513388);
INSERT INTO "twin_assets" VALUES('cmtenmoa42iaen3mkdg99az8e','cmtenmo5b2i0on3mkr2udtxgo','cmtenmbf800iun3mklo4qbdf9','T-202','member',-104.54,1.05,-71.97,0.0,'transformer',0.99,1788024513388);
INSERT INTO "twin_assets" VALUES('cmtenmoa42iafn3mky7tbjzx9','cmtenmo5b2i0on3mkr2udtxgo','cmtenmbf800ivn3mkmh2wgofb','T-203','member',84.6,1.05,21.55,0.0,'transformer',1.1,1788024513388);
INSERT INTO "twin_assets" VALUES('cmtenmoa42iagn3mkigfu7d2y','cmtenmo5b2i0on3mkr2udtxgo','cmtenmbf800iwn3mkblxbmmhb','T-204','member',-103.97,1.05,-69.87,0.0,'transformer',1.17,1788024513388);
INSERT INTO "twin_assets" VALUES('cmtenmoa42iahn3mk7znhffxr','cmtenmo5b2i0on3mkr2udtxgo','cmtenmbf800ixn3mkmrwh93h6','TL-214','member',-10.1,4.9,-24.09,0.0,'line',2.0,1788024513388);
INSERT INTO "twin_assets" VALUES('cmtenmoa42iain3mkax7ld7l8','cmtenmo5b2i0on3mkr2udtxgo','cmtenmbf800iyn3mkgg98tfqw','TL-215','member',-10.1,4.9,-24.09,0.0,'line',1.81,1788024513388);
INSERT INTO "twin_assets" VALUES('cmtenmoa42iajn3mku6twnf1v','cmtenmo5b2i0on3mkr2udtxgo','cmtenmbf800j1n3mkcv7ovvsc','WF-451','member',-86.56,4.2,-43.48,0.0,'wind',0.87,1788024513388);
INSERT INTO "twin_assets" VALUES('cmtenmoal2iayn3mk3dguvywa','cmtenmo5i2i0pn3mkrxl1jjkg','cmtenmbf900jgn3mkcv6g73o0','BS-507','member',-21.68,0.92,29.92,0.0,'battery',0.92,1788024513405);
INSERT INTO "twin_assets" VALUES('cmtenmoal2iazn3mkfvl67t8f','cmtenmo5i2i0pn3mkrxl1jjkg','cmtenmbf900jjn3mkh1nk8ot5','EV-707','member',-61.92,0.75,2.77,0.0,'ev',0.67,1788024513405);
INSERT INTO "twin_assets" VALUES('cmtenmoal2ib0n3mkkyumi6nr','cmtenmo5i2i0pn3mkrxl1jjkg','cmtenmbf900jhn3mke56rw1x3','IL-608','member',-26.23,0.74,34.72,0.0,'load',0.66,1788024513405);
INSERT INTO "twin_assets" VALUES('cmtenmoal2ib1n3mkasc63nkd','cmtenmo5i2i0pn3mkrxl1jjkg','cmtenmbf900jin3mkymjt6u7j','IL-609','member',33.46,0.74,-26.53,0.0,'load',0.66,1788024513405);
INSERT INTO "twin_assets" VALUES('cmtenmoal2ib2n3mk75d3gd0e','cmtenmo5i2i0pn3mkrxl1jjkg','cmtenmbf900jdn3mk52qe7uao','PP-313','member',32.83,2.8,-30.57,0.0,'plant',1.14,1788024513405);
INSERT INTO "twin_assets" VALUES('cmtenmoal2ib3n3mkg7unx23u','cmtenmo5i2i0pn3mkrxl1jjkg','cmtenmbf900jen3mkh9dxt81d','SF-408','member',-40.08,1.14,-19.47,0.0,'solar',1.23,1788024513405);
INSERT INTO "twin_assets" VALUES('cmtenmoal2ib4n3mklqnaccna','cmtenmo5i2i0pn3mkrxl1jjkg','cmtenmbf800j5n3mkv4cud574','SUB-NEO-01','member',-24.96,2.1,33.63,0.0,'substation',1.2,1788024513405);
INSERT INTO "twin_assets" VALUES('cmtenmoal2ib5n3mkpxuhquuw','cmtenmo5i2i0pn3mkrxl1jjkg','cmtenmbf800j6n3mkmuegb5zg','SUB-NEO-02','member',32.83,2.1,-30.57,0.0,'substation',1.2,1788024513405);
INSERT INTO "twin_assets" VALUES('cmtenmoal2ib6n3mkk5b719ch','cmtenmo5i2i0pn3mkrxl1jjkg','cmtenmbf800j7n3mkeusmalnt','T-205','member',-23.95,1.05,34.58,0.0,'transformer',0.64,1788024513405);
INSERT INTO "twin_assets" VALUES('cmtenmoal2ib7n3mk7j3v2ec0','cmtenmo5i2i0pn3mkrxl1jjkg','cmtenmbf800j8n3mke1za1yol','T-206','member',31.92,1.05,-31.71,0.0,'transformer',0.97,1788024513405);
INSERT INTO "twin_assets" VALUES('cmtenmoal2ib8n3mk3bxi8obi','cmtenmo5i2i0pn3mkrxl1jjkg','cmtenmbf800j9n3mkb32o9bkh','T-207','member',-24.44,1.05,33.23,0.0,'transformer',1.01,1788024513405);
INSERT INTO "twin_assets" VALUES('cmtenmoal2ib9n3mkx86rnyz0','cmtenmo5i2i0pn3mkrxl1jjkg','cmtenmbf800jan3mk6x11bc2o','T-208','member',33.64,1.05,-29.69,0.0,'transformer',0.99,1788024513405);
INSERT INTO "twin_assets" VALUES('cmtenmoal2iban3mk16wfkdhg','cmtenmo5i2i0pn3mkrxl1jjkg','cmtenmbf800jbn3mkclcz8vj6','TL-216','member',3.97,4.9,1.53,0.0,'line',1.99,1788024513405);
INSERT INTO "twin_assets" VALUES('cmtenmoal2ibbn3mk1unw92kk','cmtenmo5i2i0pn3mkrxl1jjkg','cmtenmbf800jcn3mkhw1b4y7d','TL-217','member',3.97,4.9,1.53,0.0,'line',1.41,1788024513405);
INSERT INTO "twin_assets" VALUES('cmtenmoal2ibcn3mkezbik8q6','cmtenmo5i2i0pn3mkrxl1jjkg','cmtenmbf900jfn3mkex0bbjlx','WF-452','member',50.31,4.2,-3.39,0.0,'wind',1.37,1788024513405);
INSERT INTO "twin_assets" VALUES('cmtenmob42ibsn3mkfyvoolsk','cmtenmo5r2i0qn3mk00bi9knh','cmtenmbf900jwn3mkkli208kc','BS-508','member',-9.3,0.75,11.49,0.0,'battery',0.68,1788024513424);
INSERT INTO "twin_assets" VALUES('cmtenmob42ibtn3mkkwxsi4wf','cmtenmo5r2i0qn3mk00bi9knh','cmtenmbf900jzn3mk4g8pypgl','EV-708','member',8.4,0.77,7.46,0.0,'ev',0.7,1788024513424);
INSERT INTO "twin_assets" VALUES('cmtenmob42ibun3mk225csrdh','cmtenmo5r2i0qn3mk00bi9knh','cmtenmbf900jxn3mkaiths4fs','IL-610','member',-13.09,0.76,12.44,0.0,'load',0.69,1788024513424);
INSERT INTO "twin_assets" VALUES('cmtenmob42ibvn3mk16129hbv','cmtenmo5r2i0qn3mk00bi9knh','cmtenmbf900jyn3mkds6zf7ub','IL-611','member',6.3,0.76,-17.64,0.0,'load',0.69,1788024513424);
INSERT INTO "twin_assets" VALUES('cmtenmob42ibwn3mklfntwevp','cmtenmo5r2i0qn3mk00bi9knh','cmtenmbf900jtn3mk31ex0l6p','PP-314','member',3.15,2.8,-16.57,0.0,'plant',2.0,1788024513424);
INSERT INTO "twin_assets" VALUES('cmtenmob42ibxn3mk7o8yx4o4','cmtenmo5r2i0qn3mk00bi9knh','cmtenmbf900jun3mksvpgmcxs','SF-409','member',32.02,0.89,-14.78,0.0,'solar',0.87,1788024513424);
INSERT INTO "twin_assets" VALUES('cmtenmob42ibyn3mkwaco4lcp','cmtenmo5r2i0qn3mk00bi9knh','cmtenmbf900jkn3mkz6fp9rlk','SUB-JAZ-01','member',-12.84,2.1,15.19,0.0,'substation',1.42,1788024513424);
INSERT INTO "twin_assets" VALUES('cmtenmob42ibzn3mkx94gp9y8','cmtenmo5r2i0qn3mk00bi9knh','cmtenmbf900jln3mk0y55dq89','SUB-JAZ-02','member',3.15,2.1,-16.57,0.0,'substation',1.42,1788024513424);
INSERT INTO "twin_assets" VALUES('cmtenmob42ic0n3mku4g6njk7','cmtenmo5r2i0qn3mk00bi9knh','cmtenmbf900jmn3mkena8qz09','T-209','member',-11.85,1.05,15.91,0.0,'transformer',0.64,1788024513424);
INSERT INTO "twin_assets" VALUES('cmtenmob42ic1n3mkwch1g4bp','cmtenmo5r2i0qn3mk00bi9knh','cmtenmbf900jnn3mk3mw2j07u','T-210','member',2.79,1.05,-17.57,0.0,'transformer',0.95,1788024513424);
INSERT INTO "twin_assets" VALUES('cmtenmob42ic2n3mkh0o0i08s','cmtenmo5r2i0qn3mk00bi9knh','cmtenmbf900jon3mkboa9vx20','T-211','member',-12.97,1.05,14.06,0.0,'transformer',1.0,1788024513424);
INSERT INTO "twin_assets" VALUES('cmtenmob42ic3n3mkcpnop89g','cmtenmo5r2i0qn3mk00bi9knh','cmtenmbf900jpn3mkcc1m6odb','T-212','member',3.58,1.05,-16.68,0.0,'transformer',1.01,1788024513424);
INSERT INTO "twin_assets" VALUES('cmtenmob42ic4n3mkv7qykh0t','cmtenmo5r2i0qn3mk00bi9knh','cmtenmbf900jqn3mk624yaj9u','T-213','member',-11.77,1.05,14.05,0.0,'transformer',1.08,1788024513424);
INSERT INTO "twin_assets" VALUES('cmtenmob42ic5n3mkii5b87e3','cmtenmo5r2i0qn3mk00bi9knh','cmtenmbf900jrn3mk4je67jgs','TL-218','member',-4.84,4.9,-0.69,0.0,'line',1.55,1788024513424);
INSERT INTO "twin_assets" VALUES('cmtenmob42ic6n3mkpstg0l0m','cmtenmo5r2i0qn3mk00bi9knh','cmtenmbf900jsn3mkzm0zdtp4','TL-219','member',-4.84,4.9,-0.69,0.0,'line',1.55,1788024513424);
INSERT INTO "twin_assets" VALUES('cmtenmob42ic7n3mkggb8n9o3','cmtenmo5r2i0qn3mk00bi9knh','cmtenmbf900jvn3mknoburk3i','WF-453','member',22.06,4.2,10.61,0.0,'wind',0.75,1788024513424);
INSERT INTO "twin_assets" VALUES('cmtenmobo2icon3mkgz76drw5','cmtenmo5y2i0rn3mkn1jj8rr4','cmtenmbfa00kbn3mknqd1k2ae','BS-509','member',-12.65,0.75,-7.22,0.0,'battery',0.67,1788024513444);
INSERT INTO "twin_assets" VALUES('cmtenmobo2icpn3mkypxvle7c','cmtenmo5y2i0rn3mkn1jj8rr4','cmtenmbfa00kdn3mk71rpa4n7','EV-709','member',-0.11,0.76,15.29,0.0,'ev',0.68,1788024513444);
INSERT INTO "twin_assets" VALUES('cmtenmobo2icqn3mkpbpfdivm','cmtenmo5y2i0rn3mkn1jj8rr4','cmtenmbfa00kcn3mklfb5j4gp','IL-612','member',-15.97,0.8,-2.95,0.0,'load',0.75,1788024513444);
INSERT INTO "twin_assets" VALUES('cmtenmobo2icrn3mkxkl0vxmv','cmtenmo5y2i0rn3mkn1jj8rr4','cmtenmbfa00k8n3mkbyx0mikm','PP-315','member',8.97,2.8,-2.05,0.0,'plant',1.8,1788024513444);
INSERT INTO "twin_assets" VALUES('cmtenmobo2icsn3mkhzugkmss','cmtenmo5y2i0rn3mkn1jj8rr4','cmtenmbfa00k9n3mktb5u8xm1','SF-410','member',23.35,0.92,-6.95,0.0,'solar',0.92,1788024513444);
INSERT INTO "twin_assets" VALUES('cmtenmobo2ictn3mkvuqb72up','cmtenmo5y2i0rn3mkn1jj8rr4','cmtenmbf900k0n3mkztn8jy15','SUB-ABT-01','member',-16.17,2.1,-3.51,0.0,'substation',1.3,1788024513444);
INSERT INTO "twin_assets" VALUES('cmtenmobo2icun3mkp49rrjrc','cmtenmo5y2i0rn3mkn1jj8rr4','cmtenmbf900k1n3mksw22koy7','SUB-ABT-02','member',8.97,2.1,-2.05,0.0,'substation',1.3,1788024513444);
INSERT INTO "twin_assets" VALUES('cmtenmobo2icvn3mkvijwj2un','cmtenmo5y2i0rn3mkn1jj8rr4','cmtenmbf900k2n3mk7f3pmb2k','T-214','member',-15.96,1.05,-2.71,0.0,'transformer',0.64,1788024513444);
INSERT INTO "twin_assets" VALUES('cmtenmobo2icwn3mkkkgn0tub','cmtenmo5y2i0rn3mkn1jj8rr4','cmtenmbf900k3n3mkkrgl6h8q','T-215','member',8.02,1.05,-2.95,0.0,'transformer',0.96,1788024513444);
INSERT INTO "twin_assets" VALUES('cmtenmobo2icxn3mk86iu5cov','cmtenmo5y2i0rn3mkn1jj8rr4','cmtenmbf900k4n3mkrfmalqdn','T-216','member',-17.54,1.05,-3.42,0.0,'transformer',1.08,1788024513444);
INSERT INTO "twin_assets" VALUES('cmtenmobo2icyn3mkxqa3s0dq','cmtenmo5y2i0rn3mkn1jj8rr4','cmtenmbfa00k5n3mkoijm7ps7','T-217','member',8.57,1.05,-1.05,0.0,'transformer',1.13,1788024513444);
INSERT INTO "twin_assets" VALUES('cmtenmobo2iczn3mk7dp6cdhn','cmtenmo5y2i0rn3mkn1jj8rr4','cmtenmbfa00k6n3mkjlrtcr4h','TL-220','member',-3.6,4.9,-2.78,0.0,'line',1.45,1788024513444);
INSERT INTO "twin_assets" VALUES('cmtenmobo2id0n3mkli9hyob1','cmtenmo5y2i0rn3mkn1jj8rr4','cmtenmbfa00k7n3mk29le5hye','TL-221','member',-3.6,4.9,-2.78,0.0,'line',1.78,1788024513444);
INSERT INTO "twin_assets" VALUES('cmtenmobo2id1n3mk3amcj81p','cmtenmo5y2i0rn3mkn1jj8rr4','cmtenmbfa00kan3mk9nagq4c4','WF-454','member',27.75,4.2,25.13,0.0,'wind',0.7,1788024513444);
INSERT INTO "twin_assets" VALUES('cmtenmoc72idgn3mkg5zygsys','cmtenmo662i0sn3mkgzplthc7','cmtenmbfa00krn3mkz5uho0rg','BS-510','member',10.1,0.79,-18.53,0.0,'battery',0.73,1788024513463);
INSERT INTO "twin_assets" VALUES('cmtenmoc72idhn3mkpeh5hc9i','cmtenmo662i0sn3mkgzplthc7','cmtenmbfa00kun3mk1xfdt5vo','EV-710','member',-52.53,0.79,24.13,0.0,'ev',0.73,1788024513463);
INSERT INTO "twin_assets" VALUES('cmtenmoc72idin3mkb20233nx','cmtenmo662i0sn3mkgzplthc7','cmtenmbfa00ksn3mkh6ubdip7','IL-613','member',-27.6,0.78,-4.63,0.0,'load',0.71,1788024513463);
INSERT INTO "twin_assets" VALUES('cmtenmoc72idjn3mkhe3r33m8','cmtenmo662i0sn3mkgzplthc7','cmtenmbfa00ktn3mkdm3vb6qr','IL-614','member',7.86,0.78,-18.82,0.0,'load',0.71,1788024513463);
INSERT INTO "twin_assets" VALUES('cmtenmoc72idkn3mkbjny9sou','cmtenmo662i0sn3mkgzplthc7','cmtenmbfa00kpn3mkjqfaif1j','PP-316','member',8.42,2.8,17.52,0.0,'plant',2.0,1788024513463);
INSERT INTO "twin_assets" VALUES('cmtenmoc72idln3mk3cgt3vyf','cmtenmo662i0sn3mkgzplthc7','cmtenmbfa00kqn3mk89mg9kp1','SF-411','member',-30.32,1.17,1.9,0.0,'solar',1.27,1788024513463);
INSERT INTO "twin_assets" VALUES('cmtenmoc72idmn3mkew0smdpx','cmtenmo662i0sn3mkgzplthc7','cmtenmbfa00ken3mk79x44o4r','SUB-QSM-01','member',6.77,2.1,-14.82,0.0,'substation',1.67,1788024513463);
INSERT INTO "twin_assets" VALUES('cmtenmoc72idnn3mkjk32joxp','cmtenmo662i0sn3mkgzplthc7','cmtenmbfa00kfn3mktxnv4m64','SUB-QSM-02','member',8.42,2.1,17.52,0.0,'substation',1.67,1788024513463);
INSERT INTO "twin_assets" VALUES('cmtenmoc72idon3mkkh077bp5','cmtenmo662i0sn3mkgzplthc7','cmtenmbfa00kgn3mkzvkb3sii','T-218','member',7.01,1.05,-15.91,0.0,'transformer',0.64,1788024513463);
INSERT INTO "twin_assets" VALUES('cmtenmoc72idpn3mkpwco3ezr','cmtenmo662i0sn3mkgzplthc7','cmtenmbfa00khn3mky5fvyysj','T-219','member',8.64,1.05,18.91,0.0,'transformer',0.93,1788024513463);
INSERT INTO "twin_assets" VALUES('cmtenmoc72idqn3mktgf60d89','cmtenmo662i0sn3mkgzplthc7','cmtenmbfa00kin3mkeyyvsx44','T-220','member',7.68,1.05,-14.01,0.0,'transformer',1.01,1788024513463);
INSERT INTO "twin_assets" VALUES('cmtenmoc72idrn3mk3e31zu7i','cmtenmo662i0sn3mkgzplthc7','cmtenmbfa00kjn3mktawwdf8x','T-221','member',7.5,1.05,16.87,0.0,'transformer',0.91,1788024513463);
INSERT INTO "twin_assets" VALUES('cmtenmoc72idsn3mksrt2g8m0','cmtenmo662i0sn3mkgzplthc7','cmtenmbfa00kkn3mk91l2csbh','T-222','member',7.29,1.05,-13.49,0.0,'transformer',0.99,1788024513463);
INSERT INTO "twin_assets" VALUES('cmtenmoc72idtn3mkikbl3u23','cmtenmo662i0sn3mkgzplthc7','cmtenmbfa00kln3mkedz5g3p8','T-223','member',7.61,1.05,16.45,0.0,'transformer',0.88,1788024513463);
INSERT INTO "twin_assets" VALUES('cmtenmoc72idun3mke4c2vi9w','cmtenmo662i0sn3mkgzplthc7','cmtenmbfa00kmn3mk8dchy02d','T-224','member',7.93,1.05,-15.81,0.0,'transformer',0.99,1788024513463);
INSERT INTO "twin_assets" VALUES('cmtenmoc72idvn3mkk2pe8v0n','cmtenmo662i0sn3mkgzplthc7','cmtenmbfa00knn3mk9h90qy0w','TL-222','member',7.59,4.9,1.35,0.0,'line',1.6,1788024513463);
INSERT INTO "twin_assets" VALUES('cmtenmoc72idwn3mk35opx5y5','cmtenmo662i0sn3mkgzplthc7','cmtenmbfa00kon3mkm6e45dry','TL-223','member',7.59,4.9,1.35,0.0,'line',1.53,1788024513463);
INSERT INTO "twin_assets" VALUES('cmtenmocp2ieen3mk4huohqgx','cmtenmo6d2i0tn3mkblp4qc4z','cmtenmbf300fen3mk008uqc51','BS-501','member',0.0,1.68,-26.0,0.0,'battery',1.9,1788024513481);
INSERT INTO "twin_assets" VALUES('cmtenmocp2iefn3mkm10pvmjs','cmtenmo6d2i0tn3mkblp4qc4z','cmtenmbf100dvn3mklqp65wf5','SUB-RYD-01','member',-10.0,3.0,-10.0,0.0,'substation',1.9,1788024513481);
INSERT INTO "twin_assets" VALUES('cmtenmocp2iegn3mkdvwyrxhe','cmtenmo6d2i0tn3mkblp4qc4z','cmtenmbf300f6n3mks6fme2mh','TL-201','member',10.0,7.0,-10.0,0.0,'line',1.9,1788024513481);
INSERT INTO "twin_assets" VALUES('cmtenmocp2iehn3mk7fxrk9tl','cmtenmo6d2i0tn3mkblp4qc4z','cmtenmbf100e6n3mkqyewoqck','T-108','member',-18.0,1.5,6.0,0.0,'transformer',0.87,1788024513481);
INSERT INTO "twin_assets" VALUES('cmtenmocp2iein3mkzzm91dop','cmtenmo6d2i0tn3mkblp4qc4z','cmtenmbf200ehn3mk67cq8art','T-113','member',-6.0,1.5,6.0,0.0,'transformer',1.47,1788024513481);
INSERT INTO "twin_assets" VALUES('cmtenmocp2iejn3mknz6iqlbh','cmtenmo6d2i0tn3mkblp4qc4z','cmtenmbf200esn3mke3sh9min','T-124','member',6.0,1.5,6.0,0.0,'transformer',1.47,1788024513481);
INSERT INTO "twin_assets" VALUES('cmtenmocp2iekn3mkulgkbjvw','cmtenmo6d2i0tn3mkblp4qc4z','cmtenmbf300f3n3mkhdy12s1b','T-135','member',18.0,1.5,6.0,0.0,'transformer',1.34,1788024513481);
INSERT INTO "twin_assets" VALUES('cmtenmocp2ieln3mk7hdcxk8u','cmtenmo6d2i0tn3mkblp4qc4z','cmtenmbf300fgn3mk9tman5vy','EV-701','member',-8.0,1.68,24.0,0.0,'ev',1.9,1788024513481);
INSERT INTO "twin_assets" VALUES('cmtenmocp2iemn3mkel3hmh6v','cmtenmo6d2i0tn3mkblp4qc4z','cmtenmbf300ffn3mks0ok9n4d','IL-601','member',8.0,2.0,24.0,0.0,'load',1.9,1788024513481);
INSERT INTO "twin_assets" VALUES('cmtenmod62ievn3mkjstsvtio','cmtenmo6l2i0vn3mko79viqj4','cmtenmbf100dvn3mklqp65wf5','SUB-RYD-01','member',0.0,3.0,-10.0,0.0,'substation',1.9,1788024513499);
INSERT INTO "twin_assets" VALUES('cmtenmod62iewn3mkz66dnt0l','cmtenmo6l2i0vn3mko79viqj4','cmtenmbf100e6n3mkqyewoqck','T-108','focus',0.0,1.5,6.0,0.0,'transformer',0.87,1788024513499);
INSERT INTO "twin_assets" VALUES('cmtenmod62iexn3mkd08b0vs4','cmtenmo6l2i0vn3mko79viqj4','cmtenmbf300fgn3mk9tman5vy','EV-701','member',0.0,1.68,24.0,0.0,'ev',1.9,1788024513499);
CREATE TABLE "twin_deviations" (
    "id" TEXT NOT NULL PRIMARY KEY,
    "twinId" TEXT NOT NULL,
    "assetCode" TEXT NOT NULL,
    "channel" TEXT NOT NULL,
    "expectedValue" REAL NOT NULL,
    "observedValue" REAL NOT NULL,
    "deviationPct" REAL NOT NULL,
    "suspectedCause" TEXT NOT NULL DEFAULT 'model_drift',
    "confidence" REAL NOT NULL DEFAULT 0,
    "detail" TEXT NOT NULL DEFAULT '',
    "detailAr" TEXT NOT NULL DEFAULT '',
    "status" TEXT NOT NULL DEFAULT 'open',
    "detectedAt" DATETIME NOT NULL DEFAULT CURRENT_TIMESTAMP,
    CONSTRAINT "twin_deviations_twinId_fkey" FOREIGN KEY ("twinId") REFERENCES "digital_twins" ("id") ON DELETE CASCADE ON UPDATE CASCADE
);
CREATE TABLE "twin_events" (
    "id" TEXT NOT NULL PRIMARY KEY,
    "twinId" TEXT NOT NULL,
    "scenarioId" TEXT,
    "ordinal" INTEGER NOT NULL DEFAULT 0,
    "kind" TEXT NOT NULL,
    "label" TEXT NOT NULL,
    "labelAr" TEXT NOT NULL,
    "offsetMin" INTEGER NOT NULL DEFAULT 0,
    "durationMin" INTEGER NOT NULL DEFAULT 60,
    "magnitude" REAL NOT NULL DEFAULT 0,
    "unit" TEXT NOT NULL DEFAULT '',
    "targetCode" TEXT,
    "regionCode" TEXT,
    "createdAt" DATETIME NOT NULL DEFAULT CURRENT_TIMESTAMP,
    CONSTRAINT "twin_events_twinId_fkey" FOREIGN KEY ("twinId") REFERENCES "digital_twins" ("id") ON DELETE CASCADE ON UPDATE CASCADE,
    CONSTRAINT "twin_events_scenarioId_fkey" FOREIGN KEY ("scenarioId") REFERENCES "twin_scenarios" ("id") ON DELETE CASCADE ON UPDATE CASCADE
);
INSERT INTO "twin_events" VALUES('cmtenmop52iirn3mkcdbq32f2','cmtenmo402i0in3mk2mt18zak','cmtenmoox2iiqn3mkfhy6d9w5',0,'heat_wave','Ambient +7 °C','الحرارة المحيطة +٧ مئوية',0,240,7.0,'°C',NULL,'RYD',1788024513929);
INSERT INTO "twin_events" VALUES('cmtenmop52iisn3mkoaffzc94','cmtenmo402i0in3mk2mt18zak','cmtenmoox2iiqn3mkfhy6d9w5',1,'load_spike','Cooling demand +14 %','طلب التبريد +١٤٪',30,210,14.0,'%',NULL,'RYD',1788024513929);
INSERT INTO "twin_events" VALUES('cmtenmopk2iivn3mkx69em3u5','cmtenmo402i0in3mk2mt18zak','cmtenmopd2iiun3mk4raojasd',0,'load_spike','Regional demand +24 %','الطلب الإقليمي +٢٤٪',0,180,24.0,'%',NULL,'JED',1788024513945);
INSERT INTO "twin_events" VALUES('cmtenmopz2iiyn3mk0h660zi5','cmtenmo402i0in3mk2mt18zak','cmtenmops2iixn3mk7yd46lat',0,'solar_drop','Solar −45 %','الشمسية −٤٥٪',0,120,45.0,'%',NULL,NULL,1788024513959);
INSERT INTO "twin_events" VALUES('cmtenmopz2iizn3mkaa0iecrr','cmtenmo402i0in3mk2mt18zak','cmtenmops2iixn3mk7yd46lat',1,'wind_surge','Wind −30 %','الرياح −٣٠٪',15,105,30.0,'%',NULL,NULL,1788024513959);
INSERT INTO "twin_events" VALUES('cmtenmoqh2ij2n3mk3de2ta5o','cmtenmo402i0in3mk2mt18zak','cmtenmoq82ij1n3mkh7q36quq',0,'heat_wave','Ambient +5 °C','الحرارة المحيطة +٥ مئوية',0,150,5.0,'°C',NULL,'RYD',1788024513977);
INSERT INTO "twin_events" VALUES('cmtenmoqh2ij3n3mkc71xhg1e','cmtenmo402i0in3mk2mt18zak','cmtenmoq82ij1n3mkh7q36quq',1,'load_spike','Demand +30 %','الطلب +٣٠٪',20,130,30.0,'%',NULL,'RYD',1788024513977);
INSERT INTO "twin_events" VALUES('cmtenmor72ij6n3mkp51h6m00','cmtenmo402i0in3mk2mt18zak','cmtenmoqv2ij5n3mkyaz08gam',0,'asset_outage','Line out of service','خروج خط عن الخدمة',0,120,1.0,'','TL-201','RYD',1788024514004);
INSERT INTO "twin_events" VALUES('cmtenmor72ij7n3mk8s1xby7s','cmtenmo402i0in3mk2mt18zak','cmtenmoqv2ij5n3mkyaz08gam',1,'load_spike','Demand +12 %','الطلب +١٢٪',0,120,12.0,'%',NULL,'RYD',1788024514004);
INSERT INTO "twin_events" VALUES('cmtenmorq2ijan3mki3niwe0g','cmtenmo402i0in3mk2mt18zak','cmtenmorh2ij9n3mklb1jhnrg',0,'load_spike','Demand +18 %','الطلب +١٨٪',0,90,18.0,'%',NULL,'RYD',1788024514023);
INSERT INTO "twin_events" VALUES('cmtenmorq2ijbn3mkm2kv0yxu','cmtenmo402i0in3mk2mt18zak','cmtenmorh2ij9n3mklb1jhnrg',1,'battery_dispatch','Storage dispatched','تشغيل التخزين',10,80,12.0,'MW',NULL,'RYD',1788024514023);
INSERT INTO "twin_events" VALUES('cmtenmos82ijen3mkaii13zq8','cmtenmo402i0in3mk2mt18zak','cmtenmorz2ijdn3mkdx36910w',0,'heat_wave','Ambient +6 °C','الحرارة المحيطة +٦ مئوية',0,240,6.0,'°C',NULL,'RYD',1788024514041);
INSERT INTO "twin_events" VALUES('cmtenmos82ijfn3mkf1ir4gtv','cmtenmo402i0in3mk2mt18zak','cmtenmorz2ijdn3mkdx36910w',1,'load_spike','Demand +26 %','الطلب +٢٦٪',20,220,26.0,'%',NULL,'RYD',1788024514041);
INSERT INTO "twin_events" VALUES('cmtenmos82ijgn3mk7hu7j3s3','cmtenmo402i0in3mk2mt18zak','cmtenmorz2ijdn3mkdx36910w',2,'solar_drop','Solar −35 %','الشمسية −٣٥٪',45,120,35.0,'%',NULL,NULL,1788024514041);
INSERT INTO "twin_events" VALUES('cmtenmost2ijjn3mkrq7u5taa','cmtenmo402i0in3mk2mt18zak','cmtenmosi2ijin3mkyltifp7c',0,'heat_wave','Ambient +2.5 °C','الحرارة المحيطة +٢٫٥ مئوية',0,180,2.5,'°C',NULL,'RYD',1788024514061);
INSERT INTO "twin_events" VALUES('cmtenmost2ijkn3mkkobs8xg5','cmtenmo402i0in3mk2mt18zak','cmtenmosi2ijin3mkyltifp7c',1,'load_spike','Demand +9 %','الطلب +٩٪',0,180,9.0,'%',NULL,'RYD',1788024514061);
INSERT INTO "twin_events" VALUES('cmtenmotc2ijnn3mk1elve9po','cmtenmo402i0in3mk2mt18zak','cmtenmot32ijmn3mkj73pos2m',0,'load_spike','Demand +16 %','الطلب +١٦٪',0,120,16.0,'%',NULL,'RYD',1788024514081);
INSERT INTO "twin_events" VALUES('cmtenmotc2ijon3mk84chepqg','cmtenmo402i0in3mk2mt18zak','cmtenmot32ijmn3mkj73pos2m',1,'asset_outage','Neighbouring unit unavailable','وحدة مجاورة خارج الخدمة',30,90,1.0,'',NULL,'RYD',1788024514081);
INSERT INTO "twin_events" VALUES('cmtenmotv2ijrn3mkqh5nbuvq','cmtenmo402i0in3mk2mt18zak','cmtenmotm2ijqn3mk99it28uh',0,'load_spike','Demand +28 %','الطلب +٢٨٪',0,120,28.0,'%',NULL,'RYD',1788024514099);
INSERT INTO "twin_events" VALUES('cmtenmotv2ijsn3mkcy2uevmq','cmtenmo402i0in3mk2mt18zak','cmtenmotm2ijqn3mk99it28uh',1,'maintenance_outage','Planned outage ends','انتهاء خروج مجدول',120,180,0.0,'',NULL,'RYD',1788024514099);
CREATE TABLE "twin_fidelity_scores" (
    "id" TEXT NOT NULL PRIMARY KEY,
    "twinId" TEXT NOT NULL,
    "score" REAL NOT NULL,
    "band" TEXT NOT NULL DEFAULT 'good',
    "sensorCoverage" REAL NOT NULL DEFAULT 0,
    "dataFreshness" REAL NOT NULL DEFAULT 0,
    "sensorTrust" REAL NOT NULL DEFAULT 0,
    "modelCoverage" REAL NOT NULL DEFAULT 0,
    "historicalDepth" REAL NOT NULL DEFAULT 0,
    "lastSyncAt" DATETIME NOT NULL DEFAULT CURRENT_TIMESTAMP,
    "sensorsOnline" INTEGER NOT NULL DEFAULT 0,
    "sensorsExpected" INTEGER NOT NULL DEFAULT 0,
    "computedAt" DATETIME NOT NULL DEFAULT CURRENT_TIMESTAMP,
    CONSTRAINT "twin_fidelity_scores_twinId_fkey" FOREIGN KEY ("twinId") REFERENCES "digital_twins" ("id") ON DELETE CASCADE ON UPDATE CASCADE
);
INSERT INTO "twin_fidelity_scores" VALUES('cmtenmofw2igyn3mklk1h3mbr','cmtenmo402i0in3mk2mt18zak',81.8,'good',100.0,96.7,54.4,100.0,28.6,1788024493549,1311,1311,1788024513597);
INSERT INTO "twin_fidelity_scores" VALUES('cmtenmogi2ih2n3mkzjwde2es','cmtenmo482i0jn3mkpdwtoopl',81.7,'good',100.0,96.5,54.4,100.0,28.6,1788024492446,318,318,1788024513619);
INSERT INTO "twin_fidelity_scores" VALUES('cmtenmoh32ih6n3mkbhwh8lvu','cmtenmo4g2i0kn3mk28ck0lrt',67.6,'limited',100.0,96.7,0.0,100.0,28.6,1788024493549,182,182,1788024513639);
INSERT INTO "twin_fidelity_scores" VALUES('cmtenmohm2ihan3mkyrxswxm1','cmtenmo4m2i0ln3mkvbeeizx5',67.6,'limited',100.0,96.6,0.0,100.0,28.6,1788024492897,226,226,1788024513658);
INSERT INTO "twin_fidelity_scores" VALUES('cmtenmoi82ihen3mktvmu7wx3','cmtenmo4v2i0mn3mkuckhbj86',67.6,'limited',100.0,96.6,0.0,100.0,28.6,1788024493234,126,126,1788024513680);
INSERT INTO "twin_fidelity_scores" VALUES('cmtenmois2ihin3mkwfw5ic7c','cmtenmo522i0nn3mk1gl92lol',67.6,'limited',100.0,96.6,0.0,100.0,28.6,1788024493189,92,92,1788024513701);
INSERT INTO "twin_fidelity_scores" VALUES('cmtenmoj92ihmn3mkep7whj2r','cmtenmo5b2i0on3mkr2udtxgo',67.4,'limited',100.0,95.7,0.0,100.0,28.6,1788024487864,67,67,1788024513717);
INSERT INTO "twin_fidelity_scores" VALUES('cmtenmojp2ihqn3mkb6kaflzz','cmtenmo5i2i0pn3mkrxl1jjkg',67.5,'limited',100.0,96.0,0.0,100.0,28.6,1788024489672,71,71,1788024513734);
INSERT INTO "twin_fidelity_scores" VALUES('cmtenmok62ihun3mk183id5u9','cmtenmo5r2i0qn3mk00bi9knh',67.4,'limited',100.0,95.6,0.0,100.0,28.6,1788024487397,77,77,1788024513750);
INSERT INTO "twin_fidelity_scores" VALUES('cmtenmokn2ihyn3mk9rvx9asz','cmtenmo5y2i0rn3mkn1jj8rr4',67.2,'limited',100.0,94.6,0.0,100.0,28.6,1788024481001,67,67,1788024513767);
INSERT INTO "twin_fidelity_scores" VALUES('cmtenmol62ii2n3mk79a8vqrf','cmtenmo662i0sn3mkgzplthc7',67.6,'limited',100.0,96.3,0.0,100.0,28.6,1788024491507,85,85,1788024513786);
INSERT INTO "twin_fidelity_scores" VALUES('cmtenmoln2ii6n3mkbc02xk94','cmtenmo6d2i0tn3mkblp4qc4z',84.8,'good',100.0,95.5,66.8,100.0,28.6,1788024486755,45,45,1788024513804);
INSERT INTO "twin_fidelity_scores" VALUES('cmtenmomd2iian3mkgfxgg6ww','cmtenmo6l2i0vn3mko79viqj4',86.1,'good',100.0,95.5,71.8,100.0,28.6,1788024486755,24,24,1788024513830);
CREATE TABLE "twin_prediction_errors" (
    "id" TEXT NOT NULL PRIMARY KEY,
    "verificationId" TEXT NOT NULL,
    "channel" TEXT NOT NULL,
    "unit" TEXT NOT NULL DEFAULT '',
    "predicted" REAL NOT NULL,
    "observed" REAL NOT NULL,
    "absError" REAL NOT NULL,
    "pctError" REAL NOT NULL DEFAULT 0,
    "intervalLow" REAL,
    "intervalHigh" REAL,
    "withinInterval" BOOLEAN NOT NULL DEFAULT false,
    CONSTRAINT "twin_prediction_errors_verificationId_fkey" FOREIGN KEY ("verificationId") REFERENCES "twin_verifications" ("id") ON DELETE CASCADE ON UPDATE CASCADE
);
INSERT INTO "twin_prediction_errors" VALUES('cmtenmoum2ik5n3mkwtu8atmc','cmtenmoul2ik4n3mkms4vmain','tempC','°C',72.25,71.07,1.18,1.66,63.667,80.833,1);
INSERT INTO "twin_prediction_errors" VALUES('cmtenmoum2ik6n3mkjs68md19','cmtenmoul2ik4n3mkms4vmain','loadPct','%',77.26,76.33,0.93,1.22,68.082,86.438,1);
INSERT INTO "twin_prediction_errors" VALUES('cmtenmoum2ik7n3mkd8x8a699','cmtenmoul2ik4n3mkms4vmain','risk','%',14.3,12.5,1.8,14.4,12.601,15.999,0);
INSERT INTO "twin_prediction_errors" VALUES('cmtenmouz2ikan3mk13gaq6rw','cmtenmouz2ik9n3mk63pl2e4u','tempC','°C',41.82,42.87,1.05,2.45,35.547,48.093,1);
INSERT INTO "twin_prediction_errors" VALUES('cmtenmouz2ikbn3mk7mjil00b','cmtenmouz2ik9n3mk63pl2e4u','loadPct','%',35.68,36.26,0.58,1.6,30.328,41.032,1);
INSERT INTO "twin_prediction_errors" VALUES('cmtenmouz2ikcn3mkazxgjvk5','cmtenmouz2ik9n3mk63pl2e4u','risk','%',0.4,0.4,0.0,0.0,0.34,0.46,1);
INSERT INTO "twin_prediction_errors" VALUES('cmtenmovc2ikfn3mkvaocxwu9','cmtenmovb2iken3mk9grg8wj0','tempC','°C',90.3,88.29,2.01,2.28,72.637,107.963,1);
INSERT INTO "twin_prediction_errors" VALUES('cmtenmovc2ikgn3mk1j0zsg09','cmtenmovb2iken3mk9grg8wj0','loadPct','%',94.66,92.99,1.67,1.8,76.145,113.175,1);
INSERT INTO "twin_prediction_errors" VALUES('cmtenmovc2ikhn3mk3o2wi63b','cmtenmovb2iken3mk9grg8wj0','risk','%',47.1,43.3,3.8,8.78,37.887,56.313,1);
INSERT INTO "twin_prediction_errors" VALUES('cmtenmovo2ikkn3mky0j2ow4e','cmtenmovo2ikjn3mkjn63q6hg','tempC','°C',41.24,41.03,0.21,0.51,36.11,46.37,1);
INSERT INTO "twin_prediction_errors" VALUES('cmtenmovo2ikln3mkw7e42ddl','cmtenmovo2ikjn3mkjn63q6hg','loadPct','%',42.26,42.26,0.0,0.0,37.003,47.517,1);
INSERT INTO "twin_prediction_errors" VALUES('cmtenmovo2ikmn3mkhqli10dv','cmtenmovo2ikjn3mkjn63q6hg','risk','%',0.4,0.4,0.0,0.0,0.35,0.45,1);
INSERT INTO "twin_prediction_errors" VALUES('cmtenmovy2ikpn3mkpijhw3uv','cmtenmovy2ikon3mk8y83c9i7','tempC','°C',67.12,68.98,1.86,2.7,56.139,78.101,1);
INSERT INTO "twin_prediction_errors" VALUES('cmtenmovy2ikqn3mkhnmef69q','cmtenmovy2ikon3mk8y83c9i7','loadPct','%',69.54,71.04,1.5,2.11,58.163,80.917,1);
INSERT INTO "twin_prediction_errors" VALUES('cmtenmovy2ikrn3mkcqrvdm2j','cmtenmovy2ikon3mk8y83c9i7','risk','%',5.9,8.6,2.7,31.4,4.935,6.865,0);
INSERT INTO "twin_prediction_errors" VALUES('cmtenmow92ikun3mk3gx7v7r4','cmtenmow92iktn3mkdi5zbt63','tempC','°C',67.27,63.06,4.21,6.68,54.327,80.213,1);
INSERT INTO "twin_prediction_errors" VALUES('cmtenmow92ikvn3mk6w2ivzv4','cmtenmow92iktn3mkdi5zbt63','loadPct','%',71.8,68.6,3.2,4.66,57.986,85.614,1);
INSERT INTO "twin_prediction_errors" VALUES('cmtenmow92ikwn3mkd4vwy734','cmtenmow92iktn3mkdi5zbt63','risk','%',6.3,2.5,3.8,152.0,5.088,7.512,0);
INSERT INTO "twin_prediction_errors" VALUES('cmtenmowk2ikzn3mkzur7290a','cmtenmowk2ikyn3mkiyaxbtq5','tempC','°C',39.75,40.24,0.49,1.22,34.074,45.426,1);
INSERT INTO "twin_prediction_errors" VALUES('cmtenmowk2il0n3mkfqoi8xro','cmtenmowk2ikyn3mkiyaxbtq5','loadPct','%',34.03,34.28,0.25,0.73,29.171,38.889,1);
INSERT INTO "twin_prediction_errors" VALUES('cmtenmowk2il1n3mk1st2rcu0','cmtenmowk2ikyn3mkiyaxbtq5','risk','%',0.4,0.4,0.0,0.0,0.343,0.457,1);
INSERT INTO "twin_prediction_errors" VALUES('cmtenmowt2il4n3mk35m2q3p7','cmtenmowt2il3n3mkbjhjtd4f','tempC','°C',89.03,88.2,0.83,0.94,77.812,100.248,1);
INSERT INTO "twin_prediction_errors" VALUES('cmtenmowt2il5n3mkpr04wx32','cmtenmowt2il3n3mkbjhjtd4f','loadPct','%',93.44,92.76,0.68,0.73,81.667,105.213,1);
INSERT INTO "twin_prediction_errors" VALUES('cmtenmowt2il6n3mkuj8z1qoq','cmtenmowt2il3n3mkbjhjtd4f','risk','%',44.8,43.2,1.6,3.7,39.155,50.445,1);
INSERT INTO "twin_prediction_errors" VALUES('cmtenmox32il9n3mk4lghl9g0','cmtenmox32il8n3mkxdlw55jt','tempC','°C',37.75,39.47,1.72,4.36,31.846,43.654,1);
INSERT INTO "twin_prediction_errors" VALUES('cmtenmox32ilan3mk6qowcp5v','cmtenmox32il8n3mkxdlw55jt','loadPct','%',36.03,36.03,0.0,0.0,30.395,41.665,1);
INSERT INTO "twin_prediction_errors" VALUES('cmtenmox32ilbn3mko81f14s7','cmtenmox32il8n3mkxdlw55jt','risk','%',0.5,0.5,0.0,0.0,0.422,0.578,1);
INSERT INTO "twin_prediction_errors" VALUES('cmtenmoxd2ilen3mkvwm94zlk','cmtenmoxd2ildn3mkzh96eukr','tempC','°C',51.53,50.82,0.71,1.4,45.862,57.198,1);
INSERT INTO "twin_prediction_errors" VALUES('cmtenmoxd2ilfn3mk09f6kp12','cmtenmoxd2ildn3mkzh96eukr','loadPct','%',56.1,55.66,0.44,0.79,49.929,62.271,1);
INSERT INTO "twin_prediction_errors" VALUES('cmtenmoxd2ilgn3mkzps7k9rb','cmtenmoxd2ildn3mkzh96eukr','risk','%',0.5,0.5,0.0,0.0,0.445,0.555,1);
INSERT INTO "twin_prediction_errors" VALUES('cmtenmoxn2iljn3mkvck8y7mz','cmtenmoxn2ilin3mkjq0iv1jh','tempC','°C',76.78,75.52,1.26,1.67,67.351,86.209,1);
INSERT INTO "twin_prediction_errors" VALUES('cmtenmoxn2ilkn3mkep8a1ubt','cmtenmoxn2ilin3mkjq0iv1jh','loadPct','%',68.72,67.89,0.83,1.22,60.281,77.159,1);
INSERT INTO "twin_prediction_errors" VALUES('cmtenmoxn2illn3mk9vnoauva','cmtenmoxn2ilin3mkjq0iv1jh','risk','%',10.3,8.6,1.7,19.77,9.035,11.565,0);
INSERT INTO "twin_prediction_errors" VALUES('cmtenmoxy2ilon3mk8ar1oae1','cmtenmoxy2ilnn3mk1idlkwf1','tempC','°C',55.05,56.44,1.39,2.46,46.793,63.307,1);
INSERT INTO "twin_prediction_errors" VALUES('cmtenmoxy2ilpn3mkwjlg5557','cmtenmoxy2ilnn3mk1idlkwf1','loadPct','%',51.36,52.19,0.83,1.59,43.656,59.064,1);
INSERT INTO "twin_prediction_errors" VALUES('cmtenmoxy2ilqn3mkgcxdt8u6','cmtenmoxy2ilnn3mk1idlkwf1','risk','%',0.4,0.4,0.0,0.0,0.34,0.46,1);
INSERT INTO "twin_prediction_errors" VALUES('cmtenmoy82iltn3mkksqmazcl','cmtenmoy82ilsn3mkyowxbloc','tempC','°C',98.76,96.51,2.25,2.33,79.522,117.998,1);
INSERT INTO "twin_prediction_errors" VALUES('cmtenmoy82ilun3mkfn4xncij','cmtenmoy82ilsn3mkyowxbloc','loadPct','%',85.62,84.11,1.51,1.8,68.941,102.299,1);
INSERT INTO "twin_prediction_errors" VALUES('cmtenmoy82ilvn3mk2d8fw28t','cmtenmoy82ilsn3mkyowxbloc','risk','%',40.4,38.3,2.1,5.48,32.53,48.27,1);
INSERT INTO "twin_prediction_errors" VALUES('cmtenmoyi2ilyn3mkq08uvlac','cmtenmoyi2ilxn3mki6ncrq77','tempC','°C',42.38,42.18,0.2,0.47,37.074,47.686,1);
INSERT INTO "twin_prediction_errors" VALUES('cmtenmoyi2ilzn3mkatzztz76','cmtenmoyi2ilxn3mki6ncrq77','loadPct','%',37.58,37.58,0.0,0.0,32.875,42.285,1);
INSERT INTO "twin_prediction_errors" VALUES('cmtenmoyi2im0n3mkcnd2qs24','cmtenmoyi2ilxn3mki6ncrq77','risk','%',0.4,0.4,0.0,0.0,0.35,0.45,1);
INSERT INTO "twin_prediction_errors" VALUES('cmtenmoyr2im3n3mk9exc1n8y','cmtenmoyr2im2n3mketrvc6e9','tempC','°C',80.3,82.61,2.31,2.8,67.613,92.987,1);
INSERT INTO "twin_prediction_errors" VALUES('cmtenmoyr2im4n3mk8gwj7nxh','cmtenmoyr2im2n3mketrvc6e9','loadPct','%',71.95,73.5,1.55,2.11,60.582,83.318,1);
INSERT INTO "twin_prediction_errors" VALUES('cmtenmoyr2im5n3mk5n9z2arb','cmtenmoyr2im2n3mketrvc6e9','risk','%',15.7,19.0,3.3,17.37,13.219,18.181,0);
INSERT INTO "twin_prediction_errors" VALUES('cmtenmoz12im8n3mkxzlqosz2','cmtenmoz12im7n3mko0pd17s6','tempC','°C',71.24,66.75,4.49,6.73,57.134,85.346,1);
INSERT INTO "twin_prediction_errors" VALUES('cmtenmoz12im9n3mkv28re2rl','cmtenmoz12im7n3mko0pd17s6','loadPct','%',62.46,59.68,2.78,4.66,50.093,74.827,1);
INSERT INTO "twin_prediction_errors" VALUES('cmtenmoz12iman3mkwl49w3nr','cmtenmoz12im7n3mko0pd17s6','risk','%',3.7,1.1,2.6,236.36,2.967,4.433,0);
INSERT INTO "twin_prediction_errors" VALUES('cmtenmozc2imdn3mkz8j1w2tb','cmtenmozc2imcn3mk0bhnaydm','tempC','°C',51.44,52.06,0.62,1.19,44.259,58.621,1);
INSERT INTO "twin_prediction_errors" VALUES('cmtenmozc2imen3mkbun6h28b','cmtenmozc2imcn3mk0bhnaydm','loadPct','%',47.44,47.79,0.35,0.73,40.817,54.063,1);
INSERT INTO "twin_prediction_errors" VALUES('cmtenmozc2imfn3mkt28mr0ha','cmtenmozc2imcn3mk0bhnaydm','risk','%',0.4,0.4,0.0,0.0,0.344,0.456,1);
INSERT INTO "twin_prediction_errors" VALUES('cmtenmozl2imin3mks80f2d8t','cmtenmozl2imhn3mk3b59xefb','tempC','°C',98.32,97.39,0.93,0.95,86.089,110.551,1);
INSERT INTO "twin_prediction_errors" VALUES('cmtenmozl2imjn3mkmmdged1h','cmtenmozl2imhn3mk3b59xefb','loadPct','%',86.55,85.91,0.64,0.74,75.783,97.317,1);
INSERT INTO "twin_prediction_errors" VALUES('cmtenmozl2imkn3mkyv4aj2rl','cmtenmozl2imhn3mk3b59xefb','risk','%',41.2,40.3,0.9,2.23,36.075,46.325,1);
INSERT INTO "twin_prediction_errors" VALUES('cmtenmozu2imnn3mk1fbbxxxk','cmtenmozu2immn3mk1bfo2ih4','tempC','°C',51.19,52.91,1.72,3.25,42.979,59.401,1);
INSERT INTO "twin_prediction_errors" VALUES('cmtenmozu2imon3mkf8iu8533','cmtenmozu2immn3mk1bfo2ih4','loadPct','%',51.23,51.23,0.0,0.0,43.013,59.447,1);
INSERT INTO "twin_prediction_errors" VALUES('cmtenmozu2impn3mkxd98ouwu','cmtenmozu2immn3mk1bfo2ih4','risk','%',0.5,0.5,0.0,0.0,0.42,0.58,1);
INSERT INTO "twin_prediction_errors" VALUES('cmtenmp042imsn3mkz7re0gou','cmtenmp042imrn3mkrgc5zwh1','tempC','°C',52.37,51.65,0.72,1.39,45.813,58.927,1);
INSERT INTO "twin_prediction_errors" VALUES('cmtenmp042imtn3mkqx5y4w0j','cmtenmp042imrn3mkrgc5zwh1','loadPct','%',47.56,47.18,0.38,0.81,41.605,53.515,1);
INSERT INTO "twin_prediction_errors" VALUES('cmtenmp042imun3mkkua3bgai','cmtenmp042imrn3mkrgc5zwh1','risk','%',0.5,0.5,0.0,0.0,0.437,0.563,1);
INSERT INTO "twin_prediction_errors" VALUES('cmtenmp0c2imxn3mkuloplnef','cmtenmp0c2imwn3mkuuye4axq','tempC','°C',67.66,66.89,0.77,1.15,59.405,75.915,1);
INSERT INTO "twin_prediction_errors" VALUES('cmtenmp0c2imyn3mktiqx1o0v','cmtenmp0c2imwn3mkuuye4axq','loadPct','%',64.29,63.74,0.55,0.86,56.447,72.133,1);
INSERT INTO "twin_prediction_errors" VALUES('cmtenmp0c2imzn3mkbap6b558','cmtenmp0c2imwn3mkuuye4axq','risk','%',2.5,2.0,0.5,25.0,2.195,2.805,0);
INSERT INTO "twin_prediction_errors" VALUES('cmtenmp0m2in2n3mkngdizutz','cmtenmp0m2in1n3mkehwhd0ro','tempC','°C',62.44,63.51,1.07,1.68,54.473,70.407,1);
INSERT INTO "twin_prediction_errors" VALUES('cmtenmp0m2in3n3mkdam8a2e3','cmtenmp0m2in1n3mkehwhd0ro','loadPct','%',65.1,65.83,0.73,1.11,56.793,73.407,1);
INSERT INTO "twin_prediction_errors" VALUES('cmtenmp0m2in4n3mkhupdr8v3','cmtenmp0m2in1n3mkehwhd0ro','risk','%',0.4,0.8,0.4,50.0,0.349,0.451,0);
INSERT INTO "twin_prediction_errors" VALUES('cmtenmp0w2in7n3mk0cl3uue6','cmtenmp0w2in6n3mkecs92spi','tempC','°C',94.46,93.4,1.06,1.13,79.989,108.931,1);
INSERT INTO "twin_prediction_errors" VALUES('cmtenmp0w2in8n3mk4404gypg','cmtenmp0w2in6n3mkecs92spi','loadPct','%',93.01,92.22,0.79,0.86,78.761,107.259,1);
INSERT INTO "twin_prediction_errors" VALUES('cmtenmp0w2in9n3mks304esbg','cmtenmp0w2in6n3mkecs92spi','risk','%',45.0,43.9,1.1,2.51,38.106,51.894,1);
INSERT INTO "twin_prediction_errors" VALUES('cmtenmp162incn3mk8x5sgmd0','cmtenmp162inbn3mk0m6d7h7u','tempC','°C',47.7,47.48,0.22,0.46,41.194,54.206,1);
INSERT INTO "twin_prediction_errors" VALUES('cmtenmp172indn3mkfj4jss2w','cmtenmp162inbn3mk0m6d7h7u','loadPct','%',44.08,43.95,0.13,0.3,38.067,50.093,1);
INSERT INTO "twin_prediction_errors" VALUES('cmtenmp172inen3mku3w4jmjx','cmtenmp162inbn3mk0m6d7h7u','risk','%',0.3,0.3,0.0,0.0,0.259,0.341,1);
INSERT INTO "twin_prediction_errors" VALUES('cmtenmp1g2inhn3mku6ayscti','cmtenmp1g2ingn3mkjnbev974','tempC','°C',83.64,85.3,1.66,1.95,71.094,96.186,1);
INSERT INTO "twin_prediction_errors" VALUES('cmtenmp1g2inin3mkrkzgpjmt','cmtenmp1g2ingn3mkjnbev974','loadPct','%',83.7,84.95,1.25,1.47,71.145,96.255,1);
INSERT INTO "twin_prediction_errors" VALUES('cmtenmp1g2injn3mkb6puzvxs','cmtenmp1g2ingn3mkjnbev974','risk','%',27.1,29.7,2.6,8.75,23.035,31.165,1);
INSERT INTO "twin_prediction_errors" VALUES('cmtenmp1p2inmn3mkieeugr6x','cmtenmp1o2inln3mkj9016wri','tempC','°C',60.35,57.7,2.65,4.59,50.766,69.934,1);
INSERT INTO "twin_prediction_errors" VALUES('cmtenmp1p2innn3mk1vy3lpjx','cmtenmp1o2inln3mkj9016wri','loadPct','%',56.49,54.73,1.76,3.22,47.519,65.461,1);
INSERT INTO "twin_prediction_errors" VALUES('cmtenmp1p2inon3mkkiigyek1','cmtenmp1o2inln3mkj9016wri','risk','%',0.2,0.2,0.0,0.0,0.168,0.232,1);
INSERT INTO "twin_prediction_errors" VALUES('cmtenmp1x2inrn3mkwlkt6z6t','cmtenmp1x2inqn3mky3z0ct6m','tempC','°C',61.07,61.59,0.52,0.84,54.108,68.032,1);
INSERT INTO "twin_prediction_errors" VALUES('cmtenmp1x2insn3mkeh5qfgv7','cmtenmp1x2inqn3mky3z0ct6m','loadPct','%',65.33,65.69,0.36,0.55,57.882,72.778,1);
INSERT INTO "twin_prediction_errors" VALUES('cmtenmp1x2intn3mkm5heh9k9','cmtenmp1x2inqn3mky3z0ct6m','risk','%',0.4,0.6,0.2,33.33,0.354,0.446,0);
INSERT INTO "twin_prediction_errors" VALUES('cmtenmp262inwn3mk737r6q1u','cmtenmp262invn3mkaanrld70','tempC','°C',91.98,91.43,0.55,0.6,80.538,103.422,1);
INSERT INTO "twin_prediction_errors" VALUES('cmtenmp262inxn3mkw0wl6xjm','cmtenmp262invn3mkaanrld70','loadPct','%',91.71,91.3,0.41,0.45,80.301,103.119,1);
INSERT INTO "twin_prediction_errors" VALUES('cmtenmp262inyn3mk5o1npev0','cmtenmp262invn3mkaanrld70','risk','%',42.2,41.3,0.9,2.18,36.95,47.45,1);
INSERT INTO "twin_prediction_errors" VALUES('cmtenmp2l2io1n3mkx12wzykp','cmtenmp2l2io0n3mk046n05hf','tempC','°C',59.97,62.32,2.35,3.77,48.672,71.268,1);
INSERT INTO "twin_prediction_errors" VALUES('cmtenmp2m2io2n3mkjcf7kpe9','cmtenmp2l2io0n3mk046n05hf','loadPct','%',64.55,66.1,1.55,2.34,52.389,76.711,1);
INSERT INTO "twin_prediction_errors" VALUES('cmtenmp2m2io3n3mki6gx1fwc','cmtenmp2l2io0n3mk046n05hf','risk','%',0.3,0.9,0.6,66.67,0.243,0.357,0);
INSERT INTO "twin_prediction_errors" VALUES('cmtenmp2v2io6n3mkmo1n8kur','cmtenmp2v2io5n3mkacdfpkry','tempC','°C',49.41,48.93,0.48,0.98,42.67,56.15,1);
INSERT INTO "twin_prediction_errors" VALUES('cmtenmp2v2io7n3mkahe3p957','cmtenmp2v2io5n3mkacdfpkry','loadPct','%',44.46,44.17,0.29,0.66,38.396,50.524,1);
INSERT INTO "twin_prediction_errors" VALUES('cmtenmp2v2io8n3mk6keg1uml','cmtenmp2v2io5n3mkacdfpkry','risk','%',0.4,0.4,0.0,0.0,0.345,0.455,1);
INSERT INTO "twin_prediction_errors" VALUES('cmtenmp342iobn3mkzxon185u','cmtenmp342ioan3mkjh91la4r','tempC','°C',64.8,64.07,0.73,1.14,56.013,73.587,1);
INSERT INTO "twin_prediction_errors" VALUES('cmtenmp342iocn3mkh7int6bd','cmtenmp342ioan3mkjh91la4r','loadPct','%',64.16,63.61,0.55,0.86,55.46,72.86,1);
INSERT INTO "twin_prediction_errors" VALUES('cmtenmp342iodn3mkvcw7ewjx','cmtenmp342ioan3mkjh91la4r','risk','%',1.2,1.1,0.1,9.09,1.037,1.363,1);
INSERT INTO "twin_prediction_errors" VALUES('cmtenmp3d2iogn3mksnwz5fgz','cmtenmp3d2iofn3mkdn9yfvad','tempC','°C',54.61,55.53,0.92,1.66,47.249,61.971,1);
INSERT INTO "twin_prediction_errors" VALUES('cmtenmp3d2iohn3mk42lg1mp7','cmtenmp3d2iofn3mkdn9yfvad','loadPct','%',58.87,59.53,0.66,1.11,50.934,66.806,1);
INSERT INTO "twin_prediction_errors" VALUES('cmtenmp3d2ioin3mk4eofm15e','cmtenmp3d2iofn3mkdn9yfvad','risk','%',0.4,0.4,0.0,0.0,0.346,0.454,1);
INSERT INTO "twin_prediction_errors" VALUES('cmtenmp3n2ioln3mkd2jvh0ap','cmtenmp3n2iokn3mk0f9cdmsx','tempC','°C',85.5,84.57,0.93,1.1,70.213,100.787,1);
INSERT INTO "twin_prediction_errors" VALUES('cmtenmp3n2iomn3mkq8902ppu','cmtenmp3n2iokn3mk0f9cdmsx','loadPct','%',90.56,89.79,0.77,0.86,74.368,106.752,1);
INSERT INTO "twin_prediction_errors" VALUES('cmtenmp3n2ionn3mkihkvkrmv','cmtenmp3n2iokn3mk0f9cdmsx','risk','%',36.6,34.9,1.7,4.87,30.056,43.144,1);
INSERT INTO "twin_prediction_errors" VALUES('cmtenmp3w2ioqn3mkwtsw6j8f','cmtenmp3w2iopn3mkkbqmqnfr','tempC','°C',40.55,40.36,0.19,0.47,34.403,46.697,1);
INSERT INTO "twin_prediction_errors" VALUES('cmtenmp3w2iorn3mk0kpns589','cmtenmp3w2iopn3mkkbqmqnfr','loadPct','%',31.93,31.83,0.1,0.31,27.089,36.771,1);
INSERT INTO "twin_prediction_errors" VALUES('cmtenmp3w2iosn3mkdakmdboh','cmtenmp3w2iopn3mkkbqmqnfr','risk','%',0.3,0.3,0.0,0.0,0.255,0.345,1);
INSERT INTO "twin_prediction_errors" VALUES('cmtenmp452iovn3mkom5e7yr5','cmtenmp452ioun3mkh2vltvjp','tempC','°C',71.84,73.22,1.38,1.88,61.409,82.271,1);
INSERT INTO "twin_prediction_errors" VALUES('cmtenmp452iown3mk4oxiymu4','cmtenmp452ioun3mkh2vltvjp','loadPct','%',74.77,75.88,1.11,1.46,63.913,85.627,1);
INSERT INTO "twin_prediction_errors" VALUES('cmtenmp452ioxn3mk55w8cnw8','cmtenmp452ioun3mkh2vltvjp','risk','%',12.1,14.1,2.0,14.18,10.343,13.857,0);
INSERT INTO "twin_prediction_errors" VALUES('cmtenmp4f2ip0n3mkrfb0doy5','cmtenmp4f2iozn3mkzqgiqnds','tempC','°C',58.64,56.08,2.56,4.56,47.545,69.735,1);
INSERT INTO "twin_prediction_errors" VALUES('cmtenmp4f2ip1n3mkq59atkvd','cmtenmp4f2iozn3mkzqgiqnds','loadPct','%',58.02,56.21,1.81,3.22,47.043,68.997,1);
INSERT INTO "twin_prediction_errors" VALUES('cmtenmp4f2ip2n3mkhg3x0kly','cmtenmp4f2iozn3mkzqgiqnds','risk','%',0.2,0.2,0.0,0.0,0.162,0.238,1);
INSERT INTO "twin_prediction_errors" VALUES('cmtenmp4n2ip5n3mkp24h6t3q','cmtenmp4n2ip4n3mkugktl9h6','tempC','°C',52.24,52.68,0.44,0.84,45.365,59.115,1);
INSERT INTO "twin_prediction_errors" VALUES('cmtenmp4n2ip6n3mkj5va9q3t','cmtenmp4n2ip4n3mkugktl9h6','loadPct','%',55.95,56.26,0.31,0.55,48.587,63.313,1);
INSERT INTO "twin_prediction_errors" VALUES('cmtenmp4n2ip7n3mk5jomzmfl','cmtenmp4n2ip4n3mkugktl9h6','risk','%',0.2,0.2,0.0,0.0,0.174,0.226,1);
INSERT INTO "twin_prediction_errors" VALUES('cmtenmp4v2ipan3mk0uirg2f7','cmtenmp4v2ip9n3mkcqmeohsn','tempC','°C',82.67,82.19,0.48,0.58,72.32,93.02,1);
INSERT INTO "twin_prediction_errors" VALUES('cmtenmp4v2ipbn3mkea22kjxd','cmtenmp4v2ip9n3mkcqmeohsn','loadPct','%',88.15,87.75,0.4,0.46,77.114,99.186,1);
INSERT INTO "twin_prediction_errors" VALUES('cmtenmp4v2ipcn3mklpehm0rt','cmtenmp4v2ip9n3mkcqmeohsn','risk','%',31.7,30.9,0.8,2.59,27.731,35.669,1);
INSERT INTO "twin_prediction_errors" VALUES('cmtenmp542ipfn3mk2ujvn323','cmtenmp542ipen3mkfqauoltk','tempC','°C',52.44,54.5,2.06,3.78,42.98,61.9,1);
INSERT INTO "twin_prediction_errors" VALUES('cmtenmp542ipgn3mkecxf6rzw','cmtenmp542ipen3mkfqauoltk','loadPct','%',59.3,60.73,1.43,2.35,48.602,69.998,1);
INSERT INTO "twin_prediction_errors" VALUES('cmtenmp542iphn3mk42f976j2','cmtenmp542ipen3mkfqauoltk','risk','%',0.3,0.3,0.0,0.0,0.246,0.354,1);
INSERT INTO "twin_prediction_errors" VALUES('cmtenmp5d2ipkn3mkc4ev196j','cmtenmp5d2ipjn3mkxvnukfl8','tempC','°C',45.35,44.91,0.44,0.98,39.092,51.608,1);
INSERT INTO "twin_prediction_errors" VALUES('cmtenmp5d2ipln3mkenl0y2m0','cmtenmp5d2ipjn3mkxvnukfl8','loadPct','%',39.53,39.28,0.25,0.64,34.075,44.985,1);
INSERT INTO "twin_prediction_errors" VALUES('cmtenmp5d2ipmn3mkkchpv5hi','cmtenmp5d2ipjn3mkxvnukfl8','risk','%',0.4,0.4,0.0,0.0,0.345,0.455,1);
INSERT INTO "twin_prediction_errors" VALUES('cmtenmp5m2ippn3mkj3fhgt9t','cmtenmp5m2ipon3mk6qbpc93a','tempC','°C',64.52,63.79,0.73,1.14,56.803,72.237,1);
INSERT INTO "twin_prediction_errors" VALUES('cmtenmp5m2ipqn3mk7ax2088p','cmtenmp5m2ipon3mk6qbpc93a','loadPct','%',67.27,66.7,0.57,0.85,59.225,75.315,1);
INSERT INTO "twin_prediction_errors" VALUES('cmtenmp5m2iprn3mkk4xmn8mg','cmtenmp5m2ipon3mk6qbpc93a','risk','%',2.6,2.1,0.5,23.81,2.289,2.911,0);
INSERT INTO "twin_prediction_errors" VALUES('cmtenmp5v2ipun3mkg45tvqa9','cmtenmp5v2iptn3mkuuaqpnxp','tempC','°C',50.36,51.21,0.85,1.66,43.733,56.987,1);
INSERT INTO "twin_prediction_errors" VALUES('cmtenmp5v2ipvn3mkhfdrtheo','cmtenmp5v2iptn3mkuuaqpnxp','loadPct','%',53.17,53.77,0.6,1.12,46.173,60.167,1);
INSERT INTO "twin_prediction_errors" VALUES('cmtenmp5v2ipwn3mkxu35fbcw','cmtenmp5v2iptn3mkuuaqpnxp','risk','%',0.4,0.4,0.0,0.0,0.347,0.453,1);
INSERT INTO "twin_prediction_errors" VALUES('cmtenmp632ipzn3mkqrwd0pa0','cmtenmp632ipyn3mkmksmundp','tempC','°C',85.17,84.25,0.92,1.09,71.849,98.491,1);
INSERT INTO "twin_prediction_errors" VALUES('cmtenmp632iq0n3mksa0rp9mt','cmtenmp632ipyn3mkmksmundp','loadPct','%',91.95,91.17,0.78,0.86,77.569,106.331,1);
INSERT INTO "twin_prediction_errors" VALUES('cmtenmp632iq1n3mkxep2wurp','cmtenmp632ipyn3mkmksmundp','risk','%',38.0,36.4,1.6,4.4,32.057,43.943,1);
INSERT INTO "twin_prediction_errors" VALUES('cmtenmp6c2iq4n3mk50lb968t','cmtenmp6c2iq3n3mk2suhlfc4','tempC','°C',41.61,41.41,0.2,0.48,35.468,47.752,1);
INSERT INTO "twin_prediction_errors" VALUES('cmtenmp6c2iq5n3mkkp3poi6h','cmtenmp6c2iq3n3mk2suhlfc4','loadPct','%',34.78,34.68,0.1,0.29,29.646,39.914,1);
INSERT INTO "twin_prediction_errors" VALUES('cmtenmp6c2iq6n3mkqhbjqv7g','cmtenmp6c2iq3n3mk2suhlfc4','risk','%',0.3,0.3,0.0,0.0,0.256,0.344,1);
INSERT INTO "twin_prediction_errors" VALUES('cmtenmp6m2iq9n3mkx35j3l2c','cmtenmp6m2iq8n3mkm9cnvwcb','tempC','°C',78.04,79.57,1.53,1.92,66.209,89.871,1);
INSERT INTO "twin_prediction_errors" VALUES('cmtenmp6m2iqan3mkqqd1uchd','cmtenmp6m2iq8n3mkm9cnvwcb','loadPct','%',85.71,86.99,1.28,1.47,72.716,98.704,1);
INSERT INTO "twin_prediction_errors" VALUES('cmtenmp6m2iqbn3mkfyg0vo0r','cmtenmp6m2iq8n3mkm9cnvwcb','risk','%',25.1,27.6,2.5,9.06,21.295,28.905,1);
INSERT INTO "twin_prediction_errors" VALUES('cmtenmp6v2iqen3mkdgx1xj61','cmtenmp6v2iqdn3mkqhyng4bb','tempC','°C',56.95,54.48,2.47,4.53,45.947,67.953,1);
INSERT INTO "twin_prediction_errors" VALUES('cmtenmp6v2iqfn3mkpr10kwpb','cmtenmp6v2iqdn3mkqhyng4bb','loadPct','%',57.0,55.22,1.78,3.22,45.988,68.012,1);
INSERT INTO "twin_prediction_errors" VALUES('cmtenmp6v2iqgn3mktzyy2b4u','cmtenmp6v2iqdn3mkqhyng4bb','risk','%',0.2,0.2,0.0,0.0,0.161,0.239,1);
INSERT INTO "twin_prediction_errors" VALUES('cmtenmp752iqjn3mkntgvz8zn','cmtenmp752iqin3mknkt7t64b','tempC','°C',49.12,49.54,0.42,0.85,42.852,55.388,1);
INSERT INTO "twin_prediction_errors" VALUES('cmtenmp752iqkn3mkjcvb655g','cmtenmp752iqin3mknkt7t64b','loadPct','%',52.7,52.99,0.29,0.55,45.975,59.425,1);
INSERT INTO "twin_prediction_errors" VALUES('cmtenmp752iqln3mkki6dlljp','cmtenmp752iqin3mknkt7t64b','risk','%',0.2,0.2,0.0,0.0,0.174,0.226,1);
INSERT INTO "twin_prediction_errors" VALUES('cmtenmp7g2iqon3mkmsklmp7e','cmtenmp7g2iqnn3mk724mcfof','tempC','°C',83.5,83.01,0.49,0.59,73.113,93.887,1);
INSERT INTO "twin_prediction_errors" VALUES('cmtenmp7g2iqpn3mkn31tcs90','cmtenmp7g2iqnn3mk724mcfof','loadPct','%',89.98,89.58,0.4,0.45,78.786,101.174,1);
INSERT INTO "twin_prediction_errors" VALUES('cmtenmp7g2iqqn3mko1e9dr97','cmtenmp7g2iqnn3mk724mcfof','risk','%',34.3,33.5,0.8,2.39,30.033,38.567,1);
INSERT INTO "twin_prediction_errors" VALUES('cmtenmp7p2iqtn3mk9e0zi7sx','cmtenmp7p2iqsn3mkfdpqnwbp','tempC','°C',49.29,51.23,1.94,3.79,41.463,57.117,1);
INSERT INTO "twin_prediction_errors" VALUES('cmtenmp7p2iqun3mkjj3qwio5','cmtenmp7p2iqsn3mkfdpqnwbp','loadPct','%',54.9,56.22,1.32,2.35,46.182,63.618,1);
INSERT INTO "twin_prediction_errors" VALUES('cmtenmp7p2iqvn3mkvm2jm87d','cmtenmp7p2iqsn3mkfdpqnwbp','risk','%',0.3,0.3,0.0,0.0,0.252,0.348,1);
INSERT INTO "twin_prediction_errors" VALUES('cmtenmp7y2iqyn3mksjougl65','cmtenmp7y2iqxn3mk8rvoacn7','tempC','°C',46.42,45.97,0.45,0.98,40.051,52.789,1);
INSERT INTO "twin_prediction_errors" VALUES('cmtenmp7y2iqzn3mkbyfawm4m','cmtenmp7y2iqxn3mk8rvoacn7','loadPct','%',43.61,43.33,0.28,0.65,37.627,49.593,1);
INSERT INTO "twin_prediction_errors" VALUES('cmtenmp7y2ir0n3mkpi1b7cy5','cmtenmp7y2iqxn3mk8rvoacn7','risk','%',0.4,0.4,0.0,0.0,0.345,0.455,1);
INSERT INTO "twin_prediction_errors" VALUES('cmtenmp8a2ir3n3mko9u2dj3h','cmtenmp8a2ir2n3mkdwsh3e88','tempC','°C',66.52,65.45,1.07,1.63,58.937,74.103,1);
INSERT INTO "twin_prediction_errors" VALUES('cmtenmp8a2ir4n3mkkdti3tel','cmtenmp8a2ir2n3mkdwsh3e88','loadPct','%',63.13,62.37,0.76,1.22,55.933,70.327,1);
INSERT INTO "twin_prediction_errors" VALUES('cmtenmp8a2ir5n3mk44lwabe3','cmtenmp8a2ir2n3mkdwsh3e88','risk','%',1.8,1.1,0.7,63.64,1.595,2.005,0);
INSERT INTO "twin_prediction_errors" VALUES('cmtenmp8j2ir8n3mkrtk5xqw2','cmtenmp8j2ir7n3mkcru5hhdo','tempC','°C',48.86,50.09,1.23,2.46,42.586,55.134,1);
INSERT INTO "twin_prediction_errors" VALUES('cmtenmp8j2ir9n3mkybv669iq','cmtenmp8j2ir7n3mkcru5hhdo','loadPct','%',46.96,47.72,0.76,1.59,40.93,52.99,1);
INSERT INTO "twin_prediction_errors" VALUES('cmtenmp8j2iran3mkapow05qh','cmtenmp8j2ir7n3mkcru5hhdo','risk','%',0.3,0.3,0.0,0.0,0.261,0.339,1);
INSERT INTO "twin_prediction_errors" VALUES('cmtenmp8t2irdn3mkx1puvqcy','cmtenmp8t2ircn3mkcgcy4nin','tempC','°C',83.58,81.76,1.82,2.23,67.232,99.928,1);
INSERT INTO "twin_prediction_errors" VALUES('cmtenmp8t2iren3mk760jx8ss','cmtenmp8t2ircn3mkcgcy4nin','loadPct','%',78.77,77.38,1.39,1.8,63.363,94.177,1);
INSERT INTO "twin_prediction_errors" VALUES('cmtenmp8t2irfn3mkrnd9qa7x','cmtenmp8t2ircn3mkcgcy4nin','risk','%',24.9,22.1,2.8,12.67,20.03,29.77,1);
INSERT INTO "twin_prediction_errors" VALUES('cmtenmp922irin3mkkmnvp78n','cmtenmp922irhn3mkx7tuzkdy','tempC','°C',38.04,37.83,0.21,0.56,32.517,43.563,1);
INSERT INTO "twin_prediction_errors" VALUES('cmtenmp922irjn3mk7n193ggc','cmtenmp922irhn3mkx7tuzkdy','loadPct','%',33.51,33.51,0.0,0.0,28.644,38.376,1);
INSERT INTO "twin_prediction_errors" VALUES('cmtenmp922irkn3mkgj2swkeb','cmtenmp922irhn3mkx7tuzkdy','risk','%',0.4,0.4,0.0,0.0,0.342,0.458,1);
INSERT INTO "twin_prediction_errors" VALUES('cmtenmp9c2irnn3mkvyd8u4rv','cmtenmp9c2irmn3mkqitavkes','tempC','°C',69.0,70.93,1.93,2.72,59.754,78.246,1);
INSERT INTO "twin_prediction_errors" VALUES('cmtenmp9c2iron3mkeibeq5qp','cmtenmp9c2irmn3mkqitavkes','loadPct','%',65.72,67.14,1.42,2.11,56.914,74.526,1);
INSERT INTO "twin_prediction_errors" VALUES('cmtenmp9c2irpn3mko4wqxvu3','cmtenmp9c2irmn3mkqitavkes','risk','%',3.9,6.3,2.4,38.1,3.377,4.423,0);
INSERT INTO "twin_prediction_errors" VALUES('cmtenmp9l2irsn3mk7gvu0pz1','cmtenmp9l2irrn3mk5oktngqt','tempC','°C',62.29,58.43,3.86,6.61,51.8,72.78,1);
INSERT INTO "twin_prediction_errors" VALUES('cmtenmp9l2irtn3mkbw5uk1ik','cmtenmp9l2irrn3mk5oktngqt','loadPct','%',59.79,57.13,2.66,4.66,49.721,69.859,1);
INSERT INTO "twin_prediction_errors" VALUES('cmtenmp9l2irun3mkw2ipee99','cmtenmp9l2irrn3mk5oktngqt','risk','%',0.6,0.4,0.2,20.0,0.499,0.701,0);
INSERT INTO "twin_prediction_errors" VALUES('cmtenmp9w2irxn3mk4p8x06k8','cmtenmp9w2irwn3mkwdbf7sbo','tempC','°C',46.0,46.56,0.56,1.2,40.314,51.686,1);
INSERT INTO "twin_prediction_errors" VALUES('cmtenmp9w2iryn3mkjw6p5gx0','cmtenmp9w2irwn3mkwdbf7sbo','loadPct','%',44.17,44.49,0.32,0.72,38.711,49.629,1);
INSERT INTO "twin_prediction_errors" VALUES('cmtenmp9w2irzn3mkz1idvy2z','cmtenmp9w2irwn3mkwdbf7sbo','risk','%',0.4,0.4,0.0,0.0,0.351,0.449,1);
INSERT INTO "twin_prediction_errors" VALUES('cmtenmpa52is2n3mk055rfm6u','cmtenmpa52is1n3mkwtot9cny','tempC','°C',84.62,83.85,0.77,0.92,70.505,98.735,1);
INSERT INTO "twin_prediction_errors" VALUES('cmtenmpa52is3n3mkv3ealcd0','cmtenmpa52is1n3mkwtot9cny','loadPct','%',82.11,81.51,0.6,0.74,68.414,95.806,1);
INSERT INTO "twin_prediction_errors" VALUES('cmtenmpa52is4n3mkvixjofb9','cmtenmpa52is1n3mkwtot9cny','risk','%',28.3,27.1,1.2,4.43,23.58,33.02,1);
INSERT INTO "twin_prediction_errors" VALUES('cmtenmpaf2is7n3mkw0534rm2','cmtenmpaf2is6n3mki60xxi1p','tempC','°C',44.37,46.09,1.72,3.73,37.182,51.558,1);
INSERT INTO "twin_prediction_errors" VALUES('cmtenmpaf2is8n3mkj9yq3nch','cmtenmpaf2is6n3mki60xxi1p','loadPct','%',46.69,46.69,0.0,0.0,39.126,54.254,1);
INSERT INTO "twin_prediction_errors" VALUES('cmtenmpaf2is9n3mkm5ai0s0z','cmtenmpaf2is6n3mki60xxi1p','risk','%',0.5,0.5,0.0,0.0,0.419,0.581,1);
INSERT INTO "twin_prediction_errors" VALUES('cmtenmpar2iscn3mkhh3rqt6z','cmtenmpar2isbn3mkglqjribp','tempC','°C',45.85,45.21,0.64,1.42,39.596,52.104,1);
INSERT INTO "twin_prediction_errors" VALUES('cmtenmpar2isdn3mk5tpei5af','cmtenmpar2isbn3mkglqjribp','loadPct','%',42.69,42.36,0.33,0.78,36.867,48.513,1);
INSERT INTO "twin_prediction_errors" VALUES('cmtenmpar2isen3mkd2apqiuy','cmtenmpar2isbn3mkglqjribp','risk','%',0.5,0.5,0.0,0.0,0.432,0.568,1);
INSERT INTO "twin_prediction_errors" VALUES('cmtenmpb02ishn3mkluzik3gf','cmtenmpb02isgn3mkwsjwz9pp','tempC','°C',66.71,64.58,2.13,3.3,NULL,NULL,0);
INSERT INTO "twin_prediction_errors" VALUES('cmtenmpb02isin3mkmoiaj1q2','cmtenmpb02isgn3mkwsjwz9pp','loadPct','%',72.1,70.49,1.61,2.28,NULL,NULL,0);
INSERT INTO "twin_prediction_errors" VALUES('cmtenmpb02isjn3mkyx6semaq','cmtenmpb02isgn3mkwsjwz9pp','risk','%',6.0,16.2,10.2,62.96,NULL,NULL,0);
INSERT INTO "twin_prediction_errors" VALUES('cmtenmpba2ismn3mku17te9ns','cmtenmpba2isln3mkconpiy39','tempC','°C',71.66,69.36,2.3,3.32,NULL,NULL,0);
INSERT INTO "twin_prediction_errors" VALUES('cmtenmpba2isnn3mko1remum9','cmtenmpba2isln3mkconpiy39','loadPct','%',65.93,64.47,1.46,2.26,NULL,NULL,0);
INSERT INTO "twin_prediction_errors" VALUES('cmtenmpba2ison3mk8w0axd0a','cmtenmpba2isln3mkconpiy39','risk','%',4.3,15.6,11.3,72.44,NULL,NULL,0);
INSERT INTO "twin_prediction_errors" VALUES('cmteo9teq00drn3u0iy7q3hfc','cmteo9tep00dqn3u0q4bq9gel','tempC','°C',56.46,56.46,0.0,0.0,51.478,61.442,1);
INSERT INTO "twin_prediction_errors" VALUES('cmteo9teq00dsn3u0lpqecgx6','cmteo9tep00dqn3u0q4bq9gel','loadPct','%',54.79,54.79,0.0,0.0,49.955,59.625,1);
INSERT INTO "twin_prediction_errors" VALUES('cmteo9teq00dtn3u0iy5hajrb','cmteo9tep00dqn3u0q4bq9gel','risk','%',11.8,11.8,0.0,0.0,10.759,12.841,1);
INSERT INTO "twin_prediction_errors" VALUES('cmteoleqj007pn3x0i0spp0hn','cmteoleqj007on3x0tdwj8uxh','tempC','°C',55.28,55.28,0.0,0.0,50.395,60.165,1);
INSERT INTO "twin_prediction_errors" VALUES('cmteoleqj007qn3x0epr4a8e4','cmteoleqj007on3x0tdwj8uxh','loadPct','%',53.71,53.71,0.0,0.0,48.964,58.456,1);
INSERT INTO "twin_prediction_errors" VALUES('cmteoleqj007rn3x0hg9lvya9','cmteoleqj007on3x0tdwj8uxh','risk','%',11.8,11.9,0.1,0.84,10.757,12.843,1);
INSERT INTO "twin_prediction_errors" VALUES('cmtevjsqf007tn30wwelk6cy1','cmtevjsqf007sn30w7tcnrbds','tempC','°C',39.56,39.56,0.0,0.0,35.97,43.15,1);
INSERT INTO "twin_prediction_errors" VALUES('cmtevjsqf007un30w0864aib6','cmtevjsqf007sn30w7tcnrbds','loadPct','%',36.3,36.3,0.0,0.0,33.005,39.595,1);
INSERT INTO "twin_prediction_errors" VALUES('cmtevjsqf007vn30w4cyj6vyv','cmtevjsqf007sn30w7tcnrbds','risk','%',11.4,11.2,0.2,1.79,10.365,12.435,1);
INSERT INTO "twin_prediction_errors" VALUES('cmtevl6ci00agn30w1qmp20ru','cmtevl6ci00afn30wc67bxamk','tempC','°C',39.51,39.51,0.0,0.0,35.924,43.096,1);
INSERT INTO "twin_prediction_errors" VALUES('cmtevl6ci00ahn30w9qu0pwu9','cmtevl6ci00afn30wc67bxamk','loadPct','%',36.27,36.27,0.0,0.0,32.978,39.562,1);
INSERT INTO "twin_prediction_errors" VALUES('cmtevl6ci00ain30wv8t44cna','cmtevl6ci00afn30wc67bxamk','risk','%',11.4,11.2,0.2,1.79,10.365,12.435,1);
INSERT INTO "twin_prediction_errors" VALUES('cmtewbz3k00gwn3moduaxj802','cmtewbz3k00gvn3mokf6hevt5','tempC','°C',38.48,0.0,0.0,0.0,34.955,42.005,0);
INSERT INTO "twin_prediction_errors" VALUES('cmtewbz3k00gxn3moi5f52xmb','cmtewbz3k00gvn3mokf6hevt5','loadPct','%',34.95,0.0,0.0,0.0,31.749,38.151,0);
INSERT INTO "twin_prediction_errors" VALUES('cmtewbz3k00gyn3mo67broll5','cmtewbz3k00gvn3mokf6hevt5','risk','%',11.2,0.0,0.0,0.0,10.174,12.226,0);
INSERT INTO "twin_prediction_errors" VALUES('cmtews7l700afn3awrkc6zvuo','cmtews7l700aen3aw9bv1uq27','tempC','°C',37.87,0.0,0.0,0.0,34.401,41.339,0);
INSERT INTO "twin_prediction_errors" VALUES('cmtews7l700agn3aw4o4wyqgy','cmtews7l700aen3aw9bv1uq27','loadPct','%',34.3,0.0,0.0,0.0,31.158,37.442,0);
INSERT INTO "twin_prediction_errors" VALUES('cmtews7l700ahn3awimerpah2','cmtews7l700aen3aw9bv1uq27','risk','%',11.2,0.0,0.0,0.0,10.174,12.226,0);
INSERT INTO "twin_prediction_errors" VALUES('cmtewx4uy00unn3aw4nbg5th1','cmtewx4uy00umn3aw6qqpkdo7','tempC','°C',37.73,0.0,0.0,0.0,34.274,41.186,0);
INSERT INTO "twin_prediction_errors" VALUES('cmtewx4uy00uon3awprq3uh9v','cmtewx4uy00umn3aw6qqpkdo7','loadPct','%',34.29,0.0,0.0,0.0,31.149,37.431,0);
INSERT INTO "twin_prediction_errors" VALUES('cmtewx4uy00upn3awsv0hsqb6','cmtewx4uy00umn3aw6qqpkdo7','risk','%',11.2,0.0,0.0,0.0,10.174,12.226,0);
CREATE TABLE "twin_relationships" (
    "id" TEXT NOT NULL PRIMARY KEY,
    "twinId" TEXT NOT NULL,
    "fromCode" TEXT NOT NULL,
    "toCode" TEXT NOT NULL,
    "kind" TEXT NOT NULL DEFAULT 'supplies',
    "strength" REAL NOT NULL DEFAULT 1,
    "capacityMw" REAL NOT NULL DEFAULT 0,
    "createdAt" DATETIME NOT NULL DEFAULT CURRENT_TIMESTAMP
);
INSERT INTO "twin_relationships" VALUES('cmtenmo7d2i2in3mkli27c9ve','cmtenmo482i0jn3mkpdwtoopl','BS-501','SUB-RYD-01','supply',1.0,1090.0,1788024513288);
INSERT INTO "twin_relationships" VALUES('cmtenmo7d2i2jn3mka0j4dun4','cmtenmo482i0jn3mkpdwtoopl','PP-301','SUB-RYD-02','supply',1.0,5741.0,1788024513288);
INSERT INTO "twin_relationships" VALUES('cmtenmo7d2i2kn3mkq5v5qym2','cmtenmo482i0jn3mkpdwtoopl','PP-302','SUB-RYD-03','supply',1.0,5741.0,1788024513288);
INSERT INTO "twin_relationships" VALUES('cmtenmo7d2i2ln3mkofb56r9t','cmtenmo482i0jn3mkpdwtoopl','PP-303','SUB-RYD-04','supply',1.0,5741.0,1788024513288);
INSERT INTO "twin_relationships" VALUES('cmtenmo7d2i2mn3mkfhtvp1ao','cmtenmo482i0jn3mkpdwtoopl','SF-401','SUB-RYD-05','supply',1.0,1744.0,1788024513288);
INSERT INTO "twin_relationships" VALUES('cmtenmo7d2i2nn3mky2q1ose3','cmtenmo482i0jn3mkpdwtoopl','SF-402','SUB-RYD-06','supply',1.0,1744.0,1788024513288);
INSERT INTO "twin_relationships" VALUES('cmtenmo7d2i2on3mk9poi3flt','cmtenmo482i0jn3mkpdwtoopl','SUB-RYD-01','TL-201','transmission',0.489,1681.0,1788024513288);
INSERT INTO "twin_relationships" VALUES('cmtenmo7d2i2pn3mkfu1jy7oz','cmtenmo482i0jn3mkpdwtoopl','TL-201','SUB-RYD-02','transmission',1.0,1681.0,1788024513288);
INSERT INTO "twin_relationships" VALUES('cmtenmo7d2i2qn3mkwoay2ppl','cmtenmo482i0jn3mkpdwtoopl','SUB-RYD-02','TL-202','transmission',0.377,1018.0,1788024513288);
INSERT INTO "twin_relationships" VALUES('cmtenmo7d2i2rn3mk3ceno7fg','cmtenmo482i0jn3mkpdwtoopl','TL-202','SUB-RYD-03','transmission',1.0,1018.0,1788024513288);
INSERT INTO "twin_relationships" VALUES('cmtenmo7d2i2sn3mkd2rtq07r','cmtenmo482i0jn3mkpdwtoopl','SUB-RYD-03','TL-203','transmission',0.419,1138.0,1788024513288);
INSERT INTO "twin_relationships" VALUES('cmtenmo7d2i2tn3mk3mvrjkmu','cmtenmo482i0jn3mkpdwtoopl','TL-203','SUB-RYD-04','transmission',1.0,1138.0,1788024513288);
INSERT INTO "twin_relationships" VALUES('cmtenmo7d2i2un3mk8nq5n6qc','cmtenmo482i0jn3mkpdwtoopl','SUB-RYD-01','T-108','distribution',0.05,63.0,1788024513288);
INSERT INTO "twin_relationships" VALUES('cmtenmo7d2i2vn3mkjtwzs0t5','cmtenmo482i0jn3mkpdwtoopl','SUB-RYD-01','T-113','distribution',0.176,606.0,1788024513288);
INSERT INTO "twin_relationships" VALUES('cmtenmo7e2i2wn3mkjo154czd','cmtenmo482i0jn3mkpdwtoopl','SUB-RYD-01','T-124','distribution',0.175,601.0,1788024513288);
INSERT INTO "twin_relationships" VALUES('cmtenmo7e2i2xn3mk375ihhno','cmtenmo482i0jn3mkpdwtoopl','SUB-RYD-01','T-135','distribution',0.142,488.0,1788024513288);
INSERT INTO "twin_relationships" VALUES('cmtenmo7e2i2yn3mkupmbayjf','cmtenmo482i0jn3mkpdwtoopl','T-108','EV-701','service',1.0,1088.0,1788024513288);
INSERT INTO "twin_relationships" VALUES('cmtenmo7e2i2zn3mkwrt23fes','cmtenmo482i0jn3mkpdwtoopl','T-113','IL-601','service',1.0,1959.0,1788024513288);
INSERT INTO "twin_relationships" VALUES('cmtenmo7e2i30n3mky59d4wo9','cmtenmo482i0jn3mkpdwtoopl','SUB-RYD-02','T-102','distribution',0.05,80.0,1788024513288);
INSERT INTO "twin_relationships" VALUES('cmtenmo7e2i31n3mkt6dh3msv','cmtenmo482i0jn3mkpdwtoopl','SUB-RYD-02','T-114','distribution',0.199,539.0,1788024513288);
INSERT INTO "twin_relationships" VALUES('cmtenmo7e2i32n3mk5brbd4q4','cmtenmo482i0jn3mkpdwtoopl','SUB-RYD-02','T-125','distribution',0.208,561.0,1788024513288);
INSERT INTO "twin_relationships" VALUES('cmtenmo7e2i33n3mkkyi1hsnh','cmtenmo482i0jn3mkpdwtoopl','SUB-RYD-02','T-136','distribution',0.187,506.0,1788024513288);
INSERT INTO "twin_relationships" VALUES('cmtenmo7e2i34n3mkt786hwjm','cmtenmo482i0jn3mkpdwtoopl','SUB-RYD-03','T-103','distribution',0.05,125.0,1788024513288);
INSERT INTO "twin_relationships" VALUES('cmtenmo7e2i35n3mk3d7maxej','cmtenmo482i0jn3mkpdwtoopl','SUB-RYD-03','T-115','distribution',0.178,484.0,1788024513288);
INSERT INTO "twin_relationships" VALUES('cmtenmo7e2i36n3mkcs76bhz1','cmtenmo482i0jn3mkpdwtoopl','SUB-RYD-03','T-126','distribution',0.192,521.0,1788024513288);
INSERT INTO "twin_relationships" VALUES('cmtenmo7e2i37n3mkaibnea7s','cmtenmo482i0jn3mkpdwtoopl','SUB-RYD-03','T-137','distribution',0.164,446.0,1788024513288);
INSERT INTO "twin_relationships" VALUES('cmtenmo7e2i38n3mkhgc7ak17','cmtenmo482i0jn3mkpdwtoopl','SUB-RYD-04','T-104','distribution',0.289,489.0,1788024513288);
INSERT INTO "twin_relationships" VALUES('cmtenmo7e2i39n3mkra2k687w','cmtenmo482i0jn3mkpdwtoopl','SUB-RYD-04','T-116','distribution',0.372,631.0,1788024513288);
INSERT INTO "twin_relationships" VALUES('cmtenmo7e2i3an3mkkz1mekph','cmtenmo482i0jn3mkpdwtoopl','SUB-RYD-04','T-127','distribution',0.339,575.0,1788024513288);
INSERT INTO "twin_relationships" VALUES('cmtenmo7e2i3bn3mkhx56g3m5','cmtenmo482i0jn3mkpdwtoopl','SUB-RYD-05','T-105','distribution',0.273,490.0,1788024513288);
INSERT INTO "twin_relationships" VALUES('cmtenmo7e2i3cn3mkk3rnz5n5','cmtenmo482i0jn3mkpdwtoopl','SUB-RYD-05','T-117','distribution',0.356,639.0,1788024513288);
INSERT INTO "twin_relationships" VALUES('cmtenmo7f2i3dn3mkz2u2luyg','cmtenmo482i0jn3mkpdwtoopl','SUB-RYD-05','T-128','distribution',0.371,665.0,1788024513288);
INSERT INTO "twin_relationships" VALUES('cmtenmo7f2i3en3mk59d6w3l0','cmtenmo482i0jn3mkpdwtoopl','SUB-RYD-06','T-106','distribution',0.372,644.0,1788024513288);
INSERT INTO "twin_relationships" VALUES('cmtenmo7f2i3fn3mksleug7iv','cmtenmo482i0jn3mkpdwtoopl','SUB-RYD-06','T-118','distribution',0.35,606.0,1788024513288);
INSERT INTO "twin_relationships" VALUES('cmtenmo7f2i3gn3mki5hepu5q','cmtenmo482i0jn3mkpdwtoopl','SUB-RYD-06','T-129','distribution',0.278,480.0,1788024513288);
INSERT INTO "twin_relationships" VALUES('cmtenmo7f2i3hn3mkc35hl62t','cmtenmo482i0jn3mkpdwtoopl','SUB-RYD-07','T-107','distribution',0.337,547.0,1788024513288);
INSERT INTO "twin_relationships" VALUES('cmtenmo7f2i3in3mklycf4hb1','cmtenmo482i0jn3mkpdwtoopl','SUB-RYD-07','T-119','distribution',0.307,498.0,1788024513288);
INSERT INTO "twin_relationships" VALUES('cmtenmo7f2i3jn3mk5x41iaz9','cmtenmo482i0jn3mkpdwtoopl','SUB-RYD-07','T-130','distribution',0.357,580.0,1788024513288);
INSERT INTO "twin_relationships" VALUES('cmtenmo7f2i3kn3mkci6qhdrp','cmtenmo482i0jn3mkpdwtoopl','SUB-RYD-08','T-109','distribution',0.312,567.0,1788024513288);
INSERT INTO "twin_relationships" VALUES('cmtenmo7f2i3ln3mkh1ehxyae','cmtenmo482i0jn3mkpdwtoopl','SUB-RYD-08','T-120','distribution',0.332,604.0,1788024513288);
INSERT INTO "twin_relationships" VALUES('cmtenmo7f2i3mn3mkamzh1ok0','cmtenmo482i0jn3mkpdwtoopl','SUB-RYD-08','T-131','distribution',0.356,648.0,1788024513288);
INSERT INTO "twin_relationships" VALUES('cmtenmo7f2i3nn3mkd6o9hwp9','cmtenmo482i0jn3mkpdwtoopl','SUB-RYD-09','T-110','distribution',0.321,594.0,1788024513288);
INSERT INTO "twin_relationships" VALUES('cmtenmo7f2i3on3mkcg4kyedn','cmtenmo482i0jn3mkpdwtoopl','SUB-RYD-09','T-121','distribution',0.333,615.0,1788024513288);
INSERT INTO "twin_relationships" VALUES('cmtenmo7f2i3pn3mkesquhu3d','cmtenmo482i0jn3mkpdwtoopl','SUB-RYD-09','T-132','distribution',0.346,640.0,1788024513288);
INSERT INTO "twin_relationships" VALUES('cmtenmo7f2i3qn3mk57aagb3v','cmtenmo482i0jn3mkpdwtoopl','SUB-RYD-10','T-111','distribution',0.369,681.0,1788024513288);
INSERT INTO "twin_relationships" VALUES('cmtenmo7f2i3rn3mkmu70vnva','cmtenmo482i0jn3mkpdwtoopl','SUB-RYD-10','T-122','distribution',0.276,508.0,1788024513288);
INSERT INTO "twin_relationships" VALUES('cmtenmo7f2i3sn3mk3ptzzhi6','cmtenmo482i0jn3mkpdwtoopl','SUB-RYD-10','T-133','distribution',0.355,655.0,1788024513288);
INSERT INTO "twin_relationships" VALUES('cmtenmo7f2i3tn3mkhphuyh2p','cmtenmo482i0jn3mkpdwtoopl','SUB-RYD-11','T-112','distribution',0.331,575.0,1788024513288);
INSERT INTO "twin_relationships" VALUES('cmtenmo7f2i3un3mkq6vyhi5g','cmtenmo482i0jn3mkpdwtoopl','SUB-RYD-11','T-123','distribution',0.314,547.0,1788024513288);
INSERT INTO "twin_relationships" VALUES('cmtenmo7g2i3vn3mkaidli9sb','cmtenmo482i0jn3mkpdwtoopl','SUB-RYD-11','T-134','distribution',0.355,618.0,1788024513288);
INSERT INTO "twin_relationships" VALUES('cmtenmo8b2i4un3mke7hy9mpw','cmtenmo4g2i0kn3mk28ck0lrt','BS-502','SUB-JED-01','supply',1.0,456.0,1788024513323);
INSERT INTO "twin_relationships" VALUES('cmtenmo8b2i4vn3mk1hf1pn3x','cmtenmo4g2i0kn3mk28ck0lrt','PP-304','SUB-JED-02','supply',1.0,4731.0,1788024513323);
INSERT INTO "twin_relationships" VALUES('cmtenmo8b2i4wn3mkunj5216v','cmtenmo4g2i0kn3mk28ck0lrt','PP-305','SUB-JED-03','supply',1.0,4731.0,1788024513323);
INSERT INTO "twin_relationships" VALUES('cmtenmo8b2i4xn3mk5kdbf35r','cmtenmo4g2i0kn3mk28ck0lrt','SF-403','SUB-JED-04','supply',1.0,1482.0,1788024513323);
INSERT INTO "twin_relationships" VALUES('cmtenmo8b2i4yn3mk17tevj2b','cmtenmo4g2i0kn3mk28ck0lrt','SUB-JED-01','TL-204','transmission',0.476,1499.0,1788024513323);
INSERT INTO "twin_relationships" VALUES('cmtenmo8b2i4zn3mkdpao63o9','cmtenmo4g2i0kn3mk28ck0lrt','TL-204','SUB-JED-02','transmission',1.0,1499.0,1788024513323);
INSERT INTO "twin_relationships" VALUES('cmtenmo8b2i50n3mk4gs1jcb0','cmtenmo4g2i0kn3mk28ck0lrt','SUB-JED-02','TL-205','transmission',0.582,1902.0,1788024513323);
INSERT INTO "twin_relationships" VALUES('cmtenmo8b2i51n3mklp3yqcx2','cmtenmo4g2i0kn3mk28ck0lrt','TL-205','SUB-JED-03','transmission',1.0,1902.0,1788024513323);
INSERT INTO "twin_relationships" VALUES('cmtenmo8b2i52n3mkbiirmz7c','cmtenmo4g2i0kn3mk28ck0lrt','SUB-JED-03','TL-206','transmission',0.537,2053.0,1788024513323);
INSERT INTO "twin_relationships" VALUES('cmtenmo8b2i53n3mkffqblid0','cmtenmo4g2i0kn3mk28ck0lrt','TL-206','SUB-JED-04','transmission',1.0,2053.0,1788024513323);
INSERT INTO "twin_relationships" VALUES('cmtenmo8b2i54n3mkw3ems2ue','cmtenmo4g2i0kn3mk28ck0lrt','SUB-JED-01','T-138','distribution',0.05,63.0,1788024513323);
INSERT INTO "twin_relationships" VALUES('cmtenmo8b2i55n3mkpu1icygh','cmtenmo4g2i0kn3mk28ck0lrt','SUB-JED-01','T-144','distribution',0.175,550.0,1788024513323);
INSERT INTO "twin_relationships" VALUES('cmtenmo8b2i56n3mk7tkmr2e2','cmtenmo4g2i0kn3mk28ck0lrt','SUB-JED-01','T-150','distribution',0.176,554.0,1788024513323);
INSERT INTO "twin_relationships" VALUES('cmtenmo8b2i57n3mk15i7c2oj','cmtenmo4g2i0kn3mk28ck0lrt','SUB-JED-01','T-156','distribution',0.154,486.0,1788024513323);
INSERT INTO "twin_relationships" VALUES('cmtenmo8b2i58n3mkqno2tizw','cmtenmo4g2i0kn3mk28ck0lrt','T-138','EV-702','service',1.0,576.0,1788024513323);
INSERT INTO "twin_relationships" VALUES('cmtenmo8b2i59n3mktp863olh','cmtenmo4g2i0kn3mk28ck0lrt','T-144','IL-602','service',1.0,1038.0,1788024513323);
INSERT INTO "twin_relationships" VALUES('cmtenmo8b2i5an3mkeisrh76a','cmtenmo4g2i0kn3mk28ck0lrt','SUB-JED-02','T-139','distribution',0.05,80.0,1788024513323);
INSERT INTO "twin_relationships" VALUES('cmtenmo8b2i5bn3mkjy6pfa8e','cmtenmo4g2i0kn3mk28ck0lrt','SUB-JED-02','T-145','distribution',0.214,698.0,1788024513323);
INSERT INTO "twin_relationships" VALUES('cmtenmo8b2i5cn3mkp9uyr81x','cmtenmo4g2i0kn3mk28ck0lrt','SUB-JED-02','T-151','distribution',0.18,588.0,1788024513323);
INSERT INTO "twin_relationships" VALUES('cmtenmo8b2i5dn3mklxa8r51m','cmtenmo4g2i0kn3mk28ck0lrt','SUB-JED-03','T-140','distribution',0.16,611.0,1788024513323);
INSERT INTO "twin_relationships" VALUES('cmtenmo8b2i5en3mk1a1ap579','cmtenmo4g2i0kn3mk28ck0lrt','SUB-JED-03','T-146','distribution',0.129,492.0,1788024513323);
INSERT INTO "twin_relationships" VALUES('cmtenmo8b2i5fn3mkjf9bvoc9','cmtenmo4g2i0kn3mk28ck0lrt','SUB-JED-03','T-152','distribution',0.175,671.0,1788024513323);
INSERT INTO "twin_relationships" VALUES('cmtenmo8b2i5gn3mkq5tkj17r','cmtenmo4g2i0kn3mk28ck0lrt','SUB-JED-04','T-141','distribution',0.384,697.0,1788024513323);
INSERT INTO "twin_relationships" VALUES('cmtenmo8b2i5hn3mk5nh0vm86','cmtenmo4g2i0kn3mk28ck0lrt','SUB-JED-04','T-147','distribution',0.345,626.0,1788024513323);
INSERT INTO "twin_relationships" VALUES('cmtenmo8b2i5in3mkhe7prorg','cmtenmo4g2i0kn3mk28ck0lrt','SUB-JED-04','T-153','distribution',0.27,490.0,1788024513323);
INSERT INTO "twin_relationships" VALUES('cmtenmo8b2i5jn3mk7w7bk6lk','cmtenmo4g2i0kn3mk28ck0lrt','SUB-JED-05','T-142','distribution',0.29,512.0,1788024513323);
INSERT INTO "twin_relationships" VALUES('cmtenmo8b2i5kn3mkj56qgz44','cmtenmo4g2i0kn3mk28ck0lrt','SUB-JED-05','T-148','distribution',0.396,698.0,1788024513323);
INSERT INTO "twin_relationships" VALUES('cmtenmo8b2i5ln3mkaoz79zaa','cmtenmo4g2i0kn3mk28ck0lrt','SUB-JED-05','T-154','distribution',0.314,554.0,1788024513323);
INSERT INTO "twin_relationships" VALUES('cmtenmo8b2i5mn3mkdv428c0k','cmtenmo4g2i0kn3mk28ck0lrt','SUB-JED-06','T-143','distribution',0.306,519.0,1788024513323);
INSERT INTO "twin_relationships" VALUES('cmtenmo8b2i5nn3mkuox7ee3y','cmtenmo4g2i0kn3mk28ck0lrt','SUB-JED-06','T-149','distribution',0.39,661.0,1788024513323);
INSERT INTO "twin_relationships" VALUES('cmtenmo8b2i5on3mku6qbfh58','cmtenmo4g2i0kn3mk28ck0lrt','SUB-JED-06','T-155','distribution',0.304,515.0,1788024513323);
INSERT INTO "twin_relationships" VALUES('cmtenmo8w2i6vn3mkq16ld9a9','cmtenmo4m2i0ln3mkvbeeizx5','BS-503','SUB-DMM-01','supply',1.0,730.0,1788024513345);
INSERT INTO "twin_relationships" VALUES('cmtenmo8w2i6wn3mk9oozrrno','cmtenmo4m2i0ln3mkvbeeizx5','PP-306','SUB-DMM-02','supply',1.0,4088.0,1788024513345);
INSERT INTO "twin_relationships" VALUES('cmtenmo8w2i6xn3mkk305vt5r','cmtenmo4m2i0ln3mkvbeeizx5','PP-307','SUB-DMM-03','supply',1.0,4088.0,1788024513345);
INSERT INTO "twin_relationships" VALUES('cmtenmo8w2i6yn3mkfsl9qj0c','cmtenmo4m2i0ln3mkvbeeizx5','PP-308','SUB-DMM-04','supply',1.0,4088.0,1788024513345);
INSERT INTO "twin_relationships" VALUES('cmtenmo8w2i6zn3mkae6n2ceo','cmtenmo4m2i0ln3mkvbeeizx5','SF-404','SUB-DMM-05','supply',1.0,1606.0,1788024513345);
INSERT INTO "twin_relationships" VALUES('cmtenmo8w2i70n3mkxp7ndk8x','cmtenmo4m2i0ln3mkvbeeizx5','SUB-DMM-01','TL-207','transmission',0.382,1118.0,1788024513345);
INSERT INTO "twin_relationships" VALUES('cmtenmo8w2i71n3mks7n1p6wz','cmtenmo4m2i0ln3mkvbeeizx5','TL-207','SUB-DMM-02','transmission',1.0,1118.0,1788024513345);
INSERT INTO "twin_relationships" VALUES('cmtenmo8w2i72n3mkd9wl2wtn','cmtenmo4m2i0ln3mkvbeeizx5','SUB-DMM-02','TL-208','transmission',0.398,1141.0,1788024513345);
INSERT INTO "twin_relationships" VALUES('cmtenmo8w2i73n3mksn4eo621','cmtenmo4m2i0ln3mkvbeeizx5','TL-208','SUB-DMM-03','transmission',1.0,1141.0,1788024513345);
INSERT INTO "twin_relationships" VALUES('cmtenmo8w2i74n3mk8i2xxj7v','cmtenmo4m2i0ln3mkvbeeizx5','SUB-DMM-03','TL-209','transmission',0.312,1049.0,1788024513345);
INSERT INTO "twin_relationships" VALUES('cmtenmo8w2i75n3mk4uq520i1','cmtenmo4m2i0ln3mkvbeeizx5','TL-209','SUB-DMM-04','transmission',1.0,1049.0,1788024513345);
INSERT INTO "twin_relationships" VALUES('cmtenmo8w2i76n3mk7qbhrm68','cmtenmo4m2i0ln3mkvbeeizx5','SUB-DMM-01','T-157','distribution',0.05,63.0,1788024513345);
INSERT INTO "twin_relationships" VALUES('cmtenmo8w2i77n3mkbltjvsag','cmtenmo4m2i0ln3mkvbeeizx5','SUB-DMM-01','T-164','distribution',0.202,590.0,1788024513345);
INSERT INTO "twin_relationships" VALUES('cmtenmo8w2i78n3mklo770sj8','cmtenmo4m2i0ln3mkvbeeizx5','SUB-DMM-01','T-171','distribution',0.216,631.0,1788024513345);
INSERT INTO "twin_relationships" VALUES('cmtenmo8w2i79n3mkn3e1gi8z','cmtenmo4m2i0ln3mkvbeeizx5','SUB-DMM-01','T-178','distribution',0.179,522.0,1788024513345);
INSERT INTO "twin_relationships" VALUES('cmtenmo8x2i7an3mkqrc61v6c','cmtenmo4m2i0ln3mkvbeeizx5','T-157','EV-703','service',1.0,729.0,1788024513345);
INSERT INTO "twin_relationships" VALUES('cmtenmo8x2i7bn3mkvaezlibn','cmtenmo4m2i0ln3mkvbeeizx5','T-164','IL-603','service',1.0,656.0,1788024513345);
INSERT INTO "twin_relationships" VALUES('cmtenmo8x2i7cn3mk2m7q1mov','cmtenmo4m2i0ln3mkvbeeizx5','SUB-DMM-02','T-158','distribution',0.05,80.0,1788024513345);
INSERT INTO "twin_relationships" VALUES('cmtenmo8x2i7dn3mk8rxwfbgd','cmtenmo4m2i0ln3mkvbeeizx5','SUB-DMM-02','T-165','distribution',0.204,584.0,1788024513345);
INSERT INTO "twin_relationships" VALUES('cmtenmo8x2i7en3mk73b9vuik','cmtenmo4m2i0ln3mkvbeeizx5','SUB-DMM-02','T-172','distribution',0.207,592.0,1788024513345);
INSERT INTO "twin_relationships" VALUES('cmtenmo8x2i7fn3mkz63a2ztn','cmtenmo4m2i0ln3mkvbeeizx5','SUB-DMM-02','T-179','distribution',0.163,468.0,1788024513345);
INSERT INTO "twin_relationships" VALUES('cmtenmo8x2i7gn3mke7ssj7u0','cmtenmo4m2i0ln3mkvbeeizx5','T-158','IL-604','service',1.0,656.0,1788024513345);
INSERT INTO "twin_relationships" VALUES('cmtenmo8x2i7hn3mk34o4wqpl','cmtenmo4m2i0ln3mkvbeeizx5','SUB-DMM-03','T-159','distribution',0.156,524.0,1788024513345);
INSERT INTO "twin_relationships" VALUES('cmtenmo8x2i7in3mkeri1ydbu','cmtenmo4m2i0ln3mkvbeeizx5','SUB-DMM-03','T-166','distribution',0.186,625.0,1788024513345);
INSERT INTO "twin_relationships" VALUES('cmtenmo8x2i7jn3mkah0nn6oo','cmtenmo4m2i0ln3mkvbeeizx5','SUB-DMM-03','T-173','distribution',0.148,497.0,1788024513345);
INSERT INTO "twin_relationships" VALUES('cmtenmo8x2i7kn3mk8blo82zz','cmtenmo4m2i0ln3mkvbeeizx5','SUB-DMM-03','T-180','distribution',0.2,673.0,1788024513345);
INSERT INTO "twin_relationships" VALUES('cmtenmo8x2i7ln3mkc54d3tj5','cmtenmo4m2i0ln3mkvbeeizx5','SUB-DMM-04','T-160','distribution',0.315,570.0,1788024513345);
INSERT INTO "twin_relationships" VALUES('cmtenmo8x2i7mn3mkbh366zvx','cmtenmo4m2i0ln3mkvbeeizx5','SUB-DMM-04','T-167','distribution',0.366,663.0,1788024513345);
INSERT INTO "twin_relationships" VALUES('cmtenmo8x2i7nn3mk0zje7pka','cmtenmo4m2i0ln3mkvbeeizx5','SUB-DMM-04','T-174','distribution',0.32,579.0,1788024513345);
INSERT INTO "twin_relationships" VALUES('cmtenmo8x2i7on3mkjvpugbtr','cmtenmo4m2i0ln3mkvbeeizx5','SUB-DMM-05','T-161','distribution',0.317,492.0,1788024513345);
INSERT INTO "twin_relationships" VALUES('cmtenmo8x2i7pn3mk0ia3c4zk','cmtenmo4m2i0ln3mkvbeeizx5','SUB-DMM-05','T-168','distribution',0.367,569.0,1788024513345);
INSERT INTO "twin_relationships" VALUES('cmtenmo8x2i7qn3mkghtofqpr','cmtenmo4m2i0ln3mkvbeeizx5','SUB-DMM-05','T-175','distribution',0.316,491.0,1788024513345);
INSERT INTO "twin_relationships" VALUES('cmtenmo8x2i7rn3mk0eo8vrul','cmtenmo4m2i0ln3mkvbeeizx5','SUB-DMM-06','T-162','distribution',0.366,663.0,1788024513345);
INSERT INTO "twin_relationships" VALUES('cmtenmo8x2i7sn3mkdrv8yt6r','cmtenmo4m2i0ln3mkvbeeizx5','SUB-DMM-06','T-169','distribution',0.291,527.0,1788024513345);
INSERT INTO "twin_relationships" VALUES('cmtenmo8x2i7tn3mkt5mh33t4','cmtenmo4m2i0ln3mkvbeeizx5','SUB-DMM-06','T-176','distribution',0.344,623.0,1788024513345);
INSERT INTO "twin_relationships" VALUES('cmtenmo8x2i7un3mkv9igbs8b','cmtenmo4m2i0ln3mkvbeeizx5','SUB-DMM-07','T-163','distribution',0.307,557.0,1788024513345);
INSERT INTO "twin_relationships" VALUES('cmtenmo8x2i7vn3mk7vek8z6j','cmtenmo4m2i0ln3mkvbeeizx5','SUB-DMM-07','T-170','distribution',0.377,685.0,1788024513345);
INSERT INTO "twin_relationships" VALUES('cmtenmo8x2i7wn3mk6a3rhdkh','cmtenmo4m2i0ln3mkvbeeizx5','SUB-DMM-07','T-177','distribution',0.317,575.0,1788024513345);
INSERT INTO "twin_relationships" VALUES('cmtenmo9f2i8ln3mkzshiho2e','cmtenmo4v2i0mn3mkuckhbj86','BS-504','SUB-MAK-01','supply',1.0,222.0,1788024513363);
INSERT INTO "twin_relationships" VALUES('cmtenmo9f2i8mn3mks7l502uv','cmtenmo4v2i0mn3mkuckhbj86','PP-309','SUB-MAK-02','supply',1.0,3145.0,1788024513363);
INSERT INTO "twin_relationships" VALUES('cmtenmo9f2i8nn3mkphi0bi9v','cmtenmo4v2i0mn3mkuckhbj86','PP-310','SUB-MAK-03','supply',1.0,3145.0,1788024513363);
INSERT INTO "twin_relationships" VALUES('cmtenmo9f2i8on3mkgah9ql0d','cmtenmo4v2i0mn3mkuckhbj86','SF-405','SUB-MAK-04','supply',1.0,888.0,1788024513363);
INSERT INTO "twin_relationships" VALUES('cmtenmo9f2i8pn3mk5gooysn7','cmtenmo4v2i0mn3mkuckhbj86','SUB-MAK-01','TL-210','transmission',0.531,1341.0,1788024513363);
INSERT INTO "twin_relationships" VALUES('cmtenmo9f2i8qn3mkyihvemil','cmtenmo4v2i0mn3mkuckhbj86','TL-210','SUB-MAK-02','transmission',1.0,1341.0,1788024513363);
INSERT INTO "twin_relationships" VALUES('cmtenmo9f2i8rn3mk1hzd0k3h','cmtenmo4v2i0mn3mkuckhbj86','SUB-MAK-02','TL-211','transmission',0.627,2337.0,1788024513363);
INSERT INTO "twin_relationships" VALUES('cmtenmo9f2i8sn3mkxig91a87','cmtenmo4v2i0mn3mkuckhbj86','TL-211','SUB-MAK-03','transmission',1.0,2337.0,1788024513363);
INSERT INTO "twin_relationships" VALUES('cmtenmo9f2i8tn3mkcql5b46k','cmtenmo4v2i0mn3mkuckhbj86','SUB-MAK-01','T-181','distribution',0.05,63.0,1788024513363);
INSERT INTO "twin_relationships" VALUES('cmtenmo9f2i8un3mkmd66jl38','cmtenmo4v2i0mn3mkuckhbj86','SUB-MAK-01','T-185','distribution',0.238,600.0,1788024513363);
INSERT INTO "twin_relationships" VALUES('cmtenmo9f2i8vn3mkqkimrgt9','cmtenmo4v2i0mn3mkuckhbj86','SUB-MAK-01','T-189','distribution',0.206,520.0,1788024513363);
INSERT INTO "twin_relationships" VALUES('cmtenmo9f2i8wn3mkh3tbsbic','cmtenmo4v2i0mn3mkuckhbj86','T-181','EV-704','service',1.0,365.0,1788024513363);
INSERT INTO "twin_relationships" VALUES('cmtenmo9f2i8xn3mku0wsnwo3','cmtenmo4v2i0mn3mkuckhbj86','T-185','IL-605','service',1.0,656.0,1788024513363);
INSERT INTO "twin_relationships" VALUES('cmtenmo9f2i8yn3mkv67j19dk','cmtenmo4v2i0mn3mkuckhbj86','SUB-MAK-02','T-182','distribution',0.05,80.0,1788024513363);
INSERT INTO "twin_relationships" VALUES('cmtenmo9f2i8zn3mkbrwdxpbt','cmtenmo4v2i0mn3mkuckhbj86','SUB-MAK-02','T-186','distribution',0.159,592.0,1788024513363);
INSERT INTO "twin_relationships" VALUES('cmtenmo9f2i90n3mkv08875cp','cmtenmo4v2i0mn3mkuckhbj86','SUB-MAK-02','T-190','distribution',0.192,717.0,1788024513363);
INSERT INTO "twin_relationships" VALUES('cmtenmo9f2i91n3mkbntvtzhz','cmtenmo4v2i0mn3mkuckhbj86','SUB-MAK-03','T-183','distribution',0.371,670.0,1788024513363);
INSERT INTO "twin_relationships" VALUES('cmtenmo9f2i92n3mkfbp0vlz0','cmtenmo4v2i0mn3mkuckhbj86','SUB-MAK-03','T-187','distribution',0.339,611.0,1788024513363);
INSERT INTO "twin_relationships" VALUES('cmtenmo9f2i93n3mkfldpnxb9','cmtenmo4v2i0mn3mkuckhbj86','SUB-MAK-03','T-191','distribution',0.29,524.0,1788024513363);
INSERT INTO "twin_relationships" VALUES('cmtenmo9f2i94n3mk1t94sv70','cmtenmo4v2i0mn3mkuckhbj86','SUB-MAK-04','T-184','distribution',0.321,612.0,1788024513363);
INSERT INTO "twin_relationships" VALUES('cmtenmo9f2i95n3mks5dru7hw','cmtenmo4v2i0mn3mkuckhbj86','SUB-MAK-04','T-188','distribution',0.335,637.0,1788024513363);
INSERT INTO "twin_relationships" VALUES('cmtenmo9f2i96n3mklyg3324h','cmtenmo4v2i0mn3mkuckhbj86','SUB-MAK-04','T-192','distribution',0.344,655.0,1788024513363);
INSERT INTO "twin_relationships" VALUES('cmtenmo9w2i9pn3mk3jr3980l','cmtenmo522i0nn3mk1gl92lol','BS-505','SUB-MED-01','supply',1.0,198.0,1788024513380);
INSERT INTO "twin_relationships" VALUES('cmtenmo9w2i9qn3mk6k57dlab','cmtenmo522i0nn3mk1gl92lol','PP-311','SUB-MED-02','supply',1.0,3861.0,1788024513380);
INSERT INTO "twin_relationships" VALUES('cmtenmo9w2i9rn3mkeny4m237','cmtenmo522i0nn3mk1gl92lol','SF-406','SUB-MED-03','supply',1.0,891.0,1788024513380);
INSERT INTO "twin_relationships" VALUES('cmtenmo9w2i9sn3mkgeockgmu','cmtenmo522i0nn3mk1gl92lol','SUB-MED-01','TL-212','transmission',0.562,1923.0,1788024513380);
INSERT INTO "twin_relationships" VALUES('cmtenmo9w2i9tn3mk68ghvqr1','cmtenmo522i0nn3mk1gl92lol','TL-212','SUB-MED-02','transmission',1.0,1923.0,1788024513380);
INSERT INTO "twin_relationships" VALUES('cmtenmo9w2i9un3mkj7af9zdz','cmtenmo522i0nn3mk1gl92lol','SUB-MED-02','TL-213','transmission',0.518,1595.0,1788024513380);
INSERT INTO "twin_relationships" VALUES('cmtenmo9w2i9vn3mkg9eahhis','cmtenmo522i0nn3mk1gl92lol','TL-213','SUB-MED-03','transmission',1.0,1595.0,1788024513380);
INSERT INTO "twin_relationships" VALUES('cmtenmo9w2i9wn3mk51npl9ef','cmtenmo522i0nn3mk1gl92lol','SUB-MED-01','T-193','distribution',0.05,63.0,1788024513380);
INSERT INTO "twin_relationships" VALUES('cmtenmo9w2i9xn3mkg7o1tqu8','cmtenmo522i0nn3mk1gl92lol','SUB-MED-01','T-196','distribution',0.184,628.0,1788024513380);
INSERT INTO "twin_relationships" VALUES('cmtenmo9w2i9yn3mku89k5cum','cmtenmo522i0nn3mk1gl92lol','SUB-MED-01','T-199','distribution',0.235,805.0,1788024513380);
INSERT INTO "twin_relationships" VALUES('cmtenmo9w2i9zn3mkje65mt5g','cmtenmo522i0nn3mk1gl92lol','T-193','EV-705','service',1.0,241.0,1788024513380);
INSERT INTO "twin_relationships" VALUES('cmtenmo9w2ia0n3mkwz72lfhh','cmtenmo522i0nn3mk1gl92lol','T-196','IL-606','service',1.0,434.0,1788024513380);
INSERT INTO "twin_relationships" VALUES('cmtenmo9w2ia1n3mk9yez0dkd','cmtenmo522i0nn3mk1gl92lol','SUB-MED-02','T-194','distribution',0.05,80.0,1788024513380);
INSERT INTO "twin_relationships" VALUES('cmtenmo9w2ia2n3mktetk50m6','cmtenmo522i0nn3mk1gl92lol','SUB-MED-02','T-197','distribution',0.193,594.0,1788024513380);
INSERT INTO "twin_relationships" VALUES('cmtenmo9w2ia3n3mkl8xwkhvy','cmtenmo522i0nn3mk1gl92lol','SUB-MED-02','T-200','distribution',0.263,809.0,1788024513380);
INSERT INTO "twin_relationships" VALUES('cmtenmo9w2ia4n3mk2sefgr3l','cmtenmo522i0nn3mk1gl92lol','SUB-MED-03','T-195','distribution',0.476,635.0,1788024513380);
INSERT INTO "twin_relationships" VALUES('cmtenmo9w2ia5n3mk6vm2kgbb','cmtenmo522i0nn3mk1gl92lol','SUB-MED-03','T-198','distribution',0.524,700.0,1788024513380);
INSERT INTO "twin_relationships" VALUES('cmtenmoac2iakn3mk5cz9ohr2','cmtenmo5b2i0on3mkr2udtxgo','BS-506','SUB-TUU-01','supply',1.0,248.0,1788024513397);
INSERT INTO "twin_relationships" VALUES('cmtenmoac2ialn3mk2su86den','cmtenmo5b2i0on3mkr2udtxgo','PP-312','SUB-TUU-02','supply',1.0,1457.0,1788024513397);
INSERT INTO "twin_relationships" VALUES('cmtenmoac2iamn3mky9ycy1yl','cmtenmo5b2i0on3mkr2udtxgo','SF-407','SUB-TUU-01','supply',1.0,961.0,1788024513397);
INSERT INTO "twin_relationships" VALUES('cmtenmoac2iann3mkpirua515','cmtenmo5b2i0on3mkr2udtxgo','WF-451','SUB-TUU-02','supply',1.0,434.0,1788024513397);
INSERT INTO "twin_relationships" VALUES('cmtenmoac2iaon3mkhh8r1fup','cmtenmo5b2i0on3mkr2udtxgo','SUB-TUU-01','TL-214','transmission',0.72,2233.0,1788024513397);
INSERT INTO "twin_relationships" VALUES('cmtenmoac2iapn3mkfemq94br','cmtenmo5b2i0on3mkr2udtxgo','TL-214','SUB-TUU-02','transmission',1.0,2233.0,1788024513397);
INSERT INTO "twin_relationships" VALUES('cmtenmoac2iaqn3mki5eryako','cmtenmo5b2i0on3mkr2udtxgo','SUB-TUU-02','TL-215','transmission',0.555,1931.0,1788024513397);
INSERT INTO "twin_relationships" VALUES('cmtenmoac2iarn3mko1nhgp7v','cmtenmo5b2i0on3mkr2udtxgo','TL-215','SUB-TUU-01','transmission',1.0,1931.0,1788024513397);
INSERT INTO "twin_relationships" VALUES('cmtenmoac2iasn3mk6m1ckopg','cmtenmo5b2i0on3mkr2udtxgo','SUB-TUU-01','T-201','distribution',0.05,63.0,1788024513397);
INSERT INTO "twin_relationships" VALUES('cmtenmoac2iatn3mkm0td2znr','cmtenmo5b2i0on3mkr2udtxgo','SUB-TUU-01','T-203','distribution',0.259,804.0,1788024513397);
INSERT INTO "twin_relationships" VALUES('cmtenmoac2iaun3mkzluyrh75','cmtenmo5b2i0on3mkr2udtxgo','T-201','EV-706','service',1.0,135.0,1788024513397);
INSERT INTO "twin_relationships" VALUES('cmtenmoac2iavn3mkt2lqf5s5','cmtenmo5b2i0on3mkr2udtxgo','T-203','IL-607','service',1.0,244.0,1788024513397);
INSERT INTO "twin_relationships" VALUES('cmtenmoac2iawn3mkgpqndyz8','cmtenmo5b2i0on3mkr2udtxgo','SUB-TUU-02','T-202','distribution',0.181,630.0,1788024513397);
INSERT INTO "twin_relationships" VALUES('cmtenmoac2iaxn3mkbfzkt15u','cmtenmo5b2i0on3mkr2udtxgo','SUB-TUU-02','T-204','distribution',0.263,916.0,1788024513397);
INSERT INTO "twin_relationships" VALUES('cmtenmoav2ibdn3mk08lk2bu2','cmtenmo5i2i0pn3mkrxl1jjkg','BS-507','SUB-NEO-01','supply',1.0,504.0,1788024513415);
INSERT INTO "twin_relationships" VALUES('cmtenmoav2iben3mk83fcevxk','cmtenmo5i2i0pn3mkrxl1jjkg','PP-313','SUB-NEO-02','supply',1.0,864.0,1788024513415);
INSERT INTO "twin_relationships" VALUES('cmtenmoav2ibfn3mkyf7ken42','cmtenmo5i2i0pn3mkrxl1jjkg','SF-408','SUB-NEO-01','supply',1.0,1008.0,1788024513415);
INSERT INTO "twin_relationships" VALUES('cmtenmoav2ibgn3mka7iwemr4','cmtenmo5i2i0pn3mkrxl1jjkg','WF-452','SUB-NEO-02','supply',1.0,1224.0,1788024513415);
INSERT INTO "twin_relationships" VALUES('cmtenmoav2ibhn3mk1g1vf3tf','cmtenmo5i2i0pn3mkrxl1jjkg','SUB-NEO-01','TL-216','transmission',0.755,2229.0,1788024513415);
INSERT INTO "twin_relationships" VALUES('cmtenmoav2ibin3mk3gywb05e','cmtenmo5i2i0pn3mkrxl1jjkg','TL-216','SUB-NEO-02','transmission',1.0,2229.0,1788024513415);
INSERT INTO "twin_relationships" VALUES('cmtenmoav2ibjn3mk0619paq6','cmtenmo5i2i0pn3mkrxl1jjkg','SUB-NEO-02','TL-217','transmission',0.517,1300.0,1788024513415);
INSERT INTO "twin_relationships" VALUES('cmtenmoav2ibkn3mkbe56o7f5','cmtenmo5i2i0pn3mkrxl1jjkg','TL-217','SUB-NEO-01','transmission',1.0,1300.0,1788024513415);
INSERT INTO "twin_relationships" VALUES('cmtenmoav2ibln3mk15p481pg','cmtenmo5i2i0pn3mkrxl1jjkg','SUB-NEO-01','T-205','distribution',0.05,63.0,1788024513415);
INSERT INTO "twin_relationships" VALUES('cmtenmoav2ibmn3mkb3mtcbmk','cmtenmo5i2i0pn3mkrxl1jjkg','SUB-NEO-01','T-207','distribution',0.224,661.0,1788024513415);
INSERT INTO "twin_relationships" VALUES('cmtenmoav2ibnn3mk7ozxuo3g','cmtenmo5i2i0pn3mkrxl1jjkg','T-205','EV-707','service',1.0,112.0,1788024513415);
INSERT INTO "twin_relationships" VALUES('cmtenmoav2ibon3mk2w4el5ck','cmtenmo5i2i0pn3mkrxl1jjkg','T-207','IL-608','service',1.0,101.0,1788024513415);
INSERT INTO "twin_relationships" VALUES('cmtenmoav2ibpn3mkckfiz23r','cmtenmo5i2i0pn3mkrxl1jjkg','SUB-NEO-02','T-206','distribution',0.236,593.0,1788024513415);
INSERT INTO "twin_relationships" VALUES('cmtenmoav2ibqn3mkdxy6i0n4','cmtenmo5i2i0pn3mkrxl1jjkg','SUB-NEO-02','T-208','distribution',0.248,623.0,1788024513415);
INSERT INTO "twin_relationships" VALUES('cmtenmoav2ibrn3mk02sxao2q','cmtenmo5i2i0pn3mkrxl1jjkg','T-206','IL-609','service',1.0,101.0,1788024513415);
INSERT INTO "twin_relationships" VALUES('cmtenmobe2ic8n3mk7td1wgje','cmtenmo5r2i0qn3mk00bi9knh','BS-508','SUB-JAZ-01','supply',1.0,122.0,1788024513434);
INSERT INTO "twin_relationships" VALUES('cmtenmobe2ic9n3mk52ktwirf','cmtenmo5r2i0qn3mk00bi9knh','PP-314','SUB-JAZ-02','supply',1.0,2257.0,1788024513434);
INSERT INTO "twin_relationships" VALUES('cmtenmobe2ican3mkuva4kxp8','cmtenmo5r2i0qn3mk00bi9knh','SF-409','SUB-JAZ-01','supply',1.0,427.0,1788024513434);
INSERT INTO "twin_relationships" VALUES('cmtenmobe2icbn3mkhjbxw2i4','cmtenmo5r2i0qn3mk00bi9knh','WF-453','SUB-JAZ-02','supply',1.0,244.0,1788024513434);
INSERT INTO "twin_relationships" VALUES('cmtenmobe2iccn3mkvlxxg1fl','cmtenmo5r2i0qn3mk00bi9knh','SUB-JAZ-01','TL-218','transmission',0.507,1514.0,1788024513434);
INSERT INTO "twin_relationships" VALUES('cmtenmobe2icdn3mkxxw86goy','cmtenmo5r2i0qn3mk00bi9knh','TL-218','SUB-JAZ-02','transmission',1.0,1514.0,1788024513434);
INSERT INTO "twin_relationships" VALUES('cmtenmobe2icen3mksiwj6fdz','cmtenmo5r2i0qn3mk00bi9knh','SUB-JAZ-02','TL-219','transmission',0.556,1524.0,1788024513434);
INSERT INTO "twin_relationships" VALUES('cmtenmobe2icfn3mk5ro2lx58','cmtenmo5r2i0qn3mk00bi9knh','TL-219','SUB-JAZ-01','transmission',1.0,1524.0,1788024513434);
INSERT INTO "twin_relationships" VALUES('cmtenmobe2icgn3mkcqj63heq','cmtenmo5r2i0qn3mk00bi9knh','SUB-JAZ-01','T-209','distribution',0.05,63.0,1788024513434);
INSERT INTO "twin_relationships" VALUES('cmtenmobe2ichn3mkioycdsxr','cmtenmo5r2i0qn3mk00bi9knh','SUB-JAZ-01','T-211','distribution',0.213,636.0,1788024513434);
INSERT INTO "twin_relationships" VALUES('cmtenmobe2icin3mkjszqqpn5','cmtenmo5r2i0qn3mk00bi9knh','SUB-JAZ-01','T-213','distribution',0.258,771.0,1788024513434);
INSERT INTO "twin_relationships" VALUES('cmtenmobe2icjn3mk0vuaiozl','cmtenmo5r2i0qn3mk00bi9knh','T-209','EV-708','service',1.0,153.0,1788024513434);
INSERT INTO "twin_relationships" VALUES('cmtenmobe2ickn3mkq2h4vdij','cmtenmo5r2i0qn3mk00bi9knh','T-211','IL-610','service',1.0,138.0,1788024513434);
INSERT INTO "twin_relationships" VALUES('cmtenmobe2icln3mkblqoitex','cmtenmo5r2i0qn3mk00bi9knh','SUB-JAZ-02','T-210','distribution',0.204,559.0,1788024513434);
INSERT INTO "twin_relationships" VALUES('cmtenmobe2icmn3mkokkk95et','cmtenmo5r2i0qn3mk00bi9knh','SUB-JAZ-02','T-212','distribution',0.241,660.0,1788024513434);
INSERT INTO "twin_relationships" VALUES('cmtenmobe2icnn3mkfzsygibw','cmtenmo5r2i0qn3mk00bi9knh','T-210','IL-611','service',1.0,138.0,1788024513434);
INSERT INTO "twin_relationships" VALUES('cmtenmobx2id2n3mk1n7vh8tq','cmtenmo5y2i0rn3mkn1jj8rr4','BS-509','SUB-ABT-01','supply',1.0,108.0,1788024513453);
INSERT INTO "twin_relationships" VALUES('cmtenmobx2id3n3mkwut1arbf','cmtenmo5y2i0rn3mkn1jj8rr4','PP-315','SUB-ABT-02','supply',1.0,1917.0,1788024513453);
INSERT INTO "twin_relationships" VALUES('cmtenmobx2id4n3mk3w4f0ac7','cmtenmo5y2i0rn3mkn1jj8rr4','SF-410','SUB-ABT-01','supply',1.0,513.0,1788024513453);
INSERT INTO "twin_relationships" VALUES('cmtenmobx2id5n3mkgb91l8f5','cmtenmo5y2i0rn3mkn1jj8rr4','WF-454','SUB-ABT-02','supply',1.0,162.0,1788024513453);
INSERT INTO "twin_relationships" VALUES('cmtenmobx2id6n3mk22y1e52q','cmtenmo5y2i0rn3mkn1jj8rr4','SUB-ABT-01','TL-220','transmission',0.62,1361.0,1788024513453);
INSERT INTO "twin_relationships" VALUES('cmtenmobx2id7n3mkx38rshh7','cmtenmo5y2i0rn3mkn1jj8rr4','TL-220','SUB-ABT-02','transmission',1.0,1361.0,1788024513453);
INSERT INTO "twin_relationships" VALUES('cmtenmobx2id8n3mkq0m2zesq','cmtenmo5y2i0rn3mkn1jj8rr4','SUB-ABT-02','TL-221','transmission',0.569,1892.0,1788024513453);
INSERT INTO "twin_relationships" VALUES('cmtenmobx2id9n3mkifs0pxbk','cmtenmo5y2i0rn3mkn1jj8rr4','TL-221','SUB-ABT-01','transmission',1.0,1892.0,1788024513453);
INSERT INTO "twin_relationships" VALUES('cmtenmobx2idan3mkxainu31p','cmtenmo5y2i0rn3mkn1jj8rr4','SUB-ABT-01','T-214','distribution',0.05,63.0,1788024513453);
INSERT INTO "twin_relationships" VALUES('cmtenmobx2idbn3mk32ruhidz','cmtenmo5y2i0rn3mkn1jj8rr4','SUB-ABT-01','T-216','distribution',0.352,773.0,1788024513453);
INSERT INTO "twin_relationships" VALUES('cmtenmobx2idcn3mkeidso90s','cmtenmo5y2i0rn3mkn1jj8rr4','T-214','EV-709','service',1.0,129.0,1788024513453);
INSERT INTO "twin_relationships" VALUES('cmtenmobx2iddn3mkb7d2q05q','cmtenmo5y2i0rn3mkn1jj8rr4','T-216','IL-612','service',1.0,233.0,1788024513453);
INSERT INTO "twin_relationships" VALUES('cmtenmobx2iden3mkahnfmglu','cmtenmo5y2i0rn3mkn1jj8rr4','SUB-ABT-02','T-215','distribution',0.174,577.0,1788024513453);
INSERT INTO "twin_relationships" VALUES('cmtenmobx2idfn3mku9lxr0fl','cmtenmo5y2i0rn3mkn1jj8rr4','SUB-ABT-02','T-217','distribution',0.257,855.0,1788024513453);
INSERT INTO "twin_relationships" VALUES('cmtenmocg2idxn3mkzym8xj04','cmtenmo662i0sn3mkgzplthc7','BS-510','SUB-QSM-01','supply',1.0,208.0,1788024513473);
INSERT INTO "twin_relationships" VALUES('cmtenmocg2idyn3mkunqlox71','cmtenmo662i0sn3mkgzplthc7','PP-316','SUB-QSM-02','supply',1.0,2864.0,1788024513473);
INSERT INTO "twin_relationships" VALUES('cmtenmocg2idzn3mk2ug5rh72','cmtenmo662i0sn3mkgzplthc7','SF-411','SUB-QSM-01','supply',1.0,1079.0,1788024513473);
INSERT INTO "twin_relationships" VALUES('cmtenmoch2ie0n3mkjmcpc0pd','cmtenmo662i0sn3mkgzplthc7','SUB-QSM-01','TL-222','transmission',0.449,1604.0,1788024513473);
INSERT INTO "twin_relationships" VALUES('cmtenmoch2ie1n3mksbhkq1mm','cmtenmo662i0sn3mkgzplthc7','TL-222','SUB-QSM-02','transmission',1.0,1604.0,1788024513473);
INSERT INTO "twin_relationships" VALUES('cmtenmoch2ie2n3mke2zwxema','cmtenmo662i0sn3mkgzplthc7','SUB-QSM-02','TL-223','transmission',0.504,1494.0,1788024513473);
INSERT INTO "twin_relationships" VALUES('cmtenmoch2ie3n3mkmfpkpuqj','cmtenmo662i0sn3mkgzplthc7','TL-223','SUB-QSM-01','transmission',1.0,1494.0,1788024513473);
INSERT INTO "twin_relationships" VALUES('cmtenmoch2ie4n3mklrf4fqfi','cmtenmo662i0sn3mkgzplthc7','SUB-QSM-01','T-218','distribution',0.05,63.0,1788024513473);
INSERT INTO "twin_relationships" VALUES('cmtenmoch2ie5n3mkhpg5uv3e','cmtenmo662i0sn3mkgzplthc7','SUB-QSM-01','T-220','distribution',0.184,658.0,1788024513473);
INSERT INTO "twin_relationships" VALUES('cmtenmoch2ie6n3mkw9xdgt7r','cmtenmo662i0sn3mkgzplthc7','SUB-QSM-01','T-222','distribution',0.174,621.0,1788024513473);
INSERT INTO "twin_relationships" VALUES('cmtenmoch2ie7n3mkvyahtuyv','cmtenmo662i0sn3mkgzplthc7','SUB-QSM-01','T-224','distribution',0.175,625.0,1788024513473);
INSERT INTO "twin_relationships" VALUES('cmtenmoch2ie8n3mkxx6ae8wq','cmtenmo662i0sn3mkgzplthc7','T-218','EV-710','service',1.0,200.0,1788024513473);
INSERT INTO "twin_relationships" VALUES('cmtenmoch2ie9n3mkt8rdguc7','cmtenmo662i0sn3mkgzplthc7','T-220','IL-613','service',1.0,180.0,1788024513473);
INSERT INTO "twin_relationships" VALUES('cmtenmoch2iean3mk6vtnexdd','cmtenmo662i0sn3mkgzplthc7','SUB-QSM-02','T-219','distribution',0.181,535.0,1788024513473);
INSERT INTO "twin_relationships" VALUES('cmtenmoch2iebn3mkd3zmug8c','cmtenmo662i0sn3mkgzplthc7','SUB-QSM-02','T-221','distribution',0.166,493.0,1788024513473);
INSERT INTO "twin_relationships" VALUES('cmtenmoch2iecn3mkjr0zxgxr','cmtenmo662i0sn3mkgzplthc7','SUB-QSM-02','T-223','distribution',0.149,441.0,1788024513473);
INSERT INTO "twin_relationships" VALUES('cmtenmoch2iedn3mkpmg31kbx','cmtenmo662i0sn3mkgzplthc7','T-219','IL-614','service',1.0,180.0,1788024513473);
INSERT INTO "twin_relationships" VALUES('cmtenmocy2ienn3mk4945iyng','cmtenmo6d2i0tn3mkblp4qc4z','BS-501','SUB-RYD-01','supply',1.0,1090.0,1788024513490);
INSERT INTO "twin_relationships" VALUES('cmtenmocy2ieon3mkm1srfau8','cmtenmo6d2i0tn3mkblp4qc4z','SUB-RYD-01','TL-201','transmission',0.489,1681.0,1788024513490);
INSERT INTO "twin_relationships" VALUES('cmtenmocy2iepn3mkq0n1zkds','cmtenmo6d2i0tn3mkblp4qc4z','SUB-RYD-01','T-108','distribution',0.05,63.0,1788024513490);
INSERT INTO "twin_relationships" VALUES('cmtenmocy2ieqn3mkqnj3obfw','cmtenmo6d2i0tn3mkblp4qc4z','SUB-RYD-01','T-113','distribution',0.176,606.0,1788024513490);
INSERT INTO "twin_relationships" VALUES('cmtenmocy2iern3mkpj5brigx','cmtenmo6d2i0tn3mkblp4qc4z','SUB-RYD-01','T-124','distribution',0.175,601.0,1788024513490);
INSERT INTO "twin_relationships" VALUES('cmtenmocy2iesn3mkgkssu2oe','cmtenmo6d2i0tn3mkblp4qc4z','SUB-RYD-01','T-135','distribution',0.142,488.0,1788024513490);
INSERT INTO "twin_relationships" VALUES('cmtenmocy2ietn3mkuywrghd4','cmtenmo6d2i0tn3mkblp4qc4z','T-108','EV-701','service',1.0,1088.0,1788024513490);
INSERT INTO "twin_relationships" VALUES('cmtenmocy2ieun3mkzbirqmqp','cmtenmo6d2i0tn3mkblp4qc4z','T-113','IL-601','service',1.0,1959.0,1788024513490);
INSERT INTO "twin_relationships" VALUES('cmtenmode2ieyn3mk6ika7n5v','cmtenmo6l2i0vn3mko79viqj4','SUB-RYD-01','T-108','distribution',0.05,63.0,1788024513507);
INSERT INTO "twin_relationships" VALUES('cmtenmode2iezn3mklgi3uik4','cmtenmo6l2i0vn3mko79viqj4','T-108','EV-701','service',1.0,1088.0,1788024513507);
CREATE TABLE "twin_scenarios" (
    "id" TEXT NOT NULL PRIMARY KEY,
    "code" TEXT NOT NULL,
    "twinId" TEXT NOT NULL,
    "name" TEXT NOT NULL,
    "nameAr" TEXT NOT NULL,
    "description" TEXT NOT NULL DEFAULT '',
    "descriptionAr" TEXT NOT NULL DEFAULT '',
    "origin" TEXT NOT NULL DEFAULT 'manual',
    "regionCode" TEXT,
    "durationMin" INTEGER NOT NULL DEFAULT 120,
    "isPreset" BOOLEAN NOT NULL DEFAULT false,
    "createdById" TEXT,
    "createdAt" DATETIME NOT NULL DEFAULT CURRENT_TIMESTAMP,
    CONSTRAINT "twin_scenarios_twinId_fkey" FOREIGN KEY ("twinId") REFERENCES "digital_twins" ("id") ON DELETE CASCADE ON UPDATE CASCADE
);
INSERT INTO "twin_scenarios" VALUES('cmtenmoox2iiqn3mkfhy6d9w5','SCN-RIYADH-HEAT-WAVE','cmtenmo402i0in3mk2mt18zak','Riyadh heat wave','موجة حر في الرياض','Ambient temperature climbs well past the seasonal normal across a summer afternoon.','ترتفع الحرارة المحيطة كثيرًا فوق المعدل الموسمي خلال فترة بعد الظهر الصيفية.','manual','RYD',240,1,'cmtenmb4300arn3mkv2i7qzxq',1788024513922);
INSERT INTO "twin_scenarios" VALUES('cmtenmopd2iiun3mk4raojasd','SCN-JEDDAH-DEMAND-SURGE','cmtenmo402i0in3mk2mt18zak','Jeddah demand surge','قفزة طلب في جدة','An unscheduled industrial block comes online during the evening ramp.','دخول كتلة أحمال صناعية غير مجدولة أثناء ارتفاع المساء.','manual','JED',180,1,'cmtenmb4300arn3mkv2i7qzxq',1788024513937);
INSERT INTO "twin_scenarios" VALUES('cmtenmops2iixn3mk7yd46lat','SCN-RENEWABLE-DROP','cmtenmo402i0in3mk2mt18zak','Renewable drop','انخفاض المتجددة','Cloud cover cuts solar output sharply while wind falls away at the same time.','يقطع الغطاء السحابي الإنتاج الشمسي بحدة بينما تهدأ الرياح في الوقت نفسه.','manual',NULL,120,1,'cmtenmb4300arn3mkv2i7qzxq',1788024513952);
INSERT INTO "twin_scenarios" VALUES('cmtenmoq82ij1n3mkh7q36quq','SCN-TRANSFORMER-THERMAL-STRESS','cmtenmo402i0in3mk2mt18zak','Transformer thermal stress','إجهاد حراري على محول','Heat and loading combine on one unit until its thermal margin is gone.','تتضافر الحرارة والتحميل على وحدة واحدة حتى يزول هامشها الحراري.','manual','RYD',150,1,'cmtenmb4300arn3mkv2i7qzxq',1788024513968);
INSERT INTO "twin_scenarios" VALUES('cmtenmoqv2ij5n3mkyaz08gam','SCN-TRANSMISSION-CONSTRAINT','cmtenmo402i0in3mk2mt18zak','Transmission constraint','قيد على النقل','A transmission circuit is unavailable while regional demand is already high.','خروج دائرة نقل عن الخدمة بينما الطلب الإقليمي مرتفع أصلًا.','manual','RYD',120,1,'cmtenmb4300arn3mkv2i7qzxq',1788024513991);
INSERT INTO "twin_scenarios" VALUES('cmtenmorh2ij9n3mklb1jhnrg','SCN-BATTERY-SUPPORT','cmtenmo402i0in3mk2mt18zak','Battery support','دعم البطاريات','Peak demand met from storage rather than from the transformer fleet.','تغطية ذروة الطلب من التخزين بدلًا من أسطول المحولات.','manual','RYD',90,1,'cmtenmb4300arn3mkv2i7qzxq',1788024514013);
INSERT INTO "twin_scenarios" VALUES('cmtenmorz2ijdn3mkdx36910w','SCN-MULTI-EVENT-CASCADE','cmtenmo402i0in3mk2mt18zak','Multi-event cascade','انتشار متعدد الأحداث','Heat, demand and a renewable shortfall arrive together — the case planners lose sleep over.','الحرارة والطلب ونقص المتجددة تصل معًا — الحالة التي تقلق المخططين.','manual','RYD',240,1,'cmtenmb4300arn3mkv2i7qzxq',1788024514032);
INSERT INTO "twin_scenarios" VALUES('cmtenmosi2ijin3mkyltifp7c','SCN-WEAK-SIGNAL-EVENT','cmtenmo402i0in3mk2mt18zak','Weak signal event','حدث إشارات ضعيفة','Every channel drifts a little and nothing trips — the pattern only exists in combination.','تنحرف كل قناة قليلًا ولا يتحرك أي إنذار — النمط لا يوجد إلا مجتمعًا.','manual','RYD',180,1,'cmtenmb4300arn3mkv2i7qzxq',1788024514050);
INSERT INTO "twin_scenarios" VALUES('cmtenmot32ijmn3mkj73pos2m','SCN-HIDDEN-FAILURE','cmtenmo402i0in3mk2mt18zak','Hidden failure','عطل خفي','A unit already carrying more than it should, with the fleet unaware of it.','وحدة تحمل أكثر مما ينبغي بالفعل، والأسطول غير منتبه لها.','manual','RYD',120,1,'cmtenmb4300arn3mkv2i7qzxq',1788024514071);
INSERT INTO "twin_scenarios" VALUES('cmtenmotm2ijqn3mk99it28uh','SCN-RECOVERY-SCENARIO','cmtenmo402i0in3mk2mt18zak','Recovery scenario','سيناريو التعافي','The disturbance passes; the question is how quickly the grid comes back.','يمر الاضطراب؛ والسؤال هو كم يستغرق تعافي الشبكة.','manual','RYD',300,1,'cmtenmb4300arn3mkv2i7qzxq',1788024514090);
CREATE TABLE "twin_sensor_bindings" (
    "id" TEXT NOT NULL PRIMARY KEY,
    "twinId" TEXT NOT NULL,
    "assetCode" TEXT NOT NULL,
    "sensorId" TEXT,
    "sensorCode" TEXT NOT NULL,
    "channel" TEXT NOT NULL,
    "unit" TEXT NOT NULL DEFAULT '',
    "offsetX" REAL NOT NULL DEFAULT 0,
    "offsetY" REAL NOT NULL DEFAULT 0,
    "offsetZ" REAL NOT NULL DEFAULT 0,
    "isPrimary" BOOLEAN NOT NULL DEFAULT false,
    "createdAt" DATETIME NOT NULL DEFAULT CURRENT_TIMESTAMP,
    CONSTRAINT "twin_sensor_bindings_sensorId_fkey" FOREIGN KEY ("sensorId") REFERENCES "sensors" ("id") ON DELETE SET NULL ON UPDATE CASCADE
);
INSERT INTO "twin_sensor_bindings" VALUES('cmtenmoe12if0n3mk45ajv3xa','cmtenmo6d2i0tn3mkblp4qc4z','BS-501','cmtenmdfo027rn3mkjt0rpboh','BS-501-VOLT-1','voltage','kV',2.2,1.4,0.0,0,1788024513529);
INSERT INTO "twin_sensor_bindings" VALUES('cmtenmoe12if1n3mks1elzjyb','cmtenmo6d2i0tn3mkblp4qc4z','BS-501','cmtenmdfo027sn3mkenw7ux99','BS-501-CURR-2','current','A',2.18,2.0,0.31,0,1788024513529);
INSERT INTO "twin_sensor_bindings" VALUES('cmtenmoe12if2n3mkzx4350iw','cmtenmo6d2i0tn3mkblp4qc4z','BS-501','cmtenmdfo027tn3mkaj2fgwo9','BS-501-LOAD-3','load','%',2.11,2.6,0.61,1,1788024513529);
INSERT INTO "twin_sensor_bindings" VALUES('cmtenmoe12if3n3mkf19f1187','cmtenmo6d2i0tn3mkblp4qc4z','BS-501','cmtenmdfo027un3mklwdo9u0x','BS-501-TEMP-4','temperature','°C',2.01,1.4,0.89,1,1788024513529);
INSERT INTO "twin_sensor_bindings" VALUES('cmtenmoe22if4n3mk5qstvv57','cmtenmo6d2i0tn3mkblp4qc4z','EV-701','cmtenmdfo027zn3mk0vrmfps6','EV-701-VOLT-1','voltage','kV',1.87,2.0,1.17,0,1788024513529);
INSERT INTO "twin_sensor_bindings" VALUES('cmtenmoe22if5n3mkes28hqb0','cmtenmo6d2i0tn3mkblp4qc4z','EV-701','cmtenmdfo0280n3mkqtziha62','EV-701-CURR-2','current','A',1.69,2.6,1.41,0,1788024513529);
INSERT INTO "twin_sensor_bindings" VALUES('cmtenmoe22if6n3mkyoblk9z3','cmtenmo6d2i0tn3mkblp4qc4z','EV-701','cmtenmdfo0281n3mk7aych4qy','EV-701-LOAD-3','load','%',1.47,1.4,1.63,1,1788024513529);
INSERT INTO "twin_sensor_bindings" VALUES('cmtenmoe22if7n3mk5v23mhrw','cmtenmo6d2i0tn3mkblp4qc4z','EV-701','cmtenmdfo0282n3mkv2z00ge8','EV-701-POWE-4','power_factor','',1.23,2.0,1.82,0,1788024513529);
INSERT INTO "twin_sensor_bindings" VALUES('cmtenmoe22if8n3mk1e8y6k7z','cmtenmo6d2i0tn3mkblp4qc4z','IL-601','cmtenmdfo027vn3mkoh6kviqx','IL-601-VOLT-1','voltage','kV',0.96,2.6,1.98,0,1788024513529);
INSERT INTO "twin_sensor_bindings" VALUES('cmtenmoe22if9n3mkrk9ek7h1','cmtenmo6d2i0tn3mkblp4qc4z','IL-601','cmtenmdfo027wn3mkytfxbhlq','IL-601-CURR-2','current','A',0.68,1.4,2.09,0,1788024513529);
INSERT INTO "twin_sensor_bindings" VALUES('cmtenmoe22ifan3mktgvqowm1','cmtenmo6d2i0tn3mkblp4qc4z','IL-601','cmtenmdfo027xn3mki7wyxggd','IL-601-LOAD-3','load','%',0.38,2.0,2.17,1,1788024513529);
INSERT INTO "twin_sensor_bindings" VALUES('cmtenmoe22ifbn3mk8psdqk80','cmtenmo6d2i0tn3mkblp4qc4z','IL-601','cmtenmdfo027yn3mki8mrm094','IL-601-POWE-4','power_factor','',0.08,2.6,2.2,0,1788024513529);
INSERT INTO "twin_sensor_bindings" VALUES('cmtenmoe22ifcn3mkzjexwlfl','cmtenmo6d2i0tn3mkblp4qc4z','SUB-RYD-01','cmtenmdfi01z9n3mkvbg8mhiy','SUB-RYD-01-VOLT-1','voltage','kV',-0.23,1.4,2.19,0,1788024513529);
INSERT INTO "twin_sensor_bindings" VALUES('cmtenmoe22ifdn3mk81b97t0d','cmtenmo6d2i0tn3mkblp4qc4z','SUB-RYD-01','cmtenmdfj01zan3mk4rhhnffi','SUB-RYD-01-CURR-2','current','A',-0.53,2.0,2.13,0,1788024513529);
INSERT INTO "twin_sensor_bindings" VALUES('cmtenmoe22ifen3mkzhc4z8t4','cmtenmo6d2i0tn3mkblp4qc4z','SUB-RYD-01','cmtenmdfj01zbn3mk4kus4pex','SUB-RYD-01-FREQ-3','frequency','Hz',-0.82,2.6,2.04,0,1788024513529);
INSERT INTO "twin_sensor_bindings" VALUES('cmtenmoe22iffn3mkluym9ebf','cmtenmo6d2i0tn3mkblp4qc4z','SUB-RYD-01','cmtenmdfj01zcn3mkcynewjx7','SUB-RYD-01-LOAD-4','load','%',-1.1,1.4,1.91,1,1788024513529);
INSERT INTO "twin_sensor_bindings" VALUES('cmtenmoe22ifgn3mkvsny31pp','cmtenmo6d2i0tn3mkblp4qc4z','SUB-RYD-01','cmtenmdfj01zdn3mk8pmlkgy8','SUB-RYD-01-TEMP-5','temperature','°C',-1.35,2.0,1.73,1,1788024513529);
INSERT INTO "twin_sensor_bindings" VALUES('cmtenmoe22ifhn3mkeaivd4aw','cmtenmo6d2i0tn3mkblp4qc4z','T-108','cmtenmdfj020sn3mkibm7giar','T-108-VOLT-1','voltage','kV',-1.58,2.6,1.53,0,1788024513529);
INSERT INTO "twin_sensor_bindings" VALUES('cmtenmoe22ifin3mk7p2857ic','cmtenmo6d2i0tn3mkblp4qc4z','T-108','cmtenmdfk020tn3mkgcwt6kbw','T-108-CURR-2','current','A',-1.78,1.4,1.29,0,1788024513529);
INSERT INTO "twin_sensor_bindings" VALUES('cmtenmoe22ifjn3mkej4b798o','cmtenmo6d2i0tn3mkblp4qc4z','T-108','cmtenmdfk020un3mktaox2mj0','T-108-TEMP-3','temperature','°C',-1.94,2.0,1.03,1,1788024513529);
INSERT INTO "twin_sensor_bindings" VALUES('cmtenmoe22ifkn3mkqd4gqfjv','cmtenmo6d2i0tn3mkblp4qc4z','T-108','cmtenmdfk020vn3mkw3wuqz4r','T-108-LOAD-4','load','%',-2.07,2.6,0.75,1,1788024513529);
INSERT INTO "twin_sensor_bindings" VALUES('cmtenmoe22ifln3mkvswf6yau','cmtenmo6d2i0tn3mkblp4qc4z','T-108','cmtenmdfk020wn3mkbdmmeg5p','T-108-POWE-5','power_factor','',-2.15,1.4,0.46,0,1788024513529);
INSERT INTO "twin_sensor_bindings" VALUES('cmtenmoe22ifmn3mkp75ezmcw','cmtenmo6d2i0tn3mkblp4qc4z','T-108','cmtenmdfk020xn3mknb6yydx2','T-108-THD-6','thd','%',-2.19,2.0,0.15,0,1788024513529);
INSERT INTO "twin_sensor_bindings" VALUES('cmtenmoe22ifnn3mkuuax04tg','cmtenmo6d2i0tn3mkblp4qc4z','T-113','cmtenmdfl022mn3mk713uejfe','T-113-VOLT-1','voltage','kV',-2.19,2.6,-0.15,0,1788024513529);
INSERT INTO "twin_sensor_bindings" VALUES('cmtenmoe32ifon3mkilqvwy7u','cmtenmo6d2i0tn3mkblp4qc4z','T-113','cmtenmdfl022nn3mkd7apryy5','T-113-CURR-2','current','A',-2.15,1.4,-0.46,0,1788024513529);
INSERT INTO "twin_sensor_bindings" VALUES('cmtenmoe32ifpn3mkdrygxxrk','cmtenmo6d2i0tn3mkblp4qc4z','T-113','cmtenmdfl022on3mk9co8pbkv','T-113-TEMP-3','temperature','°C',-2.07,2.0,-0.75,1,1788024513529);
INSERT INTO "twin_sensor_bindings" VALUES('cmtenmoe32ifqn3mk04784j5l','cmtenmo6d2i0tn3mkblp4qc4z','T-113','cmtenmdfl022pn3mklr3vh7rt','T-113-LOAD-4','load','%',-1.94,2.6,-1.03,1,1788024513529);
INSERT INTO "twin_sensor_bindings" VALUES('cmtenmoe32ifrn3mkdellknwv','cmtenmo6d2i0tn3mkblp4qc4z','T-113','cmtenmdfl022qn3mk1jgrrl6e','T-113-POWE-5','power_factor','',-1.78,1.4,-1.29,0,1788024513529);
INSERT INTO "twin_sensor_bindings" VALUES('cmtenmoe32ifsn3mkgl9v5dkr','cmtenmo6d2i0tn3mkblp4qc4z','T-113','cmtenmdfl022rn3mkbvb80aau','T-113-THD-6','thd','%',-1.58,2.0,-1.53,0,1788024513529);
INSERT INTO "twin_sensor_bindings" VALUES('cmtenmoe32iftn3mkongu36h6','cmtenmo6d2i0tn3mkblp4qc4z','T-124','cmtenmdfm024gn3mkfzn4uy4g','T-124-VOLT-1','voltage','kV',-1.35,2.6,-1.73,0,1788024513529);
INSERT INTO "twin_sensor_bindings" VALUES('cmtenmoe32ifun3mktn5q4ujq','cmtenmo6d2i0tn3mkblp4qc4z','T-124','cmtenmdfm024hn3mkvitts8v8','T-124-CURR-2','current','A',-1.1,1.4,-1.91,0,1788024513529);
INSERT INTO "twin_sensor_bindings" VALUES('cmtenmoe32ifvn3mk7iuyvshy','cmtenmo6d2i0tn3mkblp4qc4z','T-124','cmtenmdfm024in3mk66lf75d2','T-124-TEMP-3','temperature','°C',-0.82,2.0,-2.04,1,1788024513529);
INSERT INTO "twin_sensor_bindings" VALUES('cmtenmoe32ifwn3mkckofqe2x','cmtenmo6d2i0tn3mkblp4qc4z','T-124','cmtenmdfm024jn3mkz35b4v94','T-124-LOAD-4','load','%',-0.53,2.6,-2.13,1,1788024513529);
INSERT INTO "twin_sensor_bindings" VALUES('cmtenmoe32ifxn3mkmu8duw3w','cmtenmo6d2i0tn3mkblp4qc4z','T-124','cmtenmdfm024kn3mkd3wfitya','T-124-POWE-5','power_factor','',-0.23,1.4,-2.19,0,1788024513529);
INSERT INTO "twin_sensor_bindings" VALUES('cmtenmoe32ifyn3mk6rala5pe','cmtenmo6d2i0tn3mkblp4qc4z','T-124','cmtenmdfm024ln3mk5geovg3x','T-124-THD-6','thd','%',0.08,2.0,-2.2,0,1788024513529);
INSERT INTO "twin_sensor_bindings" VALUES('cmtenmoe32ifzn3mkqq2b3y3q','cmtenmo6d2i0tn3mkblp4qc4z','T-135','cmtenmdfn026an3mkd5shv2m9','T-135-VOLT-1','voltage','kV',0.38,2.6,-2.17,0,1788024513529);
INSERT INTO "twin_sensor_bindings" VALUES('cmtenmoe32ig0n3mko3r89x87','cmtenmo6d2i0tn3mkblp4qc4z','T-135','cmtenmdfn026bn3mkilg9ti1t','T-135-CURR-2','current','A',0.68,1.4,-2.09,0,1788024513529);
INSERT INTO "twin_sensor_bindings" VALUES('cmtenmoe32ig1n3mks1ltof77','cmtenmo6d2i0tn3mkblp4qc4z','T-135','cmtenmdfn026cn3mkwcc6yyiu','T-135-TEMP-3','temperature','°C',0.96,2.0,-1.98,1,1788024513529);
INSERT INTO "twin_sensor_bindings" VALUES('cmtenmoe32ig2n3mkw5k5x3rv','cmtenmo6d2i0tn3mkblp4qc4z','T-135','cmtenmdfn026dn3mk3nm5pzoc','T-135-LOAD-4','load','%',1.23,2.6,-1.82,1,1788024513529);
INSERT INTO "twin_sensor_bindings" VALUES('cmtenmoe32ig3n3mkmjfr354f','cmtenmo6d2i0tn3mkblp4qc4z','T-135','cmtenmdfn026en3mkzjkvrrez','T-135-POWE-5','power_factor','',1.47,1.4,-1.63,0,1788024513529);
INSERT INTO "twin_sensor_bindings" VALUES('cmtenmoe32ig4n3mkmem3lkeg','cmtenmo6d2i0tn3mkblp4qc4z','T-135','cmtenmdfn026fn3mkgwwp880k','T-135-THD-6','thd','%',1.69,2.0,-1.41,0,1788024513529);
INSERT INTO "twin_sensor_bindings" VALUES('cmtenmoe32ig5n3mkce3o6nbg','cmtenmo6d2i0tn3mkblp4qc4z','TL-201','cmtenmdfn026sn3mkoxmvuc83','TL-201-CURR-1','current','A',1.87,2.6,-1.17,0,1788024513529);
INSERT INTO "twin_sensor_bindings" VALUES('cmtenmoe32ig6n3mkq1grxu1h','cmtenmo6d2i0tn3mkblp4qc4z','TL-201','cmtenmdfn026tn3mkhabak8yo','TL-201-VOLT-2','voltage','kV',2.01,1.4,-0.89,0,1788024513529);
INSERT INTO "twin_sensor_bindings" VALUES('cmtenmoe32ig7n3mknflxl2fw','cmtenmo6d2i0tn3mkblp4qc4z','TL-201','cmtenmdfn026un3mk93u8k17t','TL-201-TEMP-3','temperature','°C',2.11,2.0,-0.61,1,1788024513529);
INSERT INTO "twin_sensor_bindings" VALUES('cmtenmoe32ig8n3mksjew0y34','cmtenmo6d2i0tn3mkblp4qc4z','TL-201','cmtenmdfn026vn3mkejcf8p4g','TL-201-LOAD-4','load','%',2.18,2.6,-0.31,1,1788024513529);
INSERT INTO "twin_sensor_bindings" VALUES('cmtenmoek2ig9n3mkf3gyvm11','cmtenmo6l2i0vn3mko79viqj4','T-108','cmtenmdfj020sn3mkibm7giar','T-108-VOLT-1','voltage','kV',2.2,1.4,0.0,0,1788024513548);
INSERT INTO "twin_sensor_bindings" VALUES('cmtenmoek2igan3mk9r9mlhvs','cmtenmo6l2i0vn3mko79viqj4','T-108','cmtenmdfk020tn3mkgcwt6kbw','T-108-CURR-2','current','A',2.13,2.0,0.57,0,1788024513548);
INSERT INTO "twin_sensor_bindings" VALUES('cmtenmoek2igbn3mkgcxfr5z6','cmtenmo6l2i0vn3mko79viqj4','T-108','cmtenmdfk020un3mktaox2mj0','T-108-TEMP-3','temperature','°C',1.91,2.6,1.1,1,1788024513548);
INSERT INTO "twin_sensor_bindings" VALUES('cmtenmoek2igcn3mkygggjyr0','cmtenmo6l2i0vn3mko79viqj4','T-108','cmtenmdfk020vn3mkw3wuqz4r','T-108-LOAD-4','load','%',1.56,1.4,1.56,1,1788024513548);
INSERT INTO "twin_sensor_bindings" VALUES('cmtenmoek2igdn3mk0f5n7y4k','cmtenmo6l2i0vn3mko79viqj4','T-108','cmtenmdfk020wn3mkbdmmeg5p','T-108-POWE-5','power_factor','',1.1,2.0,1.91,0,1788024513548);
INSERT INTO "twin_sensor_bindings" VALUES('cmtenmoek2igen3mk84pqocg4','cmtenmo6l2i0vn3mko79viqj4','T-108','cmtenmdfk020xn3mknb6yydx2','T-108-THD-6','thd','%',0.57,2.6,2.13,0,1788024513548);
INSERT INTO "twin_sensor_bindings" VALUES('cmtenmoek2igfn3mkuf3pnw3o','cmtenmo6l2i0vn3mko79viqj4','T-113','cmtenmdfl022mn3mk713uejfe','T-113-VOLT-1','voltage','kV',0.0,1.4,2.2,0,1788024513548);
INSERT INTO "twin_sensor_bindings" VALUES('cmtenmoek2iggn3mk4134thfv','cmtenmo6l2i0vn3mko79viqj4','T-113','cmtenmdfl022nn3mkd7apryy5','T-113-CURR-2','current','A',-0.57,2.0,2.13,0,1788024513548);
INSERT INTO "twin_sensor_bindings" VALUES('cmtenmoek2ighn3mkotlda71d','cmtenmo6l2i0vn3mko79viqj4','T-113','cmtenmdfl022on3mk9co8pbkv','T-113-TEMP-3','temperature','°C',-1.1,2.6,1.91,1,1788024513548);
INSERT INTO "twin_sensor_bindings" VALUES('cmtenmoek2igin3mk0m9yl1pq','cmtenmo6l2i0vn3mko79viqj4','T-113','cmtenmdfl022pn3mklr3vh7rt','T-113-LOAD-4','load','%',-1.56,1.4,1.56,1,1788024513548);
INSERT INTO "twin_sensor_bindings" VALUES('cmtenmoek2igjn3mk3nxhhj7u','cmtenmo6l2i0vn3mko79viqj4','T-113','cmtenmdfl022qn3mk1jgrrl6e','T-113-POWE-5','power_factor','',-1.91,2.0,1.1,0,1788024513548);
INSERT INTO "twin_sensor_bindings" VALUES('cmtenmoek2igkn3mkpw2tngcb','cmtenmo6l2i0vn3mko79viqj4','T-113','cmtenmdfl022rn3mkbvb80aau','T-113-THD-6','thd','%',-2.13,2.6,0.57,0,1788024513548);
INSERT INTO "twin_sensor_bindings" VALUES('cmtenmoek2igln3mkvf1s0daz','cmtenmo6l2i0vn3mko79viqj4','T-124','cmtenmdfm024gn3mkfzn4uy4g','T-124-VOLT-1','voltage','kV',-2.2,1.4,0.0,0,1788024513548);
INSERT INTO "twin_sensor_bindings" VALUES('cmtenmoek2igmn3mkyf3dyywv','cmtenmo6l2i0vn3mko79viqj4','T-124','cmtenmdfm024hn3mkvitts8v8','T-124-CURR-2','current','A',-2.13,2.0,-0.57,0,1788024513548);
INSERT INTO "twin_sensor_bindings" VALUES('cmtenmoek2ignn3mkmypj04x0','cmtenmo6l2i0vn3mko79viqj4','T-124','cmtenmdfm024in3mk66lf75d2','T-124-TEMP-3','temperature','°C',-1.91,2.6,-1.1,1,1788024513548);
INSERT INTO "twin_sensor_bindings" VALUES('cmtenmoel2igon3mkv4mjemoz','cmtenmo6l2i0vn3mko79viqj4','T-124','cmtenmdfm024jn3mkz35b4v94','T-124-LOAD-4','load','%',-1.56,1.4,-1.56,1,1788024513548);
INSERT INTO "twin_sensor_bindings" VALUES('cmtenmoel2igpn3mks42imdob','cmtenmo6l2i0vn3mko79viqj4','T-124','cmtenmdfm024kn3mkd3wfitya','T-124-POWE-5','power_factor','',-1.1,2.0,-1.91,0,1788024513548);
INSERT INTO "twin_sensor_bindings" VALUES('cmtenmoel2igqn3mkh0n0lhfb','cmtenmo6l2i0vn3mko79viqj4','T-124','cmtenmdfm024ln3mk5geovg3x','T-124-THD-6','thd','%',-0.57,2.6,-2.13,0,1788024513548);
INSERT INTO "twin_sensor_bindings" VALUES('cmtenmoel2igrn3mkc0crfllk','cmtenmo6l2i0vn3mko79viqj4','T-135','cmtenmdfn026an3mkd5shv2m9','T-135-VOLT-1','voltage','kV',0.0,1.4,-2.2,0,1788024513548);
INSERT INTO "twin_sensor_bindings" VALUES('cmtenmoel2igsn3mkv45r11no','cmtenmo6l2i0vn3mko79viqj4','T-135','cmtenmdfn026bn3mkilg9ti1t','T-135-CURR-2','current','A',0.57,2.0,-2.13,0,1788024513548);
INSERT INTO "twin_sensor_bindings" VALUES('cmtenmoel2igtn3mkjjjmt10u','cmtenmo6l2i0vn3mko79viqj4','T-135','cmtenmdfn026cn3mkwcc6yyiu','T-135-TEMP-3','temperature','°C',1.1,2.6,-1.91,1,1788024513548);
INSERT INTO "twin_sensor_bindings" VALUES('cmtenmoel2igun3mk4p0k4r90','cmtenmo6l2i0vn3mko79viqj4','T-135','cmtenmdfn026dn3mk3nm5pzoc','T-135-LOAD-4','load','%',1.56,1.4,-1.56,1,1788024513548);
INSERT INTO "twin_sensor_bindings" VALUES('cmtenmoel2igvn3mkpoyz1usf','cmtenmo6l2i0vn3mko79viqj4','T-135','cmtenmdfn026en3mkzjkvrrez','T-135-POWE-5','power_factor','',1.91,2.0,-1.1,0,1788024513548);
INSERT INTO "twin_sensor_bindings" VALUES('cmtenmoel2igwn3mkopzt6yyf','cmtenmo6l2i0vn3mko79viqj4','T-135','cmtenmdfn026fn3mkgwwp880k','T-135-THD-6','thd','%',2.13,2.6,-0.57,0,1788024513548);
CREATE TABLE "twin_simulations" (
    "id" TEXT NOT NULL PRIMARY KEY,
    "code" TEXT NOT NULL,
    "twinId" TEXT NOT NULL,
    "snapshotId" TEXT,
    "scenarioId" TEXT,
    "kind" TEXT NOT NULL DEFAULT 'scenario',
    "status" TEXT NOT NULL DEFAULT 'completed',
    "startedAt" DATETIME NOT NULL DEFAULT CURRENT_TIMESTAMP,
    "finishedAt" DATETIME,
    "durationMs" INTEGER NOT NULL DEFAULT 0,
    "horizonMin" INTEGER NOT NULL DEFAULT 180,
    "riskBefore" REAL NOT NULL DEFAULT 0,
    "riskAfter" REAL NOT NULL DEFAULT 0,
    "stabilityBefore" REAL NOT NULL DEFAULT 0,
    "stabilityAfter" REAL NOT NULL DEFAULT 0,
    "assetsAffected" INTEGER NOT NULL DEFAULT 0,
    "downtimeMin" INTEGER NOT NULL DEFAULT 0,
    "summary" TEXT NOT NULL DEFAULT '',
    "summaryAr" TEXT NOT NULL DEFAULT '',
    "resultJson" TEXT NOT NULL DEFAULT '',
    "isShared" BOOLEAN NOT NULL DEFAULT false,
    "createdById" TEXT,
    "createdAt" DATETIME NOT NULL DEFAULT CURRENT_TIMESTAMP,
    CONSTRAINT "twin_simulations_twinId_fkey" FOREIGN KEY ("twinId") REFERENCES "digital_twins" ("id") ON DELETE CASCADE ON UPDATE CASCADE,
    CONSTRAINT "twin_simulations_snapshotId_fkey" FOREIGN KEY ("snapshotId") REFERENCES "twin_snapshots" ("id") ON DELETE SET NULL ON UPDATE CASCADE
);
CREATE TABLE "twin_snapshots" (
    "id" TEXT NOT NULL PRIMARY KEY,
    "code" TEXT NOT NULL,
    "twinId" TEXT NOT NULL,
    "ts" DATETIME NOT NULL,
    "reason" TEXT NOT NULL DEFAULT 'pre_simulation',
    "assetCount" INTEGER NOT NULL DEFAULT 0,
    "totalLoadMw" REAL NOT NULL DEFAULT 0,
    "stabilityIndex" REAL NOT NULL DEFAULT 0,
    "peakRisk" REAL NOT NULL DEFAULT 0,
    "ambientC" REAL NOT NULL DEFAULT 0,
    "renewableMw" REAL NOT NULL DEFAULT 0,
    "perturbation" TEXT NOT NULL DEFAULT '',
    "stateJson" TEXT NOT NULL DEFAULT '',
    "createdById" TEXT,
    "createdAt" DATETIME NOT NULL DEFAULT CURRENT_TIMESTAMP,
    CONSTRAINT "twin_snapshots_twinId_fkey" FOREIGN KEY ("twinId") REFERENCES "digital_twins" ("id") ON DELETE CASCADE ON UPDATE CASCADE
);
CREATE TABLE "twin_states" (
    "id" TEXT NOT NULL PRIMARY KEY,
    "twinId" TEXT NOT NULL,
    "assetCode" TEXT NOT NULL,
    "ts" DATETIME NOT NULL,
    "source" TEXT NOT NULL DEFAULT 'live',
    "loadPct" REAL NOT NULL DEFAULT 0,
    "loadMw" REAL NOT NULL DEFAULT 0,
    "tempC" REAL NOT NULL DEFAULT 0,
    "voltageKv" REAL NOT NULL DEFAULT 0,
    "healthScore" REAL NOT NULL DEFAULT 0,
    "riskScore" REAL NOT NULL DEFAULT 0,
    "state" TEXT NOT NULL DEFAULT 'normal',
    "createdAt" DATETIME NOT NULL DEFAULT CURRENT_TIMESTAMP,
    CONSTRAINT "twin_states_twinId_fkey" FOREIGN KEY ("twinId") REFERENCES "digital_twins" ("id") ON DELETE CASCADE ON UPDATE CASCADE
);
CREATE TABLE "twin_verifications" (
    "id" TEXT NOT NULL PRIMARY KEY,
    "code" TEXT NOT NULL,
    "twinId" TEXT NOT NULL,
    "assetCode" TEXT NOT NULL,
    "horizonMin" INTEGER NOT NULL DEFAULT 30,
    "predictionId" TEXT,
    "modelVersion" TEXT NOT NULL DEFAULT '',
    "twinVersion" TEXT NOT NULL DEFAULT '',
    "snapshotCode" TEXT NOT NULL DEFAULT '',
    "dataSnapshotId" TEXT NOT NULL DEFAULT '',
    "predictedAt" DATETIME NOT NULL,
    "horizonAt" DATETIME NOT NULL,
    "observedAt" DATETIME,
    "status" TEXT NOT NULL DEFAULT 'pending',
    "predictedRisk" REAL NOT NULL DEFAULT 0,
    "observedRisk" REAL,
    "predictedConfidence" REAL NOT NULL DEFAULT 0,
    "meanAbsError" REAL,
    "worstChannel" TEXT,
    "worstError" REAL,
    "bias" REAL,
    "withinInterval" BOOLEAN,
    "fidelityBefore" REAL NOT NULL DEFAULT 0,
    "fidelityAfter" REAL,
    "createdAt" DATETIME NOT NULL DEFAULT CURRENT_TIMESTAMP,
    CONSTRAINT "twin_verifications_twinId_fkey" FOREIGN KEY ("twinId") REFERENCES "digital_twins" ("id") ON DELETE CASCADE ON UPDATE CASCADE
);
INSERT INTO "twin_verifications" VALUES('cmtenmoul2ik4n3mkms4vmain','VER-T-106-0','cmtenmo6d2i0tn3mkblp4qc4z','T-106',15,NULL,'Composite Risk Engine 2.4.0','TWIN-SITE-SS-RYD-01','','T-106@1786814893612',1786814893612,1786815793612,1786815793612,'verified',14.3,12.5,88.9,1.303,'risk',14.4,5.76,0,82.0,82.0,1788024514126);
INSERT INTO "twin_verifications" VALUES('cmtenmouz2ik9n3mk63pl2e4u','VER-T-106-1','cmtenmo6d2i0tn3mkblp4qc4z','T-106',30,NULL,'Composite Risk Engine 2.4.0','TWIN-SITE-SS-RYD-01','','T-106@1786935853612',1786935853612,1786937653612,1786937653612,'verified',0.4,0.4,85.0,0.543,'tempC',2.45,-1.35,1,82.0,82.8,1788024514139);
INSERT INTO "twin_verifications" VALUES('cmtenmovb2iken3mk9grg8wj0','VER-T-106-2','cmtenmo6d2i0tn3mkblp4qc4z','T-106',60,NULL,'Composite Risk Engine 2.4.0','TWIN-SITE-SS-RYD-01','','T-106@1787056813612',1787056813612,1787060413612,1787060413612,'verified',47.1,43.3,79.3,2.493,'risk',8.78,4.28,1,82.8,83.1,1788024514152);
INSERT INTO "twin_verifications" VALUES('cmtenmovo2ikjn3mkjn63q6hg','VER-T-106-3','cmtenmo6d2i0tn3mkblp4qc4z','T-106',15,NULL,'Composite Risk Engine 2.4.0','TWIN-SITE-SS-RYD-01','','T-106@1787177773612',1787177773612,1787178673612,1787178673612,'verified',0.4,0.4,88.2,0.07,'tempC',0.51,0.17,1,83.1,83.9,1788024514164);
INSERT INTO "twin_verifications" VALUES('cmtenmovy2ikon3mk8y83c9i7','VER-T-106-4','cmtenmo6d2i0tn3mkblp4qc4z','T-106',30,NULL,'Composite Risk Engine 2.4.0','TWIN-SITE-SS-RYD-01','','T-106@1787298733612',1787298733612,1787300533612,1787300533612,'verified',5.9,8.6,83.3,2.02,'risk',31.4,-12.07,0,83.9,81.8,1788024514174);
INSERT INTO "twin_verifications" VALUES('cmtenmow92iktn3mkdi5zbt63','VER-T-106-5','cmtenmo6d2i0tn3mkblp4qc4z','T-106',60,NULL,'Composite Risk Engine 2.4.0','TWIN-SITE-SS-RYD-01','','T-106@1787419693612',1787419693612,1787423293612,1787423293612,'verified',6.3,2.5,79.7,3.737,'risk',152.0,54.45,0,81.8,79.7,1788024514186);
INSERT INTO "twin_verifications" VALUES('cmtenmowk2ikyn3mkiyaxbtq5','VER-T-106-6','cmtenmo6d2i0tn3mkblp4qc4z','T-106',15,NULL,'Composite Risk Engine 2.4.0','TWIN-SITE-SS-RYD-01','','T-106@1787540653612',1787540653612,1787541553612,1787541553612,'verified',0.4,0.4,85.9,0.247,'tempC',1.22,-0.65,1,79.7,80.5,1788024514197);
INSERT INTO "twin_verifications" VALUES('cmtenmowt2il3n3mkbjhjtd4f','VER-T-106-7','cmtenmo6d2i0tn3mkblp4qc4z','T-106',30,NULL,'Composite Risk Engine 2.4.0','TWIN-SITE-SS-RYD-01','','T-106@1787661613612',1787661613612,1787663413612,1787663413612,'verified',44.8,43.2,88.0,1.037,'risk',3.7,1.79,1,80.5,81.3,1788024514206);
INSERT INTO "twin_verifications" VALUES('cmtenmox32il8n3mkxdlw55jt','VER-T-106-8','cmtenmo6d2i0tn3mkblp4qc4z','T-106',60,NULL,'Composite Risk Engine 2.4.0','TWIN-SITE-SS-RYD-01','','T-106@1787886253612',1787886253612,1787889853612,1787889853612,'verified',0.5,0.5,84.2,0.573,'tempC',4.36,-1.45,1,81.3,82.1,1788024514215);
INSERT INTO "twin_verifications" VALUES('cmtenmoxd2ildn3mkzh96eukr','VER-T-106-9','cmtenmo6d2i0tn3mkblp4qc4z','T-106',15,NULL,'Composite Risk Engine 2.4.0','TWIN-SITE-SS-RYD-01','','T-106@1787946733612',1787946733612,1787947633612,1787947633612,'verified',0.5,0.5,90.0,0.383,'tempC',1.4,0.73,1,82.1,82.9,1788024514225);
INSERT INTO "twin_verifications" VALUES('cmtenmoxn2ilin3mkjq0iv1jh','VER-T-121-0','cmtenmo6d2i0tn3mkblp4qc4z','T-121',15,NULL,'Composite Risk Engine 2.4.0','TWIN-SITE-SS-RYD-01','','T-121@1786814893612',1786814893612,1786815793612,1786815793612,'verified',10.3,8.6,88.4,1.263,'risk',19.77,7.55,0,82.9,82.1,1788024514236);
INSERT INTO "twin_verifications" VALUES('cmtenmoxy2ilnn3mk1idlkwf1','VER-T-121-1','cmtenmo6d2i0tn3mkblp4qc4z','T-121',30,NULL,'Composite Risk Engine 2.4.0','TWIN-SITE-SS-RYD-01','','T-121@1786935853612',1786935853612,1786937653612,1786937653612,'verified',0.4,0.4,85.0,0.74,'tempC',2.46,-1.35,1,82.1,82.9,1788024514246);
INSERT INTO "twin_verifications" VALUES('cmtenmoy82ilsn3mkyowxbloc','VER-T-121-2','cmtenmo6d2i0tn3mkblp4qc4z','T-121',60,NULL,'Composite Risk Engine 2.4.0','TWIN-SITE-SS-RYD-01','','T-121@1787056813612',1787056813612,1787060413612,1787060413612,'verified',40.4,38.3,79.4,1.953,'risk',5.48,3.2,1,82.9,83.5,1788024514256);
INSERT INTO "twin_verifications" VALUES('cmtenmoyi2ilxn3mki6ncrq77','VER-T-121-3','cmtenmo6d2i0tn3mkblp4qc4z','T-121',15,NULL,'Composite Risk Engine 2.4.0','TWIN-SITE-SS-RYD-01','','T-121@1787177773612',1787177773612,1787178673612,1787178673612,'verified',0.4,0.4,88.1,0.067,'tempC',0.47,0.16,1,83.5,84.3,1788024514266);
INSERT INTO "twin_verifications" VALUES('cmtenmoyr2im2n3mketrvc6e9','VER-T-121-4','cmtenmo6d2i0tn3mkblp4qc4z','T-121',30,NULL,'Composite Risk Engine 2.4.0','TWIN-SITE-SS-RYD-01','','T-121@1787298733612',1787298733612,1787300533612,1787300533612,'verified',15.7,19.0,84.0,2.387,'risk',17.37,-7.42,0,84.3,83.5,1788024514275);
INSERT INTO "twin_verifications" VALUES('cmtenmoz12im7n3mko0pd17s6','VER-T-121-5','cmtenmo6d2i0tn3mkblp4qc4z','T-121',60,NULL,'Composite Risk Engine 2.4.0','TWIN-SITE-SS-RYD-01','','T-121@1787419693612',1787419693612,1787423293612,1787423293612,'verified',3.7,1.1,79.0,3.29,'risk',236.36,82.58,0,83.5,81.4,1788024514285);
INSERT INTO "twin_verifications" VALUES('cmtenmozc2imcn3mk0bhnaydm','VER-T-121-6','cmtenmo6d2i0tn3mkblp4qc4z','T-121',15,NULL,'Composite Risk Engine 2.4.0','TWIN-SITE-SS-RYD-01','','T-121@1787540653612',1787540653612,1787541553612,1787541553612,'verified',0.4,0.4,86.3,0.323,'tempC',1.19,-0.64,1,81.4,82.2,1788024514297);
INSERT INTO "twin_verifications" VALUES('cmtenmozl2imhn3mk3b59xefb','VER-T-121-7','cmtenmo6d2i0tn3mkblp4qc4z','T-121',30,NULL,'Composite Risk Engine 2.4.0','TWIN-SITE-SS-RYD-01','','T-121@1787661613612',1787661613612,1787663413612,1787663413612,'verified',41.2,40.3,88.2,0.823,'risk',2.23,1.31,1,82.2,83.0,1788024514306);
INSERT INTO "twin_verifications" VALUES('cmtenmozu2immn3mk1bfo2ih4','VER-T-121-8','cmtenmo6d2i0tn3mkblp4qc4z','T-121',60,NULL,'Composite Risk Engine 2.4.0','TWIN-SITE-SS-RYD-01','','T-121@1787886253612',1787886253612,1787889853612,1787889853612,'verified',0.5,0.5,83.7,0.573,'tempC',3.25,-1.08,1,83.0,83.8,1788024514314);
INSERT INTO "twin_verifications" VALUES('cmtenmp042imrn3mkrgc5zwh1','VER-T-121-9','cmtenmo6d2i0tn3mkblp4qc4z','T-121',15,NULL,'Composite Risk Engine 2.4.0','TWIN-SITE-SS-RYD-01','','T-121@1787946733612',1787946733612,1787947633612,1787947633612,'verified',0.5,0.5,88.1,0.367,'tempC',1.39,0.73,1,83.8,84.6,1788024514324);
INSERT INTO "twin_verifications" VALUES('cmtenmp0c2imwn3mkuuye4axq','VER-T-174-0','cmtenmo6d2i0tn3mkblp4qc4z','T-174',15,NULL,'Composite Risk Engine 2.4.0','TWIN-SITE-SS-RYD-01','','T-174@1786814893612',1786814893612,1786815793612,1786815793612,'verified',2.5,2.0,88.5,0.607,'risk',25.0,9.0,0,84.6,83.0,1788024514333);
INSERT INTO "twin_verifications" VALUES('cmtenmp0m2in1n3mkehwhd0ro','VER-T-174-1','cmtenmo6d2i0tn3mkblp4qc4z','T-174',30,NULL,'Composite Risk Engine 2.4.0','TWIN-SITE-SS-RYD-01','','T-174@1786935853612',1786935853612,1786937653612,1786937653612,'verified',0.4,0.8,87.8,0.733,'risk',50.0,-17.6,0,83.0,80.9,1788024514342);
INSERT INTO "twin_verifications" VALUES('cmtenmp0w2in6n3mkecs92spi','VER-T-174-2','cmtenmo6d2i0tn3mkblp4qc4z','T-174',60,NULL,'Composite Risk Engine 2.4.0','TWIN-SITE-SS-RYD-01','','T-174@1787056813612',1787056813612,1787060413612,1787060413612,'verified',45.0,43.9,84.6,0.983,'risk',2.51,1.5,1,80.9,81.7,1788024514353);
INSERT INTO "twin_verifications" VALUES('cmtenmp162inbn3mk0m6d7h7u','VER-T-174-3','cmtenmo6d2i0tn3mkblp4qc4z','T-174',15,NULL,'Composite Risk Engine 2.4.0','TWIN-SITE-SS-RYD-01','','T-174@1787177773612',1787177773612,1787178673612,1787178673612,'verified',0.3,0.3,86.7,0.117,'tempC',0.46,0.25,1,81.7,82.5,1788024514363);
INSERT INTO "twin_verifications" VALUES('cmtenmp1g2ingn3mkjnbev974','VER-T-174-4','cmtenmo6d2i0tn3mkblp4qc4z','T-174',30,NULL,'Composite Risk Engine 2.4.0','TWIN-SITE-SS-RYD-01','','T-174@1787298733612',1787298733612,1787300533612,1787300533612,'verified',27.1,29.7,85.0,1.837,'risk',8.75,-4.06,1,82.5,82.9,1788024514373);
INSERT INTO "twin_verifications" VALUES('cmtenmp1o2inln3mkj9016wri','VER-T-174-5','cmtenmo6d2i0tn3mkblp4qc4z','T-174',60,NULL,'Composite Risk Engine 2.4.0','TWIN-SITE-SS-RYD-01','','T-174@1787419693612',1787419693612,1787423293612,1787423293612,'verified',0.2,0.2,83.9,1.47,'tempC',4.59,2.6,1,82.9,83.6,1788024514381);
INSERT INTO "twin_verifications" VALUES('cmtenmp1x2inqn3mky3z0ct6m','VER-T-174-6','cmtenmo6d2i0tn3mkblp4qc4z','T-174',15,NULL,'Composite Risk Engine 2.4.0','TWIN-SITE-SS-RYD-01','','T-174@1787540653612',1787540653612,1787541553612,1787541553612,'verified',0.4,0.6,89.5,0.36,'risk',33.33,-11.58,0,83.6,81.5,1788024514389);
INSERT INTO "twin_verifications" VALUES('cmtenmp262invn3mkaanrld70','VER-T-174-7','cmtenmo6d2i0tn3mkblp4qc4z','T-174',30,NULL,'Composite Risk Engine 2.4.0','TWIN-SITE-SS-RYD-01','','T-174@1787661613612',1787661613612,1787663413612,1787663413612,'verified',42.2,41.3,88.2,0.62,'risk',2.18,1.08,1,81.5,82.3,1788024514399);
INSERT INTO "twin_verifications" VALUES('cmtenmp2l2io0n3mk046n05hf','VER-T-174-8','cmtenmo6d2i0tn3mkblp4qc4z','T-174',60,NULL,'Composite Risk Engine 2.4.0','TWIN-SITE-SS-RYD-01','','T-174@1787886253612',1787886253612,1787889853612,1787889853612,'verified',0.3,0.9,80.2,1.5,'risk',66.67,-24.26,0,82.3,80.2,1788024514414);
INSERT INTO "twin_verifications" VALUES('cmtenmp2v2io5n3mkacdfpkry','VER-T-174-9','cmtenmo6d2i0tn3mkblp4qc4z','T-174',15,NULL,'Composite Risk Engine 2.4.0','TWIN-SITE-SS-RYD-01','','T-174@1787946733612',1787946733612,1787947633612,1787947633612,'verified',0.4,0.4,86.7,0.257,'tempC',0.98,0.55,1,80.2,81.0,1788024514423);
INSERT INTO "twin_verifications" VALUES('cmtenmp342ioan3mkjh91la4r','VER-T-163-0','cmtenmo6d2i0tn3mkblp4qc4z','T-163',15,NULL,'Composite Risk Engine 2.4.0','TWIN-SITE-SS-RYD-01','','T-163@1786814893612',1786814893612,1786815793612,1786815793612,'verified',1.2,1.1,86.8,0.46,'risk',9.09,3.7,1,81.0,81.5,1788024514432);
INSERT INTO "twin_verifications" VALUES('cmtenmp3d2iofn3mkdn9yfvad','VER-T-163-1','cmtenmo6d2i0tn3mkblp4qc4z','T-163',30,NULL,'Composite Risk Engine 2.4.0','TWIN-SITE-SS-RYD-01','','T-163@1786935853612',1786935853612,1786937653612,1786937653612,'verified',0.4,0.4,86.9,0.527,'tempC',1.66,-0.92,1,81.5,82.3,1788024514442);
INSERT INTO "twin_verifications" VALUES('cmtenmp3n2iokn3mk0f9cdmsx','VER-T-163-2','cmtenmo6d2i0tn3mkblp4qc4z','T-163',60,NULL,'Composite Risk Engine 2.4.0','TWIN-SITE-SS-RYD-01','','T-163@1787056813612',1787056813612,1787060413612,1787060413612,'verified',36.6,34.9,81.4,1.133,'risk',4.87,2.28,1,82.3,83.0,1788024514451);
INSERT INTO "twin_verifications" VALUES('cmtenmp3w2iopn3mkkbqmqnfr','VER-T-163-3','cmtenmo6d2i0tn3mkblp4qc4z','T-163',15,NULL,'Composite Risk Engine 2.4.0','TWIN-SITE-SS-RYD-01','','T-163@1787177773612',1787177773612,1787178673612,1787178673612,'verified',0.3,0.3,84.8,0.097,'tempC',0.47,0.26,1,83.0,83.8,1788024514460);
INSERT INTO "twin_verifications" VALUES('cmtenmp452ioun3mkh2vltvjp','VER-T-163-4','cmtenmo6d2i0tn3mkblp4qc4z','T-163',30,NULL,'Composite Risk Engine 2.4.0','TWIN-SITE-SS-RYD-01','','T-163@1787298733612',1787298733612,1787300533612,1787300533612,'verified',12.1,14.1,85.6,1.497,'risk',14.18,-5.84,0,83.8,83.8,1788024514470);
INSERT INTO "twin_verifications" VALUES('cmtenmp4f2iozn3mkzqgiqnds','VER-T-163-5','cmtenmo6d2i0tn3mkblp4qc4z','T-163',60,NULL,'Composite Risk Engine 2.4.0','TWIN-SITE-SS-RYD-01','','T-163@1787419693612',1787419693612,1787423293612,1787423293612,'verified',0.2,0.2,80.1,1.457,'tempC',4.56,2.59,1,83.8,84.5,1788024514479);
INSERT INTO "twin_verifications" VALUES('cmtenmp4n2ip4n3mkugktl9h6','VER-T-163-6','cmtenmo6d2i0tn3mkblp4qc4z','T-163',15,NULL,'Composite Risk Engine 2.4.0','TWIN-SITE-SS-RYD-01','','T-163@1787540653612',1787540653612,1787541553612,1787541553612,'verified',0.2,0.2,87.3,0.25,'tempC',0.84,-0.46,1,84.5,85.3,1788024514487);
INSERT INTO "twin_verifications" VALUES('cmtenmp4v2ip9n3mkcqmeohsn','VER-T-163-7','cmtenmo6d2i0tn3mkblp4qc4z','T-163',30,NULL,'Composite Risk Engine 2.4.0','TWIN-SITE-SS-RYD-01','','T-163@1787661613612',1787661613612,1787663413612,1787663413612,'verified',31.7,30.9,88.1,0.56,'risk',2.59,1.21,1,85.3,86.1,1788024514496);
INSERT INTO "twin_verifications" VALUES('cmtenmp542ipen3mkfqauoltk','VER-T-163-8','cmtenmo6d2i0tn3mkblp4qc4z','T-163',60,NULL,'Composite Risk Engine 2.4.0','TWIN-SITE-SS-RYD-01','','T-163@1787886253612',1787886253612,1787889853612,1787889853612,'verified',0.3,0.3,81.2,1.163,'tempC',3.78,-2.04,1,86.1,86.9,1788024514505);
INSERT INTO "twin_verifications" VALUES('cmtenmp5d2ipjn3mkxvnukfl8','VER-T-163-9','cmtenmo6d2i0tn3mkblp4qc4z','T-163',15,NULL,'Composite Risk Engine 2.4.0','TWIN-SITE-SS-RYD-01','','T-163@1787946733612',1787946733612,1787947633612,1787947633612,'verified',0.4,0.4,86.5,0.23,'tempC',0.98,0.54,1,86.9,87.7,1788024514514);
INSERT INTO "twin_verifications" VALUES('cmtenmp5m2ipon3mk6qbpc93a','VER-T-164-0','cmtenmo6d2i0tn3mkblp4qc4z','T-164',15,NULL,'Composite Risk Engine 2.4.0','TWIN-SITE-SS-RYD-01','','T-164@1786814893612',1786814893612,1786815793612,1786815793612,'verified',2.6,2.1,88.8,0.6,'risk',23.81,8.6,0,87.7,86.3,1788024514522);
INSERT INTO "twin_verifications" VALUES('cmtenmp5v2iptn3mkuuaqpnxp','VER-T-164-1','cmtenmo6d2i0tn3mkblp4qc4z','T-164',30,NULL,'Composite Risk Engine 2.4.0','TWIN-SITE-SS-RYD-01','','T-164@1786935853612',1786935853612,1786937653612,1786937653612,'verified',0.4,0.4,87.3,0.483,'tempC',1.66,-0.93,1,86.3,87.1,1788024514531);
INSERT INTO "twin_verifications" VALUES('cmtenmp632ipyn3mkmksmundp','VER-T-164-2','cmtenmo6d2i0tn3mkblp4qc4z','T-164',60,NULL,'Composite Risk Engine 2.4.0','TWIN-SITE-SS-RYD-01','','T-164@1787056813612',1787056813612,1787060413612,1787060413612,'verified',38.0,36.4,84.2,1.1,'risk',4.4,2.11,1,87.1,87.9,1788024514539);
INSERT INTO "twin_verifications" VALUES('cmtenmp6c2iq3n3mk2suhlfc4','VER-T-164-3','cmtenmo6d2i0tn3mkblp4qc4z','T-164',15,NULL,'Composite Risk Engine 2.4.0','TWIN-SITE-SS-RYD-01','','T-164@1787177773612',1787177773612,1787178673612,1787178673612,'verified',0.3,0.3,85.3,0.1,'tempC',0.48,0.26,1,87.9,88.7,1788024514548);
INSERT INTO "twin_verifications" VALUES('cmtenmp6m2iq8n3mkm9cnvwcb','VER-T-164-4','cmtenmo6d2i0tn3mkblp4qc4z','T-164',30,NULL,'Composite Risk Engine 2.4.0','TWIN-SITE-SS-RYD-01','','T-164@1787298733612',1787298733612,1787300533612,1787300533612,'verified',25.1,27.6,84.8,1.77,'risk',9.06,-4.15,1,88.7,89.1,1788024514558);
INSERT INTO "twin_verifications" VALUES('cmtenmp6v2iqdn3mkqhyng4bb','VER-T-164-5','cmtenmo6d2i0tn3mkblp4qc4z','T-164',60,NULL,'Composite Risk Engine 2.4.0','TWIN-SITE-SS-RYD-01','','T-164@1787419693612',1787419693612,1787423293612,1787423293612,'verified',0.2,0.2,79.6,1.417,'tempC',4.53,2.59,1,89.1,89.8,1788024514567);
INSERT INTO "twin_verifications" VALUES('cmtenmp752iqin3mknkt7t64b','VER-T-164-6','cmtenmo6d2i0tn3mkblp4qc4z','T-164',15,NULL,'Composite Risk Engine 2.4.0','TWIN-SITE-SS-RYD-01','','T-164@1787540653612',1787540653612,1787541553612,1787541553612,'verified',0.2,0.2,87.8,0.237,'tempC',0.85,-0.47,1,89.8,90.6,1788024514577);
INSERT INTO "twin_verifications" VALUES('cmtenmp7g2iqnn3mk724mcfof','VER-T-164-7','cmtenmo6d2i0tn3mkblp4qc4z','T-164',30,NULL,'Composite Risk Engine 2.4.0','TWIN-SITE-SS-RYD-01','','T-164@1787661613612',1787661613612,1787663413612,1787663413612,'verified',34.3,33.5,88.2,0.563,'risk',2.39,1.14,1,90.6,91.4,1788024514588);
INSERT INTO "twin_verifications" VALUES('cmtenmp7p2iqsn3mkfdpqnwbp','VER-T-164-8','cmtenmo6d2i0tn3mkblp4qc4z','T-164',60,NULL,'Composite Risk Engine 2.4.0','TWIN-SITE-SS-RYD-01','','T-164@1787886253612',1787886253612,1787889853612,1787889853612,'verified',0.3,0.3,83.9,1.087,'tempC',3.79,-2.04,1,91.4,92.2,1788024514597);
INSERT INTO "twin_verifications" VALUES('cmtenmp7y2iqxn3mk8rvoacn7','VER-T-164-9','cmtenmo6d2i0tn3mkblp4qc4z','T-164',15,NULL,'Composite Risk Engine 2.4.0','TWIN-SITE-SS-RYD-01','','T-164@1787946733612',1787946733612,1787947633612,1787947633612,'verified',0.4,0.4,86.6,0.243,'tempC',0.98,0.54,1,92.2,93.0,1788024514607);
INSERT INTO "twin_verifications" VALUES('cmtenmp8a2ir2n3mkdwsh3e88','VER-T-108-0','cmtenmo6d2i0tn3mkblp4qc4z','T-108',15,NULL,'Composite Risk Engine 2.4.0','TWIN-SITE-SS-RYD-01','','T-108@1786814893612',1786814893612,1786815793612,1786815793612,'verified',1.8,1.1,89.5,0.843,'risk',63.64,22.16,0,93.0,90.9,1788024514618);
INSERT INTO "twin_verifications" VALUES('cmtenmp8j2ir7n3mkcru5hhdo','VER-T-108-1','cmtenmo6d2i0tn3mkblp4qc4z','T-108',30,NULL,'Composite Risk Engine 2.4.0','TWIN-SITE-SS-RYD-01','','T-108@1786935853612',1786935853612,1786937653612,1786937653612,'verified',0.3,0.3,87.7,0.663,'tempC',2.46,-1.35,1,90.9,91.7,1788024514628);
INSERT INTO "twin_verifications" VALUES('cmtenmp8t2ircn3mkcgcy4nin','VER-T-108-2','cmtenmo6d2i0tn3mkblp4qc4z','T-108',60,NULL,'Composite Risk Engine 2.4.0','TWIN-SITE-SS-RYD-01','','T-108@1787056813612',1787056813612,1787060413612,1787060413612,'verified',24.9,22.1,79.3,2.003,'risk',12.67,5.56,1,91.7,91.8,1788024514637);
INSERT INTO "twin_verifications" VALUES('cmtenmp922irhn3mkx7tuzkdy','VER-T-108-3','cmtenmo6d2i0tn3mkblp4qc4z','T-108',15,NULL,'Composite Risk Engine 2.4.0','TWIN-SITE-SS-RYD-01','','T-108@1787177773612',1787177773612,1787178673612,1787178673612,'verified',0.4,0.4,85.6,0.07,'tempC',0.56,0.19,1,91.8,92.6,1788024514647);
INSERT INTO "twin_verifications" VALUES('cmtenmp9c2irmn3mkqitavkes','VER-T-108-4','cmtenmo6d2i0tn3mkblp4qc4z','T-108',30,NULL,'Composite Risk Engine 2.4.0','TWIN-SITE-SS-RYD-01','','T-108@1787298733612',1787298733612,1787300533612,1787300533612,'verified',3.9,6.3,87.0,1.917,'risk',38.1,-14.31,0,92.6,90.5,1788024514656);
INSERT INTO "twin_verifications" VALUES('cmtenmp9l2irrn3mk5oktngqt','VER-T-108-5','cmtenmo6d2i0tn3mkblp4qc4z','T-108',60,NULL,'Composite Risk Engine 2.4.0','TWIN-SITE-SS-RYD-01','','T-108@1787419693612',1787419693612,1787423293612,1787423293612,'verified',0.6,0.4,82.7,2.24,'risk',20.0,10.42,0,90.5,88.4,1788024514665);
INSERT INTO "twin_verifications" VALUES('cmtenmp9w2irwn3mkwdbf7sbo','VER-T-108-6','cmtenmo6d2i0tn3mkblp4qc4z','T-108',15,NULL,'Composite Risk Engine 2.4.0','TWIN-SITE-SS-RYD-01','','T-108@1787540653612',1787540653612,1787541553612,1787541553612,'verified',0.4,0.4,88.3,0.293,'tempC',1.2,-0.64,1,88.4,89.2,1788024514676);
INSERT INTO "twin_verifications" VALUES('cmtenmpa52is1n3mkwtot9cny','VER-T-108-7','cmtenmo6d2i0tn3mkblp4qc4z','T-108',30,NULL,'Composite Risk Engine 2.4.0','TWIN-SITE-SS-RYD-01','','T-108@1787661613612',1787661613612,1787663413612,1787663413612,'verified',28.3,27.1,82.9,0.857,'risk',4.43,2.03,1,89.2,90.0,1788024514685);
INSERT INTO "twin_verifications" VALUES('cmtenmpaf2is6n3mki60xxi1p','VER-T-108-8','cmtenmo6d2i0tn3mkblp4qc4z','T-108',60,NULL,'Composite Risk Engine 2.4.0','TWIN-SITE-SS-RYD-01','','T-108@1787886253612',1787886253612,1787889853612,1787889853612,'verified',0.5,0.5,83.5,0.573,'tempC',3.73,-1.24,1,90.0,90.8,1788024514695);
INSERT INTO "twin_verifications" VALUES('cmtenmpar2isbn3mkglqjribp','VER-T-108-9','cmtenmo6d2i0tn3mkblp4qc4z','T-108',15,NULL,'Composite Risk Engine 2.4.0','TWIN-SITE-SS-RYD-01','','T-108@1787946733612',1787946733612,1787947633612,1787947633612,'verified',0.5,0.5,86.7,0.323,'tempC',1.42,0.73,1,90.8,91.6,1788024514707);
INSERT INTO "twin_verifications" VALUES('cmtenmpb02isgn3mkwsjwz9pp','VER-T-106-PENDING','cmtenmo6d2i0tn3mkblp4qc4z','T-106',30,NULL,'Composite Risk Engine 2.4.0','TWIN-SITE-SS-RYD-01','','T-106@1788023893612',1788023893612,1788025693612,1788025693612,'verified',6.0,16.2,87.0,4.647,'risk',62.96,-19.13,0,91.6,89.5,1788024514716);
INSERT INTO "twin_verifications" VALUES('cmtenmpba2isln3mkconpiy39','VER-T-121-PENDING','cmtenmo6d2i0tn3mkblp4qc4z','T-121',30,NULL,'Composite Risk Engine 2.4.0','TWIN-SITE-SS-RYD-01','','T-121@1788023893612',1788023893612,1788025693612,1788025693612,'verified',4.3,15.6,87.0,5.02,'risk',72.44,-22.29,0,91.6,89.5,1788024514727);
INSERT INTO "twin_verifications" VALUES('cmteo9tep00dqn3u0q4bq9gel','VER-MTEO9TEP-T-108','cmtenmo6d2i0tn3mkblp4qc4z','T-108',30,NULL,'nabdh-risk','TWIN-SITE-SS-RYD-01','','T-108@1788025593113',1788025593113,1788027393113,1788027393113,'verified',11.8,11.8,92.0,0.0,'tempC',0.0,0.0,1,41.4,42.2,1788025593122);
INSERT INTO "twin_verifications" VALUES('cmteoleqj007on3x0tdwj8uxh','VER-MTEOLEQJ-T-108','cmtenmo6d2i0tn3mkblp4qc4z','T-108',30,NULL,'nabdh-risk','TWIN-SITE-SS-RYD-01','','T-108@1788026133970',1788026133970,1788027933970,1788027933970,'verified',11.8,11.9,91.9,0.033,'risk',0.84,-0.28,1,41.4,42.2,1788026133980);
INSERT INTO "twin_verifications" VALUES('cmtevjsqf007sn30w7tcnrbds','VER-MTEVJSQD-T-108','cmtenmo6d2i0tn3mkblp4qc4z','T-108',30,NULL,'nabdh-risk','TWIN-SITE-SS-RYD-01','','T-108@1788037816109',1788037816109,1788039616109,1788039616109,'verified',11.4,11.2,91.5,0.067,'risk',1.79,0.6,1,41.4,42.2,1788037816119);
INSERT INTO "twin_verifications" VALUES('cmtevl6ci00afn30wc67bxamk','VER-MTEVL6CH-T-108','cmtenmo6d2i0tn3mkblp4qc4z','T-108',30,NULL,'nabdh-risk','TWIN-SITE-SS-RYD-01','','T-108@1788037880410',1788037880410,1788039680410,1788039680410,'verified',11.4,11.2,91.5,0.067,'risk',1.79,0.6,1,41.4,42.2,1788037880418);
INSERT INTO "twin_verifications" VALUES('cmtewbz3k00gvn3mokf6hevt5','VER-MTEWBZ3J-T-108','cmtenmo6d2i0tn3mkblp4qc4z','T-108',30,NULL,'nabdh-risk','TWIN-SITE-SS-RYD-01','','T-108@1788039130725',1788039130725,1788040930725,NULL,'pending',11.2,NULL,91.4,NULL,NULL,NULL,NULL,NULL,41.4,NULL,1788039130736);
INSERT INTO "twin_verifications" VALUES('cmtews7l700aen3aw9bv1uq27','VER-MTEWS7L6-T-108','cmtenmo6d2i0tn3mkblp4qc4z','T-108',30,NULL,'nabdh-risk','TWIN-SITE-SS-RYD-01','','T-108@1788039888224',1788039888224,1788041688224,NULL,'pending',11.2,NULL,91.4,NULL,NULL,NULL,NULL,NULL,41.4,NULL,1788039888235);
INSERT INTO "twin_verifications" VALUES('cmtewx4uy00umn3aw6qqpkdo7','VER-MTEWX4UX-T-108','cmtenmo6d2i0tn3mkblp4qc4z','T-108',30,NULL,'nabdh-risk','TWIN-SITE-SS-RYD-01','','T-108@1788040117967',1788040117967,1788041917967,NULL,'pending',11.2,NULL,91.4,NULL,NULL,NULL,NULL,NULL,41.4,NULL,1788040117978);
